--
-- Host: localhost    Database: virtual_cases_latest
-- ------------------------------------------------------


--
-- Table structure for table `alopecia_alopecia`
--

CREATE TABLE `alopecia_alopecia` (
  `id` int(11) NOT NULL AUTO_INCREMENT,
  `Name` varchar(50) NOT NULL,
  `ScannedBy` varchar(50) NOT NULL,
  `ScannedDate` date NOT NULL,
  `InsertedBy` varchar(50) NOT NULL,
  `InsertedDate` date NOT NULL,
  `SlideType` int(11) NOT NULL,
  `UrlPath` varchar(100) NOT NULL,
  `LabelUrlPath` varchar(500) NOT NULL,
  `Group` int(11) NOT NULL,
  `GroupName` varchar(100) NOT NULL,
  `Annotations` tinyint(1) NOT NULL,
  PRIMARY KEY (`id`)
) ENGINE=InnoDB DEFAULT CHARSET=utf8 COLLATE=utf8_general_ci;

--
-- Dumping data for table `alopecia_alopecia`
--


--
-- Table structure for table `alopecia_annotation`
--

CREATE TABLE `alopecia_annotation` (
  `id` int(11) NOT NULL AUTO_INCREMENT,
  `Json` longtext NOT NULL,
  `AnnotationText` longtext NOT NULL,
  `Type` varchar(10) NOT NULL,
  `Slide_Id_id` int(11) NOT NULL,
  PRIMARY KEY (`id`),
  KEY `alopecia_annotation_Slide_Id_id_e4bcd800_fk_alopecia_alopecia_id` (`Slide_Id_id`),
  CONSTRAINT `alopecia_annotation_Slide_Id_id_e4bcd800_fk_alopecia_alopecia_id` FOREIGN KEY (`Slide_Id_id`) REFERENCES `alopecia_alopecia` (`id`)
) ENGINE=InnoDB DEFAULT CHARSET=utf8 COLLATE=utf8_general_ci;

--
-- Dumping data for table `alopecia_annotation`
--


--
-- Table structure for table `auth_group`
--

CREATE TABLE `auth_group` (
  `id` int(11) NOT NULL AUTO_INCREMENT,
  `name` varchar(150) NOT NULL,
  PRIMARY KEY (`id`),
  UNIQUE KEY `name` (`name`)
) ENGINE=InnoDB AUTO_INCREMENT=5 DEFAULT CHARSET=utf8mb4 COLLATE=utf8mb4_general_ci;

--
-- Dumping data for table `auth_group`
--

INSERT INTO `auth_group` VALUES (3,'Breast Pathology Course'),(2,'Case report'),(1,'DermpathPRO'),(4,'NW-Motic');

--
-- Table structure for table `auth_group_permissions`
--

CREATE TABLE `auth_group_permissions` (
  `id` int(11) NOT NULL AUTO_INCREMENT,
  `group_id` int(11) NOT NULL,
  `permission_id` int(11) NOT NULL,
  PRIMARY KEY (`id`),
  UNIQUE KEY `auth_group_permissions_group_id_permission_id_0cd325b0_uniq` (`group_id`,`permission_id`),
  KEY `auth_group_permissio_permission_id_84c5c92e_fk_auth_perm` (`permission_id`),
  CONSTRAINT `auth_group_permissio_permission_id_84c5c92e_fk_auth_perm` FOREIGN KEY (`permission_id`) REFERENCES `auth_permission` (`id`),
  CONSTRAINT `auth_group_permissions_group_id_b120cbf9_fk_auth_group_id` FOREIGN KEY (`group_id`) REFERENCES `auth_group` (`id`)
) ENGINE=InnoDB AUTO_INCREMENT=253 DEFAULT CHARSET=utf8mb4 COLLATE=utf8mb4_general_ci;

--
-- Dumping data for table `auth_group_permissions`
--

INSERT INTO `auth_group_permissions` VALUES (1,1,1),(2,1,2),(3,1,3),(4,1,4),(5,2,1),(6,2,2),(7,2,3),(8,2,4),(9,2,5),(10,2,6),(11,2,7),(12,2,8),(13,2,9),(14,2,10),(15,2,11),(16,2,12),(17,2,13),(18,2,14),(19,2,15),(20,2,16),(21,2,17),(22,2,18),(23,2,19),(24,2,20),(25,2,21),(26,2,22),(27,2,23),(28,2,24),(29,2,25),(30,2,26),(31,2,27),(32,2,28),(33,2,29),(34,2,30),(35,2,31),(36,2,32),(37,2,33),(38,2,34),(39,2,35),(40,2,36),(41,2,37),(42,2,38),(43,2,39),(44,2,40),(45,2,41),(46,2,42),(47,2,43),(48,2,44),(49,2,45),(50,2,46),(51,2,47),(52,2,48),(53,2,49),(54,2,50),(55,2,51),(56,2,52),(57,2,53),(58,2,54),(59,2,55),(60,2,56),(61,2,57),(62,2,58),(63,2,59),(64,2,60),(65,2,61),(66,2,62),(67,2,63),(68,2,64),(69,3,1),(70,3,2),(71,3,3),(72,3,4),(73,3,5),(74,3,6),(75,3,7),(76,3,8),(77,3,9),(78,3,10),(79,3,11),(80,3,12),(81,3,13),(82,3,14),(83,3,15),(84,3,16),(85,3,17),(86,3,18),(87,3,19),(88,3,20),(89,3,21),(90,3,22),(91,3,23),(92,3,24),(93,3,25),(94,3,26),(95,3,27),(96,3,28),(97,3,29),(98,3,30),(99,3,31),(100,3,32),(101,3,33),(102,3,34),(103,3,35),(104,3,36),(105,3,37),(106,3,38),(107,3,39),(108,3,40),(109,3,41),(110,3,42),(111,3,43),(112,3,44),(113,3,45),(114,3,46),(115,3,47),(116,3,48),(117,3,49),(118,3,50),(119,3,51),(120,3,52),(121,3,53),(122,3,54),(123,3,55),(124,3,56),(125,3,57),(126,3,58),(127,3,59),(128,3,60),(129,3,61),(130,3,62),(131,3,63),(132,3,64),(133,3,65),(134,3,66),(135,3,67),(136,3,68),(137,3,69),(138,3,70),(139,3,71),(140,3,72),(141,3,73),(142,3,74),(143,3,75),(144,3,76),(145,3,77),(146,3,78),(147,3,79),(148,3,80),(149,3,81),(150,3,82),(151,3,83),(152,3,84),(153,3,85),(154,3,86),(155,3,87),(156,3,88),(157,3,89),(158,3,90),(159,3,91),(160,3,92),(161,4,1),(162,4,2),(163,4,3),(164,4,4),(165,4,5),(166,4,6),(167,4,7),(168,4,8),(169,4,9),(170,4,10),(171,4,11),(172,4,12),(173,4,13),(174,4,14),(175,4,15),(176,4,16),(177,4,17),(178,4,18),(179,4,19),(180,4,20),(181,4,21),(182,4,22),(183,4,23),(184,4,24),(185,4,25),(186,4,26),(187,4,27),(188,4,28),(189,4,29),(190,4,30),(191,4,31),(192,4,32),(193,4,33),(194,4,34),(195,4,35),(196,4,36),(197,4,37),(198,4,38),(199,4,39),(200,4,40),(201,4,41),(202,4,42),(203,4,43),(204,4,44),(205,4,45),(206,4,46),(207,4,47),(208,4,48),(209,4,49),(210,4,50),(211,4,51),(212,4,52),(213,4,53),(214,4,54),(215,4,55),(216,4,56),(217,4,57),(218,4,58),(219,4,59),(220,4,60),(221,4,61),(222,4,62),(223,4,63),(224,4,64),(225,4,65),(226,4,66),(227,4,67),(228,4,68),(229,4,69),(230,4,70),(231,4,71),(232,4,72),(233,4,73),(234,4,74),(235,4,75),(236,4,76),(237,4,77),(238,4,78),(239,4,79),(240,4,80),(241,4,81),(242,4,82),(243,4,83),(244,4,84),(245,4,85),(246,4,86),(247,4,87),(248,4,88),(249,4,89),(250,4,90),(251,4,91),(252,4,92);

--
-- Table structure for table `auth_permission`
--

CREATE TABLE `auth_permission` (
  `id` int(11) NOT NULL AUTO_INCREMENT,
  `name` varchar(255) NOT NULL,
  `content_type_id` int(11) NOT NULL,
  `codename` varchar(100) NOT NULL,
  PRIMARY KEY (`id`),
  UNIQUE KEY `auth_permission_content_type_id_codename_01ab375a_uniq` (`content_type_id`,`codename`),
  CONSTRAINT `auth_permission_content_type_id_2f476e4b_fk_django_co` FOREIGN KEY (`content_type_id`) REFERENCES `django_content_type` (`id`)
) ENGINE=InnoDB AUTO_INCREMENT=93 DEFAULT CHARSET=utf8mb4 COLLATE=utf8mb4_general_ci;

--
-- Dumping data for table `auth_permission`
--

INSERT INTO `auth_permission` VALUES (1,'Can add log entry',1,'add_logentry'),(2,'Can change log entry',1,'change_logentry'),(3,'Can delete log entry',1,'delete_logentry'),(4,'Can view log entry',1,'view_logentry'),(5,'Can add permission',2,'add_permission'),(6,'Can change permission',2,'change_permission'),(7,'Can delete permission',2,'delete_permission'),(8,'Can view permission',2,'view_permission'),(9,'Can add group',3,'add_group'),(10,'Can change group',3,'change_group'),(11,'Can delete group',3,'delete_group'),(12,'Can view group',3,'view_group'),(13,'Can add user',4,'add_user'),(14,'Can change user',4,'change_user'),(15,'Can delete user',4,'delete_user'),(16,'Can view user',4,'view_user'),(17,'Can add content type',5,'add_contenttype'),(18,'Can change content type',5,'change_contenttype'),(19,'Can delete content type',5,'delete_contenttype'),(20,'Can view content type',5,'view_contenttype'),(21,'Can add session',6,'add_session'),(22,'Can change session',6,'change_session'),(23,'Can delete session',6,'delete_session'),(24,'Can view session',6,'view_session'),(25,'Can add test app',7,'add_testapp'),(26,'Can change test app',7,'change_testapp'),(27,'Can delete test app',7,'delete_testapp'),(28,'Can view test app',7,'view_testapp'),(29,'Can add test1',8,'add_test1'),(30,'Can change test1',8,'change_test1'),(31,'Can delete test1',8,'delete_test1'),(32,'Can view test1',8,'view_test1'),(33,'Can add liverpooldermpathcourse2020',9,'add_liverpooldermpathcourse2020'),(34,'Can change liverpooldermpathcourse2020',9,'change_liverpooldermpathcourse2020'),(35,'Can delete liverpooldermpathcourse2020',9,'delete_liverpooldermpathcourse2020'),(36,'Can view liverpooldermpathcourse2020',9,'view_liverpooldermpathcourse2020'),(37,'Can add annotation',10,'add_annotation'),(38,'Can change annotation',10,'change_annotation'),(39,'Can delete annotation',10,'delete_annotation'),(40,'Can view annotation',10,'view_annotation'),(41,'Can add annotation',11,'add_annotation'),(42,'Can change annotation',11,'change_annotation'),(43,'Can delete annotation',11,'delete_annotation'),(44,'Can view annotation',11,'view_annotation'),(45,'Can add virtualacp',12,'add_virtualacp'),(46,'Can change virtualacp',12,'change_virtualacp'),(47,'Can delete virtualacp',12,'delete_virtualacp'),(48,'Can view virtualacp',12,'view_virtualacp'),(49,'Can add annotation',13,'add_annotation'),(50,'Can change annotation',13,'change_annotation'),(51,'Can delete annotation',13,'delete_annotation'),(52,'Can view annotation',13,'view_annotation'),(53,'Can add jclinpathtest',14,'add_jclinpathtest'),(54,'Can change jclinpathtest',14,'change_jclinpathtest'),(55,'Can delete jclinpathtest',14,'delete_jclinpathtest'),(56,'Can view jclinpathtest',14,'view_jclinpathtest'),(57,'Can add annotation',15,'add_annotation'),(58,'Can change annotation',15,'change_annotation'),(59,'Can delete annotation',15,'delete_annotation'),(60,'Can view annotation',15,'view_annotation'),(61,'Can add patient',16,'add_patient'),(62,'Can change patient',16,'change_patient'),(63,'Can delete patient',16,'delete_patient'),(64,'Can view patient',16,'view_patient'),(65,'Can add annotation',17,'add_annotation'),(66,'Can change annotation',17,'change_annotation'),(67,'Can delete annotation',17,'delete_annotation'),(68,'Can view annotation',17,'view_annotation'),(69,'Can add frcpathp2surgicalcourse',18,'add_frcpathp2surgicalcourse'),(70,'Can change frcpathp2surgicalcourse',18,'change_frcpathp2surgicalcourse'),(71,'Can delete frcpathp2surgicalcourse',18,'delete_frcpathp2surgicalcourse'),(72,'Can view frcpathp2surgicalcourse',18,'view_frcpathp2surgicalcourse'),(73,'Can add annotation',19,'add_annotation'),(74,'Can change annotation',19,'change_annotation'),(75,'Can delete annotation',19,'delete_annotation'),(76,'Can view annotation',19,'view_annotation'),(77,'Can add alopecia',20,'add_alopecia'),(78,'Can change alopecia',20,'change_alopecia'),(79,'Can delete alopecia',20,'delete_alopecia'),(80,'Can view alopecia',20,'view_alopecia'),(81,'Can add annotation',21,'add_annotation'),(82,'Can change annotation',21,'change_annotation'),(83,'Can delete annotation',21,'delete_annotation'),(84,'Can view annotation',21,'view_annotation'),(85,'Can add spotdiagnosis',22,'add_spotdiagnosis'),(86,'Can change spotdiagnosis',22,'change_spotdiagnosis'),(87,'Can delete spotdiagnosis',22,'delete_spotdiagnosis'),(88,'Can view spotdiagnosis',22,'view_spotdiagnosis'),(89,'Can add activity',23,'add_activity'),(90,'Can change activity',23,'change_activity'),(91,'Can delete activity',23,'delete_activity'),(92,'Can view activity',23,'view_activity');

--
-- Table structure for table `auth_user_groups`
--

CREATE TABLE `auth_user_groups` (
  `id` int(11) NOT NULL AUTO_INCREMENT,
  `user_id` int(11) NOT NULL,
  `group_id` int(11) NOT NULL,
  PRIMARY KEY (`id`),
  UNIQUE KEY `auth_user_groups_user_id_group_id_94350c0c_uniq` (`user_id`,`group_id`),
  KEY `auth_user_groups_group_id_97559544_fk_auth_group_id` (`group_id`),
  CONSTRAINT `auth_user_groups_group_id_97559544_fk_auth_group_id` FOREIGN KEY (`group_id`) REFERENCES `auth_group` (`id`),
  CONSTRAINT `auth_user_groups_user_id_6a12ed8b_fk_auth_user_id` FOREIGN KEY (`user_id`) REFERENCES `auth_user` (`id`)
) ENGINE=InnoDB DEFAULT CHARSET=utf8mb4 COLLATE=utf8mb4_general_ci;

--
-- Dumping data for table `auth_user_groups`
--


--
-- Table structure for table `auth_user_user_permissions`
--

CREATE TABLE `auth_user_user_permissions` (
  `id` int(11) NOT NULL AUTO_INCREMENT,
  `user_id` int(11) NOT NULL,
  `permission_id` int(11) NOT NULL,
  PRIMARY KEY (`id`),
  UNIQUE KEY `auth_user_user_permissions_user_id_permission_id_14a6b632_uniq` (`user_id`,`permission_id`),
  KEY `auth_user_user_permi_permission_id_1fbb5f2c_fk_auth_perm` (`permission_id`),
  CONSTRAINT `auth_user_user_permi_permission_id_1fbb5f2c_fk_auth_perm` FOREIGN KEY (`permission_id`) REFERENCES `auth_permission` (`id`),
  CONSTRAINT `auth_user_user_permissions_user_id_a95ead1b_fk_auth_user_id` FOREIGN KEY (`user_id`) REFERENCES `auth_user` (`id`)
) ENGINE=InnoDB DEFAULT CHARSET=utf8mb4 COLLATE=utf8mb4_general_ci;

--
-- Dumping data for table `auth_user_user_permissions`
--


--
-- Table structure for table `django_admin_log`
--

CREATE TABLE `django_admin_log` (
  `id` int(11) NOT NULL AUTO_INCREMENT,
  `action_time` datetime(6) NOT NULL,
  `object_id` longtext DEFAULT NULL,
  `object_repr` varchar(200) NOT NULL,
  `action_flag` smallint(5) unsigned NOT NULL,
  `change_message` longtext NOT NULL,
  `content_type_id` int(11) DEFAULT NULL,
  `user_id` int(11) NOT NULL,
  PRIMARY KEY (`id`),
  KEY `django_admin_log_content_type_id_c4bce8eb_fk_django_co` (`content_type_id`),
  KEY `django_admin_log_user_id_c564eba6_fk_auth_user_id` (`user_id`),
  CONSTRAINT `django_admin_log_content_type_id_c4bce8eb_fk_django_co` FOREIGN KEY (`content_type_id`) REFERENCES `django_content_type` (`id`),
  CONSTRAINT `django_admin_log_user_id_c564eba6_fk_auth_user_id` FOREIGN KEY (`user_id`) REFERENCES `auth_user` (`id`)
) ENGINE=InnoDB AUTO_INCREMENT=1999 DEFAULT CHARSET=utf8mb4 COLLATE=utf8mb4_general_ci;

--
-- Dumping data for table `django_admin_log`
--

INSERT INTO `django_admin_log` VALUES (1,'2020-04-15 12:52:34.263141','1','Slide_1',1,'[{\"added\": {}}]',9,1),(2,'2020-04-15 14:17:03.166738','1','VirtualACP',1,'[{\"added\": {}}]',7,1),(3,'2020-04-15 14:35:04.377504','1','H&E',1,'[{\"added\": {}}]',12,1),(4,'2020-04-15 14:40:04.883832','2','JclinpathTest',1,'[{\"added\": {}}]',7,1),(5,'2020-04-15 14:43:05.483049','2','JclinpathTest',2,'[]',7,1),(6,'2020-04-15 14:43:29.084118','1','PAS Stain',1,'[{\"added\": {}}]',14,1),(7,'2020-05-02 14:28:59.004635','1','PAS Stain',2,'[]',14,2),(8,'2020-05-16 16:42:43.386185','14','patient',1,'[{\"added\": {}}]',7,2),(9,'2020-05-16 16:44:26.083787','14','patient',2,'[]',7,2),(10,'2020-05-16 16:44:30.584894','14','patient',2,'[]',7,2),(11,'2020-05-17 20:54:12.670138','5','jclinpath-2019-206379.R1',1,'[{\"added\": {}}]',14,2),(12,'2020-05-18 19:10:00.478124','6','jclinpath-2020-206537',1,'[{\"added\": {}}]',14,2),(13,'2020-05-20 11:03:41.676356','7','jclinpath-2019-206271.R2',1,'[{\"added\": {}}]',14,2),(14,'2020-05-20 11:14:48.090567','8','jclinpath-2019-206271.R2_1',1,'[{\"added\": {}}]',14,2),(15,'2020-06-01 19:26:27.340177','9','jclinpath-2020-206586',1,'[{\"added\": {}}]',14,2),(16,'2020-06-03 13:19:08.767012','1','DermpathPRO',1,'[{\"added\": {}}]',3,2),(17,'2020-06-03 13:19:12.806359','1','DermpathPRO',2,'[]',3,2),(18,'2020-06-03 23:26:34.786773','10','jclinpath-2020-206475.R2.ndpi',1,'[{\"added\": {}}]',14,2),(19,'2020-06-08 15:56:32.504191','1','DermpathPRO',2,'[]',3,3),(20,'2020-06-10 11:41:53.648934','2','Case report',1,'[{\"added\": {}}]',3,2),(21,'2020-06-10 12:16:20.294584','2','Case Report 1_HE',1,'[{\"added\": {}}]',12,2),(22,'2020-06-10 12:19:50.013315','3','Case Report 1_Ki67',1,'[{\"added\": {}}]',12,2),(23,'2020-06-10 12:20:45.352603','4','Case Report 1_MNF116',1,'[{\"added\": {}}]',12,2),(24,'2020-06-10 12:21:36.575924','5','Case Report 1_PSA',1,'[{\"added\": {}}]',12,2),(25,'2020-06-19 15:16:06.156761','1','Nanozoomer',1,'[{\"added\": {}}]',8,2),(26,'2020-06-20 15:50:39.048551','6','Dermpathpro',1,'[{\"added\": {}}]',16,2),(27,'2020-06-23 18:12:55.179161','1','PAS Stain',1,'[{\"added\": {}}]',16,2),(28,'2020-06-23 18:33:51.204118','2','Slide_1',1,'[{\"added\": {}}]',16,2),(29,'2020-06-23 21:44:27.302509','3','Case Report 1_HE',1,'[{\"added\": {}}]',16,2),(30,'2020-06-23 21:45:01.550092','4','Case Report 1_Ki67',1,'[{\"added\": {}}]',16,2),(31,'2020-06-23 21:45:48.485545','5','Case Report 1_MNF116',1,'[{\"added\": {}}]',16,2),(32,'2020-06-23 21:46:18.680911','6','Case Report 1_PSA',1,'[{\"added\": {}}]',16,2),(33,'2020-06-23 22:16:04.630346','7','Nanozoomer',1,'[{\"added\": {}}]',16,2),(34,'2020-07-03 15:49:01.353101','8','030720',1,'[{\"added\": {}}]',16,2),(35,'2020-07-23 06:44:30.138998','11','jclinpath-2020-206785',1,'[{\"added\": {}}]',14,2),(36,'2020-08-02 23:24:35.813565','9','QR_1',1,'[{\"added\": {}}]',16,2),(37,'2020-08-03 14:37:30.288842','6','QR_1_PAS',1,'[{\"added\": {}}]',12,2),(38,'2020-08-23 01:42:33.170523','15','0020H007995 A 582805 874260 - 2020-08-19 14.10.17',1,'[{\"added\": {}}]',16,2),(39,'2020-08-23 01:57:15.759323','16','2020-08-19 13.31.58',1,'[{\"added\": {}}]',16,2),(40,'2020-08-23 02:13:18.332095','17','2020-08-19 13.35.24',1,'[{\"added\": {}}]',16,2),(41,'2020-08-23 02:28:18.412199','18','2020-08-19 13.47.16',1,'[{\"added\": {}}]',16,2),(42,'2020-08-23 15:11:15.664929','19','2020-08-19 13.55.06',1,'[{\"added\": {}}]',16,2),(43,'2020-08-23 16:46:15.519965','20','2020-08-19 13.59.20',1,'[{\"added\": {}}]',16,2),(44,'2020-08-28 11:54:27.655257','20','PH0010_ABDPAS',2,'[{\"changed\": {\"fields\": [\"Name\"]}}]',16,2),(45,'2020-08-31 08:03:02.593971','21','2020-08-19 13.59.20',1,'[{\"added\": {}}]',16,2),(46,'2020-08-31 12:39:41.850558','15','PH0002',2,'[{\"changed\": {\"fields\": [\"Name\"]}}]',16,2),(47,'2020-08-31 12:41:55.243367','16','PH0005',2,'[{\"changed\": {\"fields\": [\"Name\"]}}]',16,2),(48,'2020-08-31 12:42:35.600347','17','PH0005',2,'[{\"changed\": {\"fields\": [\"Name\"]}}]',16,2),(49,'2020-08-31 12:43:16.021600','16','PH0005-2',2,'[{\"changed\": {\"fields\": [\"Name\"]}}]',16,2),(50,'2020-08-31 12:43:37.577271','17','PH0005-3',2,'[{\"changed\": {\"fields\": [\"Name\"]}}]',16,2),(51,'2020-08-31 12:45:31.684626','18','PH0006',2,'[{\"changed\": {\"fields\": [\"Name\"]}}]',16,2),(52,'2020-08-31 12:46:21.281323','19','PH0010-2',2,'[{\"changed\": {\"fields\": [\"Name\"]}}]',16,2),(53,'2020-08-31 12:47:03.857998','20','PH0010-4',2,'[{\"changed\": {\"fields\": [\"Name\"]}}]',16,2),(54,'2020-08-31 12:55:16.141034','18','PH0006-11',2,'[{\"changed\": {\"fields\": [\"Name\"]}}]',16,2),(55,'2020-08-31 14:05:54.657403','22','2020-08-19 14.23.33.ndpi',1,'[{\"added\": {}}]',16,2),(56,'2020-08-31 20:53:50.977812','23','454636 - 2020-08-19 13.57.02',1,'[{\"added\": {}}]',16,2),(57,'2020-09-01 07:43:23.173792','24','454681 - 2020-08-19 13.36.53.ndpi',1,'[{\"added\": {}}]',16,2),(58,'2020-09-01 10:18:18.281665','25','454698 - 2020-08-19 14.03.52',1,'[{\"added\": {}}]',16,2),(59,'2020-09-02 06:58:43.428803','26','454711 - 2020-08-19 14.01.10',1,'[{\"added\": {}}]',16,2),(60,'2020-09-02 08:01:34.649079','27','468305 - 2020-08-19 14.15.30',1,'[{\"added\": {}}]',16,2),(61,'2020-09-02 16:38:50.622894','28','468312 - 2020-08-19 14.17.38',1,'[{\"added\": {}}]',16,2),(62,'2020-09-02 22:26:33.810833','29','468350 - 2020-08-19 14.13.40',1,'[{\"added\": {}}]',16,2),(63,'2020-09-03 11:02:03.308922','30','477819 - 2020-08-19 13.30.16',1,'[{\"added\": {}}]',16,2),(64,'2020-09-03 11:57:35.100847','31','477826 - 2020-08-19 13.26.22',1,'[{\"added\": {}}]',16,2),(65,'2020-09-03 15:21:05.479854','23','PH0010-3',2,'[{\"changed\": {\"fields\": [\"Name\"]}}]',16,2),(66,'2020-09-03 15:22:20.166685','22','PH0001-3',2,'[{\"changed\": {\"fields\": [\"Name\"]}}]',16,2),(67,'2020-09-03 15:23:14.792415','24','PH0010-1',2,'[{\"changed\": {\"fields\": [\"Name\"]}}]',16,2),(68,'2020-09-03 15:24:02.662422','25','PH0010-6',2,'[{\"changed\": {\"fields\": [\"Name\"]}}]',16,2),(69,'2020-09-03 15:24:31.672115','26','PH0010-5',2,'[{\"changed\": {\"fields\": [\"Name\"]}}]',16,2),(70,'2020-09-03 15:25:34.043709','27','PH0005-4',2,'[{\"changed\": {\"fields\": [\"Name\"]}}]',16,2),(71,'2020-09-03 15:26:07.829848','28','PH0005-5',2,'[{\"changed\": {\"fields\": [\"Name\"]}}]',16,2),(72,'2020-09-03 15:26:53.213591','29','PH0005-8',2,'[{\"changed\": {\"fields\": [\"Name\"]}}]',16,2),(73,'2020-09-03 15:28:04.600717','30','PH0006-7',2,'[{\"changed\": {\"fields\": [\"Name\"]}}]',16,2),(74,'2020-09-03 15:29:00.974380','31','PH0006-8',2,'[{\"changed\": {\"fields\": [\"Name\"]}}]',16,2),(75,'2020-09-03 22:32:20.922766','32','477833 - 2020-08-19 13.39.15',1,'[{\"added\": {}}]',16,2),(76,'2020-09-03 23:58:29.431193','33','HI017661 18-1-P-C-2 - 2020-08-19 14.29.07.ndpi',1,'[{\"added\": {}}]',16,2),(77,'2020-09-04 09:57:40.724026','34','Leica_1',1,'[{\"added\": {}}]',16,2),(78,'2020-09-04 11:33:23.489258','32','PH0006-2',2,'[{\"changed\": {\"fields\": [\"Name\"]}}]',16,2),(79,'2020-09-04 11:36:23.413851','33','PH0001-4',2,'[{\"changed\": {\"fields\": [\"Name\"]}}]',16,2),(80,'2020-09-04 11:37:22.357801','15','PH0002-3',2,'[{\"changed\": {\"fields\": [\"Name\"]}}]',16,2),(81,'2020-09-04 11:38:29.759990','34','PH0007-1',2,'[{\"changed\": {\"fields\": [\"Name\"]}}]',16,2),(82,'2020-09-04 11:50:07.317681','35','HI1921734-B-1-6',1,'[{\"added\": {}}]',16,2),(83,'2020-09-04 11:56:45.972288','36','HI2003867-D-1-5',1,'[{\"added\": {}}]',16,2),(84,'2020-09-04 12:02:31.478430','37','HI017661 18-1-P-B-3 - 2020-08-19 14.29.07.ndpi',1,'[{\"added\": {}}]',16,2),(85,'2020-09-04 12:06:05.381383','38','HI017661 18-1-P-B-2 - 2020-08-19 14.29.07.ndpi',1,'[{\"added\": {}}]',16,2),(86,'2020-09-04 15:23:39.292661','39','HI2012918-C-1-5',1,'[{\"added\": {}}]',16,2),(87,'2020-09-04 15:26:13.248644','40','HI2013000-E-1-2',1,'[{\"added\": {}}]',16,2),(88,'2020-09-04 15:32:38.603287','41','HI2013101-B-1-9',1,'[{\"added\": {}}]',16,2),(89,'2020-09-05 09:37:09.676923','40','PH0015',2,'[{\"changed\": {\"fields\": [\"Name\"]}}]',16,2),(90,'2020-09-05 09:38:11.716972','39','PH0011',2,'[{\"changed\": {\"fields\": [\"Name\"]}}]',16,2),(91,'2020-09-05 09:38:51.404401','38','PH0001-2',2,'[{\"changed\": {\"fields\": [\"Name\"]}}]',16,2),(92,'2020-09-05 09:40:40.376160','38','PH0001-1',2,'[{\"changed\": {\"fields\": [\"Name\"]}}]',16,2),(93,'2020-09-05 09:41:00.581062','37','PH0001-2',2,'[{\"changed\": {\"fields\": [\"Name\"]}}]',16,2),(94,'2020-09-05 09:41:49.276239','36','PH0013',2,'[{\"changed\": {\"fields\": [\"Name\"]}}]',16,2),(95,'2020-09-05 09:42:31.498517','35','PH0012',2,'[{\"changed\": {\"fields\": [\"Name\"]}}]',16,2),(96,'2020-09-06 22:05:08.672979','42','Leica_2',1,'[{\"added\": {}}]',16,2),(97,'2020-09-06 22:40:36.945450','43','477840 - 2020-08-19 13.28.22',1,'[{\"added\": {}}]',16,2),(98,'2020-09-07 12:08:01.994457','44','477857 - 2020-08-19 13.42.23',1,'[{\"added\": {}}]',16,2),(99,'2020-09-07 13:44:32.367516','45','477864 - 2020-08-19 13.50.27',1,'[{\"added\": {}}]',16,2),(100,'2020-09-07 15:22:35.749311','46','477871 - 2020-08-19 13.51.57',1,'[{\"added\": {}}]',16,2),(101,'2020-09-07 15:52:48.886214','43','PH0006-6',2,'[{\"changed\": {\"fields\": [\"Name\"]}}]',16,2),(102,'2020-09-07 15:53:34.022330','42','PH0007-2',2,'[{\"changed\": {\"fields\": [\"Name\"]}}]',16,2),(103,'2020-09-07 15:54:24.567101','46','PH0006-13',2,'[{\"changed\": {\"fields\": [\"Name\"]}}]',16,2),(104,'2020-09-07 15:54:54.744959','45','PH0006-12',2,'[{\"changed\": {\"fields\": [\"Name\"]}}]',16,2),(105,'2020-09-07 15:55:37.695428','44','PH0006-1',2,'[{\"changed\": {\"fields\": [\"Name\"]}}]',16,2),(106,'2020-09-07 19:28:25.746222','47','477888 - 2020-08-19 13.24.13',1,'[{\"added\": {}}]',16,2),(107,'2020-09-08 13:23:39.803935','48','477895 - 2020-08-19 13.40.52',1,'[{\"added\": {}}]',16,2),(108,'2020-09-08 15:07:28.053677','49','477901 - 2020-08-19 13.53.22',1,'[{\"added\": {}}]',16,2),(109,'2020-09-08 17:49:30.488315','50','477918 - 2020-08-19 13.48.23',1,'[{\"added\": {}}]',16,2),(110,'2020-09-08 23:38:15.407628','51','477925 - 2020-08-19 13.43.59',1,'[{\"added\": {}}]',16,2),(111,'2020-09-09 16:18:51.260492','52','477932 - 2020-08-19 13.45.46',1,'[{\"added\": {}}]',16,2),(112,'2020-09-09 18:39:07.255713','53','477949 - 2020-08-19 19.31.44',1,'[{\"added\": {}}]',16,2),(113,'2020-09-09 22:17:39.431330','54','558440 - 2020-08-19 14.07.06',1,'[{\"added\": {}}]',16,2),(114,'2020-09-09 22:29:52.094395','55','558570 - 2020-08-19 14.12.32',1,'[{\"added\": {}}]',16,2),(115,'2020-09-12 14:42:34.964881','47','PH0006-9',2,'[{\"changed\": {\"fields\": [\"Name\"]}}]',16,2),(116,'2020-09-12 14:43:43.793093','51','PH0006-5',2,'[{\"changed\": {\"fields\": [\"Name\"]}}]',16,2),(117,'2020-09-12 14:44:26.452876','50','PH0006-14',2,'[{\"changed\": {\"fields\": [\"Name\"]}}]',16,2),(118,'2020-09-12 14:44:59.727372','49','PH0006-15',2,'[{\"changed\": {\"fields\": [\"Name\"]}}]',16,2),(119,'2020-09-12 14:45:31.055851','48','PH0006-3',2,'[{\"changed\": {\"fields\": [\"Name\"]}}]',16,2),(120,'2020-09-12 14:47:00.034007','55','PH0002-1',2,'[{\"changed\": {\"fields\": [\"Name\"]}}]',16,2),(121,'2020-09-12 14:48:29.147156','55','PH0002-2',2,'[{\"changed\": {\"fields\": [\"Name\"]}}]',16,2),(122,'2020-09-12 14:48:47.126542','54','PH0002-1',2,'[{\"changed\": {\"fields\": [\"Name\"]}}]',16,2),(123,'2020-09-12 14:49:25.466977','53','PH0006-10',2,'[{\"changed\": {\"fields\": [\"Name\"]}}]',16,2),(124,'2020-09-12 14:50:04.726329','52','PH0006-4',2,'[{\"changed\": {\"fields\": [\"Name\"]}}]',16,2),(125,'2020-09-13 20:37:43.273458','56','H12,99999,A1,PH0019,HE_HE_20200901_093237',1,'[{\"added\": {}}]',16,2),(126,'2020-09-13 21:30:27.249821','57','H19,9988,A1,PH0018,AE1_AE3_AE1_AE3_20200901_093834',1,'[{\"added\": {}}]',16,2),(127,'2020-09-13 21:31:16.225940','58','H19,9988,A1,PH0018,HE_HE_20200901_093454',1,'[{\"added\": {}}]',16,2),(128,'2020-09-13 21:48:42.040626','59','H12,99999,A1,PH0019,HE_HE_20200901_093237',1,'[{\"added\": {}}]',16,2),(129,'2020-09-13 21:58:54.202077','60','H12,99999,A1,PH0019,HE_HE_20200901_093237',1,'[{\"added\": {}}]',16,2),(130,'2020-09-13 22:07:49.031448','61','H19,9988,A1,PH0018,AE1_AE3_AE1_AE3_20200901_093834',1,'[{\"added\": {}}]',16,2),(131,'2020-09-13 22:18:20.604706','62','H20,99933,A1,PH0008,CD20_CD20_20200901_094853',1,'[{\"added\": {}}]',16,2),(132,'2020-09-13 22:25:58.640886','63','H20,99933,A1,PH0008,CD20_CD20_20200901_094853',1,'[{\"added\": {}}]',16,2),(133,'2020-09-13 22:26:15.562496','64','H19,9988,A1,PH0018,HE_HE_20200901_093454',1,'[{\"added\": {}}]',16,2),(134,'2020-09-14 15:39:45.930120','53','PH0006-10',2,'[{\"changed\": {\"fields\": [\"InsertedBy\"]}}]',16,2),(135,'2020-09-14 15:41:11.074458','62','PH0008-3',2,'[{\"changed\": {\"fields\": [\"Name\"]}}]',16,2),(136,'2020-09-14 15:41:53.795248','60','PH0019',2,'[{\"changed\": {\"fields\": [\"Name\"]}}]',16,2),(137,'2020-09-14 15:42:38.812074','58','PH0018-1',2,'[{\"changed\": {\"fields\": [\"Name\"]}}]',16,2),(138,'2020-09-14 15:43:17.546012','57','PH0018-2',2,'[{\"changed\": {\"fields\": [\"Name\"]}}]',16,2),(139,'2020-09-14 22:07:32.339222','7','PH0008,CD5_CD5 Phillips',1,'[{\"added\": {}}]',12,2),(140,'2020-09-15 09:55:33.655800','65','A1,PH0008,GIEMHP',1,'[{\"added\": {}}]',16,2),(141,'2020-09-15 09:58:53.185431','66','PH0008,CD5_CD5',1,'[{\"added\": {}}]',16,2),(142,'2020-09-15 10:07:01.373536','67','A1,PH0008,Ki67',1,'[{\"added\": {}}]',16,2),(143,'2020-09-15 10:07:17.208424','68','PH0008,CD20_CD20',1,'[{\"added\": {}}]',16,2),(144,'2020-09-15 10:07:24.393173','69','A1,PH0008,MUM1_MUM1',1,'[{\"added\": {}}]',16,2),(145,'2020-09-15 10:07:27.399429','70','A1,PH0008,L1-3',1,'[{\"added\": {}}]',16,2),(146,'2020-09-15 10:22:40.491916','70','PH0008-6',2,'[{\"changed\": {\"fields\": [\"Name\"]}}]',16,2),(147,'2020-09-15 10:23:28.156682','69','PH0008-1',2,'[{\"changed\": {\"fields\": [\"Name\"]}}]',16,2),(148,'2020-09-15 10:24:50.963459','68','PH0008-3',2,'[{\"changed\": {\"fields\": [\"Name\"]}}]',16,2),(149,'2020-09-15 10:25:33.313652','67','PH0008-2',2,'[{\"changed\": {\"fields\": [\"Name\"]}}]',16,2),(150,'2020-09-15 10:26:13.405846','66','PH0008-4',2,'[{\"changed\": {\"fields\": [\"Name\"]}}]',16,2),(151,'2020-09-15 10:26:52.484209','65','PH0008-5',2,'[{\"changed\": {\"fields\": [\"Name\"]}}]',16,2),(152,'2020-09-16 09:49:18.701364','71','HI2013101-B-1-9',1,'[{\"added\": {}}]',16,2),(153,'2020-09-16 17:16:27.650579','15','PH0002-3',2,'[{\"changed\": {\"fields\": [\"Group\"]}}]',16,2),(154,'2020-09-16 17:19:42.199786','16','PH0005-2',2,'[{\"changed\": {\"fields\": [\"Group\"]}}]',16,2),(155,'2020-09-16 17:19:53.064088','17','PH0005-3',2,'[{\"changed\": {\"fields\": [\"Group\"]}}]',16,2),(156,'2020-09-16 17:21:02.675057','18','PH0006-11',2,'[{\"changed\": {\"fields\": [\"Group\"]}}]',16,2),(157,'2020-09-16 17:21:40.455984','19','PH0010-2',2,'[{\"changed\": {\"fields\": [\"Group\"]}}]',16,2),(158,'2020-09-16 17:22:32.582238','20','PH0010-4',2,'[{\"changed\": {\"fields\": [\"Group\"]}}]',16,2),(159,'2020-09-16 17:23:10.052396','22','PH0001-3',2,'[{\"changed\": {\"fields\": [\"Group\"]}}]',16,2),(160,'2020-09-16 17:23:21.205507','23','PH0010-3',2,'[{\"changed\": {\"fields\": [\"Group\"]}}]',16,2),(161,'2020-09-16 17:23:34.348671','24','PH0010-1',2,'[{\"changed\": {\"fields\": [\"Group\"]}}]',16,2),(162,'2020-09-16 17:23:43.211879','25','PH0010-6',2,'[{\"changed\": {\"fields\": [\"Group\"]}}]',16,2),(163,'2020-09-16 17:23:54.447942','26','PH0010-5',2,'[{\"changed\": {\"fields\": [\"Group\"]}}]',16,2),(164,'2020-09-16 17:24:02.691201','34','PH0007-1',2,'[{\"changed\": {\"fields\": [\"Group\"]}}]',16,2),(165,'2020-09-16 17:24:30.197250','42','PH0007-2',2,'[{\"changed\": {\"fields\": [\"Group\"]}}]',16,2),(166,'2020-09-16 17:24:48.387163','27','PH0005-4',2,'[{\"changed\": {\"fields\": [\"Group\"]}}]',16,2),(167,'2020-09-16 17:24:58.129921','27','PH0005-4',2,'[{\"changed\": {\"fields\": [\"Group\"]}}]',16,2),(168,'2020-09-16 17:25:09.394255','28','PH0005-5',2,'[{\"changed\": {\"fields\": [\"Group\"]}}]',16,2),(169,'2020-09-16 17:25:21.291148','27','PH0005-4',2,'[]',16,2),(170,'2020-09-16 17:25:33.022361','29','PH0005-8',2,'[{\"changed\": {\"fields\": [\"Group\"]}}]',16,2),(171,'2020-09-16 17:26:59.879936','30','PH0006-7',2,'[{\"changed\": {\"fields\": [\"Group\"]}}]',16,2),(172,'2020-09-16 17:27:07.080111','31','PH0006-8',2,'[{\"changed\": {\"fields\": [\"Group\"]}}]',16,2),(173,'2020-09-16 17:27:20.831928','32','PH0006-2',2,'[{\"changed\": {\"fields\": [\"Group\"]}}]',16,2),(174,'2020-09-16 17:27:32.208385','43','PH0006-6',2,'[{\"changed\": {\"fields\": [\"Group\"]}}]',16,2),(175,'2020-09-16 17:27:44.236989','44','PH0006-1',2,'[{\"changed\": {\"fields\": [\"Group\"]}}]',16,2),(176,'2020-09-16 17:27:58.713955','45','PH0006-12',2,'[{\"changed\": {\"fields\": [\"Group\"]}}]',16,2),(177,'2020-09-16 17:28:03.033320','46','PH0006-13',2,'[{\"changed\": {\"fields\": [\"Group\"]}}]',16,2),(178,'2020-09-16 17:28:35.525786','47','PH0006-9',2,'[{\"changed\": {\"fields\": [\"Group\"]}}]',16,2),(179,'2020-09-16 17:28:40.864939','48','PH0006-3',2,'[{\"changed\": {\"fields\": [\"Group\"]}}]',16,2),(180,'2020-09-16 17:28:45.790713','49','PH0006-15',2,'[{\"changed\": {\"fields\": [\"Group\"]}}]',16,2),(181,'2020-09-16 17:28:51.535869','50','PH0006-14',2,'[{\"changed\": {\"fields\": [\"Group\"]}}]',16,2),(182,'2020-09-16 17:29:12.174564','51','PH0006-5',2,'[{\"changed\": {\"fields\": [\"Group\"]}}]',16,2),(183,'2020-09-16 17:29:15.903932','52','PH0006-4',2,'[{\"changed\": {\"fields\": [\"Group\"]}}]',16,2),(184,'2020-09-16 17:29:19.685142','53','PH0006-10',2,'[{\"changed\": {\"fields\": [\"Group\"]}}]',16,2),(185,'2020-09-16 17:29:39.562946','54','PH0002-1',2,'[{\"changed\": {\"fields\": [\"Group\"]}}]',16,2),(186,'2020-09-16 17:29:49.543036','55','PH0002-2',2,'[{\"changed\": {\"fields\": [\"Group\"]}}]',16,2),(187,'2020-09-16 17:30:36.427406','60','PH0019',2,'[{\"changed\": {\"fields\": [\"Group\"]}}]',16,2),(188,'2020-09-16 17:30:41.284456','57','PH0018-2',2,'[{\"changed\": {\"fields\": [\"Group\"]}}]',16,2),(189,'2020-09-16 17:30:49.152767','58','PH0018-1',2,'[{\"changed\": {\"fields\": [\"Group\"]}}]',16,2),(190,'2020-09-16 17:31:10.668136','62','PH0008-3',2,'[{\"changed\": {\"fields\": [\"Group\"]}}]',16,2),(191,'2020-09-16 17:31:19.842994','68','PH0008-3',2,'[{\"changed\": {\"fields\": [\"Group\"]}}]',16,2),(192,'2020-09-16 17:33:03.593515','66','PH0008-4',2,'[{\"changed\": {\"fields\": [\"Group\"]}}]',16,2),(193,'2020-09-16 17:33:08.559807','65','PH0008-5',2,'[{\"changed\": {\"fields\": [\"Group\"]}}]',16,2),(194,'2020-09-16 17:33:13.641146','67','PH0008-2',2,'[{\"changed\": {\"fields\": [\"Group\"]}}]',16,2),(195,'2020-09-16 17:33:21.064624','70','PH0008-6',2,'[{\"changed\": {\"fields\": [\"Group\"]}}]',16,2),(196,'2020-09-16 17:33:25.210374','69','PH0008-1',2,'[{\"changed\": {\"fields\": [\"Group\"]}}]',16,2),(197,'2020-09-16 17:33:53.933455','38','PH0001-1',2,'[{\"changed\": {\"fields\": [\"Group\"]}}]',16,2),(198,'2020-09-16 17:34:12.271980','37','PH0001-2',2,'[{\"changed\": {\"fields\": [\"Group\"]}}]',16,2),(199,'2020-09-16 17:34:17.058020','33','PH0001-4',2,'[{\"changed\": {\"fields\": [\"Group\"]}}]',16,2),(200,'2020-09-16 17:34:33.370436','35','PH0012',2,'[{\"changed\": {\"fields\": [\"Group\"]}}]',16,2),(201,'2020-09-16 17:34:48.579074','36','PH0013',2,'[{\"changed\": {\"fields\": [\"Group\"]}}]',16,2),(202,'2020-09-16 17:34:52.320309','39','PH0011',2,'[{\"changed\": {\"fields\": [\"Group\"]}}]',16,2),(203,'2020-09-16 17:34:58.397036','40','PH0015',2,'[{\"changed\": {\"fields\": [\"Group\"]}}]',16,2),(204,'2020-09-16 18:07:53.869228','72','468329 - 2020-08-19 13.33.34',1,'[{\"added\": {}}]',16,2),(205,'2020-09-16 19:47:13.390575','73','468343 - 2020-08-19 14.21.38',1,'[{\"added\": {}}]',16,2),(206,'2020-09-16 19:51:17.135150','74','468336 - 2020-08-19 14.19.33',1,'[{\"added\": {}}]',16,2),(207,'2020-09-16 22:34:57.468863','75','PH0014',1,'[{\"added\": {}}]',16,2),(208,'2020-09-16 22:42:53.521556','75','PH0014',2,'[{\"changed\": {\"fields\": [\"Group\"]}}]',16,2),(209,'2020-09-17 14:35:24.763058','74','PH0005-6',2,'[{\"changed\": {\"fields\": [\"Name\"]}}]',16,2),(210,'2020-09-17 14:37:04.351592','73','PH0005-7',2,'[{\"changed\": {\"fields\": [\"Name\"]}}]',16,2),(211,'2020-09-17 14:38:15.671647','72','PH0005-1',2,'[{\"changed\": {\"fields\": [\"Name\"]}}]',16,2),(212,'2020-09-20 18:23:50.071077','38','PH0001-1',2,'[{\"changed\": {\"fields\": [\"Group\"]}}]',16,2),(213,'2020-09-20 18:24:01.281136','37','PH0001-2',2,'[{\"changed\": {\"fields\": [\"Group\"]}}]',16,2),(214,'2020-09-20 18:24:09.725675','22','PH0001-3',2,'[{\"changed\": {\"fields\": [\"Group\"]}}]',16,2),(215,'2020-09-20 18:24:17.323946','33','PH0001-4',2,'[{\"changed\": {\"fields\": [\"Group\"]}}]',16,2),(216,'2020-09-20 18:25:04.762276','54','PH0002-1',2,'[{\"changed\": {\"fields\": [\"Group\"]}}]',16,2),(217,'2020-09-20 18:25:11.836259','55','PH0002-2',2,'[{\"changed\": {\"fields\": [\"Group\"]}}]',16,2),(218,'2020-09-20 18:25:22.708845','55','PH0002-2',2,'[]',16,2),(219,'2020-09-20 18:25:30.263987','15','PH0002-3',2,'[{\"changed\": {\"fields\": [\"Group\"]}}]',16,2),(220,'2020-09-20 18:25:34.828716','54','PH0002-1',2,'[]',16,2),(221,'2020-09-20 18:25:41.772156','15','PH0002-3',2,'[]',16,2),(222,'2020-09-20 18:25:49.975764','72','PH0005-1',2,'[{\"changed\": {\"fields\": [\"Group\"]}}]',16,2),(223,'2020-09-20 18:25:57.919447','16','PH0005-2',2,'[{\"changed\": {\"fields\": [\"Group\"]}}]',16,2),(224,'2020-09-20 18:26:10.237827','16','PH0005-2',2,'[]',16,2),(225,'2020-09-20 18:26:28.138397','16','PH0005-2',2,'[]',16,2),(226,'2020-09-20 18:26:35.070909','17','PH0005-3',2,'[{\"changed\": {\"fields\": [\"Group\"]}}]',16,2),(227,'2020-09-20 18:26:48.893728','27','PH0005-4',2,'[{\"changed\": {\"fields\": [\"Group\"]}}]',16,2),(228,'2020-09-20 18:26:54.045094','27','PH0005-4',2,'[]',16,2),(229,'2020-09-21 13:27:40.106064','76','PH0003A2L2_Wholeslide_Default_Extended',1,'[{\"added\": {}}]',16,2),(230,'2020-09-21 13:42:05.869552','77','PH0003',1,'[{\"added\": {}}]',16,2),(231,'2020-09-21 14:33:28.402994','77','PH0003',1,'[{\"added\": {}}]',16,2),(232,'2020-09-21 14:39:20.687822','78','PH0009C1GIEM',1,'[{\"added\": {}}]',16,2),(233,'2020-09-21 14:49:35.189406','79','PH0009C1L4-6',1,'[{\"added\": {}}]',16,2),(234,'2020-09-21 14:50:13.969609','80','PH0009C1L1-3',1,'[{\"added\": {}}]',16,2),(235,'2020-09-21 14:56:59.142108','81','PH0009C1L1-3',1,'[{\"added\": {}}]',16,2),(236,'2020-09-21 17:05:27.356481','82','PH0004A1.svs',1,'[{\"added\": {}}]',16,2),(237,'2020-09-21 20:07:34.224779','82','PH0004A1',2,'[{\"changed\": {\"fields\": [\"Name\"]}}]',16,2),(238,'2020-09-21 20:09:18.437820','76','PH0003A2',2,'[{\"changed\": {\"fields\": [\"Name\"]}}]',16,2),(239,'2020-09-21 20:27:24.823120','83','PH0004A2',1,'[{\"added\": {}}]',16,2),(240,'2020-09-21 20:32:09.834327','84','PH0017_25-8-2020_11-17-27',1,'[{\"added\": {}}]',16,2),(241,'2020-09-21 20:36:41.481548','85','PH0017_25-8-2020_11-18-56',1,'[{\"added\": {}}]',16,2),(242,'2020-09-21 20:53:45.722088','86','PH0017',1,'[{\"added\": {}}]',16,2),(243,'2020-09-21 20:54:39.925667','77','PH0003',2,'[{\"changed\": {\"fields\": [\"Group\"]}}]',16,2),(244,'2020-09-21 20:54:47.189748','82','PH0004A1',2,'[{\"changed\": {\"fields\": [\"Group\"]}}]',16,2),(245,'2020-09-21 20:54:54.162641','83','PH0004A2',2,'[{\"changed\": {\"fields\": [\"Group\"]}}]',16,2),(246,'2020-09-21 20:55:03.610133','78','PH0009C1GIEM',2,'[{\"changed\": {\"fields\": [\"Group\"]}}]',16,2),(247,'2020-09-21 20:55:09.178267','81','PH0009C1L1-3',2,'[{\"changed\": {\"fields\": [\"Group\"]}}]',16,2),(248,'2020-09-21 20:55:16.106467','79','PH0009C1L4-6',2,'[{\"changed\": {\"fields\": [\"Group\"]}}]',16,2),(249,'2020-09-21 20:55:24.978518','86','PH0017',2,'[{\"changed\": {\"fields\": [\"Group\"]}}]',16,2),(250,'2020-09-21 20:55:42.338115','84','PH0017_25-8-2020_11-17-27',2,'[{\"changed\": {\"fields\": [\"Group\"]}}]',16,2),(251,'2020-09-21 20:55:53.826063','85','PH0017_25-8-2020_11-18-56',2,'[{\"changed\": {\"fields\": [\"Group\"]}}]',16,2),(252,'2020-09-21 22:22:07.581085','84','PH0016 C-1-4',2,'[{\"changed\": {\"fields\": [\"Name\"]}}]',16,2),(253,'2020-09-21 22:22:29.977252','85','PH0016 C-1-3',2,'[{\"changed\": {\"fields\": [\"Name\", \"Group\"]}}]',16,2),(254,'2020-09-21 22:22:55.547117','84','PH0016 C-1-4',2,'[{\"changed\": {\"fields\": [\"Group\"]}}]',16,2),(255,'2020-09-21 22:23:13.210950','86','PH0017 C-13-2',2,'[{\"changed\": {\"fields\": [\"Name\"]}}]',16,2),(256,'2020-09-21 22:25:54.158537','15','PH0002-3',2,'[{\"changed\": {\"fields\": [\"Group\"]}}]',16,2),(257,'2020-09-21 22:26:10.334279','16','PH0005-2',2,'[{\"changed\": {\"fields\": [\"Group\"]}}]',16,2),(258,'2020-09-21 22:26:52.034171','17','PH0005-3',2,'[{\"changed\": {\"fields\": [\"Group\"]}}]',16,2),(259,'2020-09-21 22:27:37.421282','18','PH0006-11',2,'[]',16,2),(260,'2020-09-21 22:27:48.540415','22','PH0001-3',2,'[{\"changed\": {\"fields\": [\"Group\"]}}]',16,2),(261,'2020-09-24 10:18:48.773093','16','PH0005-2 H&E',2,'[{\"changed\": {\"fields\": [\"Name\"]}}]',16,2),(262,'2020-09-24 10:32:55.676400','77','PH0003 A2 L2 - H&E',2,'[{\"changed\": {\"fields\": [\"Name\"]}}]',16,2),(263,'2020-09-24 10:33:19.459952','77','PH0003 - A2 L2 - H&E',2,'[{\"changed\": {\"fields\": [\"Name\"]}}]',16,2),(264,'2020-09-24 10:34:52.659068','78','PH0009 - GIEMHP-GAS',2,'[{\"changed\": {\"fields\": [\"Name\"]}}]',16,2),(265,'2020-09-24 10:35:43.062438','79','PH0009 - L4-6-GASTBX',2,'[{\"changed\": {\"fields\": [\"Name\"]}}]',16,2),(266,'2020-09-24 10:36:16.753628','81','PH0009 - L1-3-GASTBX',2,'[{\"changed\": {\"fields\": [\"Name\"]}}]',16,2),(267,'2020-09-24 10:36:56.435140','82','PH0004 - A1 - H&E',2,'[{\"changed\": {\"fields\": [\"Name\"]}}]',16,2),(268,'2020-09-24 10:38:27.394575','83','PH0004 - A2 - H&E',2,'[{\"changed\": {\"fields\": [\"Name\"]}}]',16,2),(269,'2020-09-24 10:39:25.563648','84','PH0016 - C-1-4 - H&E',2,'[{\"changed\": {\"fields\": [\"Name\"]}}]',16,2),(270,'2020-09-24 10:40:02.603284','85','PH0016 - C-1-3 - H&E',2,'[{\"changed\": {\"fields\": [\"Name\"]}}]',16,2),(271,'2020-09-24 10:41:54.662228','86','PH0017 - C-13-2 - H&E',2,'[{\"changed\": {\"fields\": [\"Name\"]}}]',16,2),(272,'2020-09-24 10:43:00.359578','72','PH0005 - U11 CDX2',2,'[{\"changed\": {\"fields\": [\"Name\"]}}]',16,2),(273,'2020-09-24 10:43:42.263530','74','PH0005 - U40 P63',2,'[{\"changed\": {\"fields\": [\"Name\"]}}]',16,2),(274,'2020-09-24 10:45:13.214222','74','PH0005 - U190 P40',2,'[{\"changed\": {\"fields\": [\"Name\"]}}]',16,2),(275,'2020-09-24 10:45:46.739445','73','PH0005 - U40 P63',2,'[{\"changed\": {\"fields\": [\"Name\"]}}]',16,2),(276,'2020-09-24 10:46:20.828276','75','PH0014 - B-1-9 - H&E',2,'[{\"changed\": {\"fields\": [\"Name\"]}}]',16,2),(277,'2020-09-24 10:48:55.935669','65','PH0008 - GIEMHP - GAS',2,'[{\"changed\": {\"fields\": [\"Name\"]}}]',16,2),(278,'2020-09-24 10:49:37.193485','66','PH0008 - U16 CD5',2,'[{\"changed\": {\"fields\": [\"Name\"]}}]',16,2),(279,'2020-09-24 10:50:17.476094','67','PH0008 - U35 Ki67',2,'[{\"changed\": {\"fields\": [\"Name\"]}}]',16,2),(280,'2020-09-24 10:50:46.134215','68','PH0008 - U23 CD20',2,'[{\"changed\": {\"fields\": [\"Name\"]}}]',16,2),(281,'2020-09-24 10:52:17.022641','84','PH0016 - C-1-4-Giemsa',2,'[{\"changed\": {\"fields\": [\"Name\"]}}]',16,2),(282,'2020-09-24 10:53:24.114331','69','PH0008 - U18 MUM1',2,'[{\"changed\": {\"fields\": [\"Name\"]}}]',16,2),(283,'2020-09-24 10:53:55.817088','70','PH0008 - L1-3-GASTBX',2,'[{\"changed\": {\"fields\": [\"Name\"]}}]',16,2),(284,'2020-09-24 10:54:25.678205','84','PH0016 - C-1-4 - Giemsa',2,'[{\"changed\": {\"fields\": [\"Name\"]}}]',16,2),(285,'2020-09-24 10:56:37.537596','57','PH0018 - A-1-5 - A&E',2,'[{\"changed\": {\"fields\": [\"Name\"]}}]',16,2),(286,'2020-09-24 10:57:18.119656','58','PH0018 - A-1-4 - H&E',2,'[{\"changed\": {\"fields\": [\"Name\"]}}]',16,2),(287,'2020-09-24 10:58:14.278834','60','PH0019 - A-1-2 - H&E',2,'[{\"changed\": {\"fields\": [\"Name\"]}}]',16,2),(288,'2020-09-24 10:58:54.643644','62','PH0008 - U23 CD20',2,'[{\"changed\": {\"fields\": [\"Name\"]}}]',16,2),(289,'2020-09-24 10:59:51.902545','52','PH0006 - U19 PAX5',2,'[{\"changed\": {\"fields\": [\"Name\"]}}]',16,2),(290,'2020-09-24 11:00:43.200670','53','PH0006 - U56 AE1/3',2,'[{\"changed\": {\"fields\": [\"Name\"]}}]',16,2),(291,'2020-09-24 11:01:24.023582','54','PH0002 - 60 HMW',2,'[{\"changed\": {\"fields\": [\"Name\"]}}]',16,2),(292,'2020-09-24 11:02:06.366181','54','PH0002 - 60 HMW-A5',2,'[{\"changed\": {\"fields\": [\"Name\"]}}]',16,2),(293,'2020-09-24 11:02:58.260792','55','PH0002 - 60 HMW CONTROL',2,'[{\"changed\": {\"fields\": [\"Name\"]}}]',16,2),(294,'2020-09-24 11:04:07.314279','48','PH0006 - U106 CYD1',2,'[{\"changed\": {\"fields\": [\"Name\"]}}]',16,2),(295,'2020-09-24 11:05:14.458692','49','PH0006 - U166 EBVISH',2,'[{\"changed\": {\"fields\": [\"Name\"]}}]',16,2),(296,'2020-09-24 11:06:28.539721','50','PH0006 - U35 Ki67',2,'[{\"changed\": {\"fields\": [\"Name\"]}}]',16,2),(297,'2020-09-24 11:07:07.113519','51','PH0006 - U18 MUM1',2,'[{\"changed\": {\"fields\": [\"Name\"]}}]',16,2),(298,'2020-09-24 11:07:46.196647','44','PH0006 - U21 CD10',2,'[{\"changed\": {\"fields\": [\"Name\"]}}]',16,2),(299,'2020-09-24 11:08:25.824713','45','PH0006 - U23 CD20',2,'[{\"changed\": {\"fields\": [\"Name\"]}}]',16,2),(300,'2020-09-24 11:09:20.144346','46','PH0006 - U22 CD30',2,'[{\"changed\": {\"fields\": [\"Name\"]}}]',16,2),(301,'2020-09-24 11:10:39.475082','47','PH0006 - U29 CD79A',2,'[{\"changed\": {\"fields\": [\"Name\"]}}]',16,2),(302,'2020-09-24 11:11:19.625310','42','PH0007 - A2 - H&E',2,'[{\"changed\": {\"fields\": [\"Name\"]}}]',16,2),(303,'2020-09-24 11:11:52.514169','34','PH0007 - A1 - H&E',2,'[{\"changed\": {\"fields\": [\"Name\"]}}]',16,2),(304,'2020-09-24 11:12:29.761367','43','PH0006 - U16 CD5',2,'[{\"changed\": {\"fields\": [\"Name\"]}}]',16,2),(305,'2020-09-24 11:13:06.589505','35','PH0012 - B-1-6 - H&E',2,'[{\"changed\": {\"fields\": [\"Name\"]}}]',16,2),(306,'2020-09-24 11:13:29.999305','36','PH0013 - D-1-5 - H&E',2,'[{\"changed\": {\"fields\": [\"Name\"]}}]',16,2),(307,'2020-09-24 11:15:29.819371','37','PH0001 - Block B - EVG-AFB Gree',2,'[{\"changed\": {\"fields\": [\"Name\"]}}]',16,2),(308,'2020-09-24 11:16:36.685716','38','PH0001 - Block B - EVG-H&E',2,'[{\"changed\": {\"fields\": [\"Name\"]}}]',16,2),(309,'2020-09-24 11:42:14.750731','39','PH0011 - C-1-5 - H&E',2,'[{\"changed\": {\"fields\": [\"Name\"]}}]',16,2),(310,'2020-09-24 11:43:05.886532','40','PH0015 - E-1-2 - H&E',2,'[{\"changed\": {\"fields\": [\"Name\"]}}]',16,2),(311,'2020-09-24 11:50:45.733652','30','PH0006 - U6 BCL2',2,'[{\"changed\": {\"fields\": [\"Name\"]}}]',16,2),(312,'2020-09-24 11:51:25.733209','31','PH0006 - U7 BCL6',2,'[{\"changed\": {\"fields\": [\"Name\"]}}]',16,2),(313,'2020-09-24 11:51:57.096563','32','PH0006 - U20 CD3',2,'[{\"changed\": {\"fields\": [\"Name\"]}}]',16,2),(314,'2020-09-24 11:53:01.760666','33','PH0001 - Block C - AFB Gree',2,'[{\"changed\": {\"fields\": [\"Name\"]}}]',16,2),(315,'2020-09-24 11:53:34.481274','26','PH0010 - U35 Ki67',2,'[{\"changed\": {\"fields\": [\"Name\"]}}]',16,2),(316,'2020-09-24 11:54:00.251357','27','PH0005 - U12 CK7',2,'[{\"changed\": {\"fields\": [\"Name\"]}}]',16,2),(317,'2020-09-24 11:54:20.704671','28','PH0005 - U13 CK20',2,'[{\"changed\": {\"fields\": [\"Name\"]}}]',16,2),(318,'2020-09-24 11:54:48.101623','29','PH0005 - U73 CK5/6',2,'[{\"changed\": {\"fields\": [\"Name\"]}}]',16,2),(319,'2020-09-24 11:55:21.616569','24','PH0010 - U62 SMMHC',2,'[{\"changed\": {\"fields\": [\"Name\"]}}]',16,2),(320,'2020-09-24 11:55:51.421976','25','PH0010 - U98 S100',2,'[{\"changed\": {\"fields\": [\"Name\"]}}]',16,2),(321,'2020-09-24 11:56:26.272537','22','PH0001 - Block C - H&E',2,'[{\"changed\": {\"fields\": [\"Name\"]}}]',16,2),(322,'2020-09-24 11:56:56.812659','23','PH0010 - U40 P63',2,'[{\"changed\": {\"fields\": [\"Name\"]}}]',16,2),(323,'2020-09-24 11:57:40.091527','15','PH0002 - H&E',2,'[{\"changed\": {\"fields\": [\"Name\"]}}]',16,2),(324,'2020-09-24 11:58:39.237850','16','PH0005 - ABPAS',2,'[{\"changed\": {\"fields\": [\"Name\"]}}]',16,2),(325,'2020-09-24 11:59:09.590745','17','PH0005 - L3-DUODBX',2,'[{\"changed\": {\"fields\": [\"Name\"]}}]',16,2),(326,'2020-09-24 12:00:26.599272','18','PH0006 - H&E-MOUTBX',2,'[{\"changed\": {\"fields\": [\"Name\"]}}]',16,2),(327,'2020-09-24 12:00:58.310527','19','PH0010 - H&E-PARO',2,'[{\"changed\": {\"fields\": [\"Name\"]}}]',16,2),(328,'2020-09-24 12:01:33.511525','20','PH0010 - ABPASD-PAR',2,'[{\"changed\": {\"fields\": [\"Name\"]}}]',16,2),(329,'2020-09-28 17:42:47.036023','65','PH0008 - GIEMSA',2,'[{\"changed\": {\"fields\": [\"Name\"]}}]',16,2),(330,'2020-10-01 17:10:03.833599','37','PH0001 - Block B - ZN',2,'[{\"changed\": {\"fields\": [\"Name\"]}}]',16,2),(331,'2020-10-01 17:10:38.802624','38','PH0001 - Block B - HE',2,'[{\"changed\": {\"fields\": [\"Name\"]}}]',16,2),(332,'2020-10-01 17:10:51.090376','33','PH0001 - Block C - ZN',2,'[{\"changed\": {\"fields\": [\"Name\"]}}]',16,2),(333,'2020-10-01 17:10:58.980918','22','PH0001 - Block C - HE',2,'[{\"changed\": {\"fields\": [\"Name\"]}}]',16,2),(334,'2020-10-01 17:11:28.991807','70','PH0008 - HE',2,'[{\"changed\": {\"fields\": [\"Name\"]}}]',16,2),(335,'2020-10-01 17:11:41.610748','15','PH0002 - HE',2,'[{\"changed\": {\"fields\": [\"Name\"]}}]',16,2),(336,'2020-10-01 17:11:53.524548','77','PH0003 - A2 L2 - HE',2,'[{\"changed\": {\"fields\": [\"Name\"]}}]',16,2),(337,'2020-10-01 17:12:11.661546','77','PH0003 - HE',2,'[{\"changed\": {\"fields\": [\"Name\"]}}]',16,2),(338,'2020-10-01 17:12:20.454394','82','PH0004 - A1 - HE',2,'[{\"changed\": {\"fields\": [\"Name\"]}}]',16,2),(339,'2020-10-01 17:12:30.549162','83','PH0004 - A2 - HE',2,'[{\"changed\": {\"fields\": [\"Name\"]}}]',16,2),(340,'2020-10-01 17:12:45.233213','17','PH0005 - HE',2,'[{\"changed\": {\"fields\": [\"Name\"]}}]',16,2),(341,'2020-10-01 17:13:14.620699','18','PH0006 - HE',2,'[{\"changed\": {\"fields\": [\"Name\"]}}]',16,2),(342,'2020-10-01 17:13:26.569706','34','PH0007 - A1 - HE',2,'[{\"changed\": {\"fields\": [\"Name\"]}}]',16,2),(343,'2020-10-01 17:13:35.711515','42','PH0007 - A2 - HE',2,'[{\"changed\": {\"fields\": [\"Name\"]}}]',16,2),(344,'2020-10-01 17:13:52.540423','66','PH0008 - CD5',2,'[{\"changed\": {\"fields\": [\"Name\"]}}]',16,2),(345,'2020-10-01 17:14:10.168592','69','PH0008 - MUM1',2,'[{\"changed\": {\"fields\": [\"Name\"]}}]',16,2),(346,'2020-10-01 17:14:22.919125','68','PH0008 - CD20',2,'[{\"changed\": {\"fields\": [\"Name\"]}}]',16,2),(347,'2020-10-01 17:14:43.863773','62','PH0008 - CD20',2,'[{\"changed\": {\"fields\": [\"Name\"]}}]',16,2),(348,'2020-10-01 17:14:56.948576','67','PH0008 - Ki67',2,'[{\"changed\": {\"fields\": [\"Name\"]}}]',16,2),(349,'2020-10-01 17:20:28.269157','81','PH0009 - L1-3-HE',2,'[{\"changed\": {\"fields\": [\"Name\"]}}]',16,2),(350,'2020-10-01 17:20:41.152410','79','PH0009 - L4-6-HE',2,'[{\"changed\": {\"fields\": [\"Name\"]}}]',16,2),(351,'2020-10-01 17:21:06.342761','78','PH0009 - GIEMSA',2,'[{\"changed\": {\"fields\": [\"Name\"]}}]',16,2),(352,'2020-10-01 17:21:24.636516','20','PH0010 - AB-PASD',2,'[{\"changed\": {\"fields\": [\"Name\"]}}]',16,2),(353,'2020-10-01 17:21:37.713603','48','PH0006 - CYD1',2,'[{\"changed\": {\"fields\": [\"Name\"]}}]',16,2),(354,'2020-10-01 17:21:48.655154','43','PH0006 - CD5',2,'[{\"changed\": {\"fields\": [\"Name\"]}}]',16,2),(355,'2020-10-01 17:21:58.396302','52','PH0006 - PAX5',2,'[{\"changed\": {\"fields\": [\"Name\"]}}]',16,2),(356,'2020-10-01 17:22:08.738411','49','PH0006 - EBV',2,'[{\"changed\": {\"fields\": [\"Name\"]}}]',16,2),(357,'2020-10-01 17:22:18.709786','72','PH0005 - CDX2',2,'[{\"changed\": {\"fields\": [\"Name\"]}}]',16,2),(358,'2020-10-01 17:22:26.486136','27','PH0005 - CK7',2,'[{\"changed\": {\"fields\": [\"Name\"]}}]',16,2),(359,'2020-10-01 17:22:34.920804','28','PH0005 - CK20',2,'[{\"changed\": {\"fields\": [\"Name\"]}}]',16,2),(360,'2020-10-01 17:22:42.986093','74','PH0005 - P40',2,'[{\"changed\": {\"fields\": [\"Name\"]}}]',16,2),(361,'2020-10-01 17:22:58.731179','73','PH0005 - P63',2,'[{\"changed\": {\"fields\": [\"Name\"]}}]',16,2),(362,'2020-10-01 17:23:07.332382','51','PH0006 - MUM1',2,'[{\"changed\": {\"fields\": [\"Name\"]}}]',16,2),(363,'2020-10-01 17:23:15.553401','32','PH0006 - CD3',2,'[{\"changed\": {\"fields\": [\"Name\"]}}]',16,2),(364,'2020-10-01 17:23:25.503191','44','PH0006 - CD10',2,'[{\"changed\": {\"fields\": [\"Name\"]}}]',16,2),(365,'2020-10-01 17:23:33.916285','46','PH0006 - CD30',2,'[{\"changed\": {\"fields\": [\"Name\"]}}]',16,2),(366,'2020-10-01 17:23:46.654698','19','PH0010 - HE',2,'[{\"changed\": {\"fields\": [\"Name\"]}}]',16,2),(367,'2020-10-01 17:23:58.236310','39','PH0011 - C-1-5 - HE',2,'[{\"changed\": {\"fields\": [\"Name\"]}}]',16,2),(368,'2020-10-01 17:24:08.484570','26','PH0010 - Ki67',2,'[{\"changed\": {\"fields\": [\"Name\"]}}]',16,2),(369,'2020-10-01 17:24:22.015177','45','PH0006 - CD20',2,'[{\"changed\": {\"fields\": [\"Name\"]}}]',16,2),(370,'2020-10-01 17:24:29.978179','47','PH0006 - CD79A',2,'[{\"changed\": {\"fields\": [\"Name\"]}}]',16,2),(371,'2020-10-01 17:24:43.132622','54','PH0002 - HMW',2,'[{\"changed\": {\"fields\": [\"Name\"]}}]',16,2),(372,'2020-10-01 17:24:51.990213','55','PH0002 - HMW CONTROL',2,'[{\"changed\": {\"fields\": [\"Name\"]}}]',16,2),(373,'2020-10-01 17:25:05.587177','23','PH0010 - P63',2,'[{\"changed\": {\"fields\": [\"Name\"]}}]',16,2),(374,'2020-10-01 17:25:12.668215','29','PH0005 - CK5/6',2,'[{\"changed\": {\"fields\": [\"Name\"]}}]',16,2),(375,'2020-10-01 17:25:20.660526','50','PH0006 - Ki67',2,'[{\"changed\": {\"fields\": [\"Name\"]}}]',16,2),(376,'2020-10-01 17:25:58.442272','53','PH0006 - AE1/3',2,'[{\"changed\": {\"fields\": [\"Name\"]}}]',16,2),(377,'2020-10-01 17:26:17.457115','24','PH0010 - SMMHC',2,'[{\"changed\": {\"fields\": [\"Name\"]}}]',16,2),(378,'2020-10-01 17:28:59.458780','35','PH0012 - B-1-6 - HE',2,'[{\"changed\": {\"fields\": [\"Name\"]}}]',16,2),(379,'2020-10-01 17:29:08.097816','36','PH0013 - D-1-5 - HE',2,'[{\"changed\": {\"fields\": [\"Name\"]}}]',16,2),(380,'2020-10-01 17:29:16.149562','75','PH0014 - B-1-9 - HE',2,'[{\"changed\": {\"fields\": [\"Name\"]}}]',16,2),(381,'2020-10-01 17:29:27.782979','40','PH0015 - E-1-2 - HE',2,'[{\"changed\": {\"fields\": [\"Name\"]}}]',16,2),(382,'2020-10-01 17:29:35.197562','85','PH0016 - C-1-3 - HE',2,'[{\"changed\": {\"fields\": [\"Name\"]}}]',16,2),(383,'2020-10-01 17:29:43.111318','86','PH0017 - C-13-2 - HE',2,'[{\"changed\": {\"fields\": [\"Name\"]}}]',16,2),(384,'2020-10-01 17:29:50.158517','58','PH0018 - A-1-4 - HE',2,'[{\"changed\": {\"fields\": [\"Name\"]}}]',16,2),(385,'2020-10-01 17:30:00.231432','57','PH0018 - A-1-5 - HE',2,'[{\"changed\": {\"fields\": [\"Name\"]}}]',16,2),(386,'2020-10-01 17:30:09.455566','60','PH0019 - A-1-2 - HE',2,'[{\"changed\": {\"fields\": [\"Name\"]}}]',16,2),(387,'2021-01-01 15:28:37.675745','87','Pathhub_01_PU20-15518',1,'[{\"added\": {}}]',16,2),(388,'2021-01-02 10:55:01.328124','87','Pathhub_01_PU20-15518',2,'[{\"changed\": {\"fields\": [\"Group\"]}}]',16,2),(389,'2021-01-02 11:49:56.377635','88','Pathhub_01_PU20-15516_EMA',1,'[{\"added\": {}}]',16,2),(390,'2021-01-04 12:21:37.591282','89','Pathhub_01_PU20-15516_BEREP4',1,'[{\"added\": {}}]',16,2),(391,'2021-01-04 13:13:01.763481','90','Pathhub_01_PU20-15516_CD56',1,'[{\"added\": {}}]',16,2),(392,'2021-01-04 13:46:08.609871','91','Pathhub_01_PU20-15516_MNF116',1,'[{\"added\": {}}]',16,2),(393,'2021-01-04 14:05:25.163470','92','Pathhub_01_PU20-15516_CK20',1,'[{\"added\": {}}]',16,2),(394,'2021-01-04 14:13:42.547417','93','Pathhub_01_PU20-15516_SMA',1,'[{\"added\": {}}]',16,2),(395,'2021-01-04 14:23:35.421488','94','Pathhub_01_PU20-15516_S100',1,'[{\"added\": {}}]',16,2),(396,'2021-01-04 14:33:26.984563','95','Pathhub_01_PU20-15516_CEA',1,'[{\"added\": {}}]',16,2),(397,'2021-01-04 14:48:05.167411','96','Pathhub_01_PU20-15516_CK7',1,'[{\"added\": {}}]',16,2),(398,'2021-01-04 15:38:26.982325','97','ALOPECIA_01_S20/21239_HE1',1,'[{\"added\": {}}]',16,2),(399,'2021-01-04 16:03:14.069354','98','ALOPECIA_01_S20/21239_HE2',1,'[{\"added\": {}}]',16,2),(400,'2021-01-05 11:50:47.988298','99','ALOPECIA_01_S20/21239_HE3',1,'[{\"added\": {}}]',16,2),(401,'2021-01-05 12:38:58.494134','100','ALOPECIA_01_S20/21239_HE4',1,'[{\"added\": {}}]',16,2),(402,'2021-01-05 13:15:01.976801','101','ALOPECIA_01_S20/21239_HE5',1,'[{\"added\": {}}]',16,2),(403,'2021-01-05 13:59:33.517211','102','ALOPECIA_01_S20/21239_HE6',1,'[{\"added\": {}}]',16,2),(404,'2021-01-05 14:38:37.402671','103','ALOPECIA_01_S20/21239_HE7',1,'[{\"added\": {}}]',16,2),(405,'2021-01-05 14:52:57.511027','104','ALOPECIA_01_S20/21239_HE8',1,'[{\"added\": {}}]',16,2),(406,'2021-01-05 15:04:33.855111','105','ALOPECIA_01_S20/21239_HE9',1,'[{\"added\": {}}]',16,2),(407,'2021-01-05 15:18:29.690188','106','ALOPECIA_01_S20/21239_HE10',1,'[{\"added\": {}}]',16,2),(408,'2021-01-05 23:56:49.715869','107','SN_1',1,'[{\"added\": {}}]',16,2),(409,'2021-01-05 23:59:46.303286','108','SN_2',1,'[{\"added\": {}}]',16,2),(410,'2021-01-06 00:00:15.889134','109','SN_6',1,'[{\"added\": {}}]',16,2),(411,'2021-01-06 00:05:03.821271','110','SN_5',1,'[{\"added\": {}}]',16,2),(412,'2021-01-06 00:09:40.908127','111','SN_8',1,'[{\"added\": {}}]',16,2),(413,'2021-01-06 00:13:31.920005','112','SN_12',1,'[{\"added\": {}}]',16,2),(414,'2021-01-06 00:14:42.879831','113','SN_10',1,'[{\"added\": {}}]',16,2),(415,'2021-01-06 00:15:15.580058','114','SN_11',1,'[{\"added\": {}}]',16,2),(416,'2021-01-06 00:21:02.341274','115','SN_7',1,'[{\"added\": {}}]',16,2),(417,'2021-01-06 00:22:55.280888','116','SN_4',1,'[{\"added\": {}}]',16,2),(418,'2021-01-06 00:24:03.871013','117','SN_13',1,'[{\"added\": {}}]',16,2),(419,'2021-01-06 00:26:23.487713','118','SN_3',1,'[{\"added\": {}}]',16,2),(420,'2021-01-06 00:29:28.130431','119','SN_9',1,'[{\"added\": {}}]',16,2),(421,'2021-01-06 00:30:31.438745','120','SN_17',1,'[{\"added\": {}}]',16,2),(422,'2021-01-06 00:40:42.125854','121','SN_16',1,'[{\"added\": {}}]',16,2),(423,'2021-01-06 00:42:34.028145','122','SN_20',1,'[{\"added\": {}}]',16,2),(424,'2021-01-06 00:44:39.959431','123','SN_19',1,'[{\"added\": {}}]',16,2),(425,'2021-01-06 00:44:45.703637','124','SN_21',1,'[{\"added\": {}}]',16,2),(426,'2021-01-06 00:48:18.289620','125','SN_14',1,'[{\"added\": {}}]',16,2),(427,'2021-01-06 00:49:30.400277','126','SN_18',1,'[{\"added\": {}}]',16,2),(428,'2021-01-06 00:50:09.297072','127','SN_15',1,'[{\"added\": {}}]',16,2),(429,'2021-01-06 10:27:44.668290','128','SN_22',1,'[{\"added\": {}}]',16,2),(430,'2021-01-06 15:23:08.709949','129','SN_22',1,'[{\"added\": {}}]',16,2),(431,'2021-01-06 15:34:03.926468','130','SN_23',1,'[{\"added\": {}}]',16,2),(432,'2021-01-06 15:42:50.801275','131','SN_24',1,'[{\"added\": {}}]',16,2),(433,'2021-01-06 15:45:43.890338','132','SN_28',1,'[{\"added\": {}}]',16,2),(434,'2021-01-06 15:49:08.622488','133','SN_26',1,'[{\"added\": {}}]',16,2),(435,'2021-01-06 15:52:08.833672','134','SN_30',1,'[{\"added\": {}}]',16,2),(436,'2021-01-06 15:54:42.224128','135','SN_25',1,'[{\"added\": {}}]',16,2),(437,'2021-01-06 15:54:48.511662','136','SN_27',1,'[{\"added\": {}}]',16,2),(438,'2021-01-06 15:57:50.503562','137','SN_29',1,'[{\"added\": {}}]',16,2),(439,'2021-01-06 17:35:27.901501','138','ALOPECIA_01_S20/21240_HE1',1,'[{\"added\": {}}]',16,2),(440,'2021-01-06 17:44:37.764385','139','ALOPECIA_01_S20/21240_HE2',1,'[{\"added\": {}}]',16,2),(441,'2021-01-06 17:58:42.683933','140','ALOPECIA_01_S20/21240_HE3',1,'[{\"added\": {}}]',16,2),(442,'2021-01-06 18:07:18.422086','141','ALOPECIA_01_S20/21240_HE4',1,'[{\"added\": {}}]',16,2),(443,'2021-01-06 18:16:34.736626','142','ALOPECIA_01_S20/21240_HE5',1,'[{\"added\": {}}]',16,2),(444,'2021-01-06 18:22:08.945466','143','ALOPECIA_01_S20/21240_HE6',1,'[{\"added\": {}}]',16,2),(445,'2021-01-06 18:38:38.391201','144','ALOPECIA_01_S20/21241_HE1',1,'[{\"added\": {}}]',16,2),(446,'2021-01-06 18:59:03.236210','145','ALOPECIA_01_S20/21241_HE2',1,'[{\"added\": {}}]',16,2),(447,'2021-01-06 19:11:16.178555','146','ALOPECIA_01_S20/21241_HE3',1,'[{\"added\": {}}]',16,2),(448,'2021-01-06 19:23:07.488710','147','ALOPECIA_01_S20/21241_HE4',1,'[{\"added\": {}}]',16,2),(449,'2021-01-06 19:40:15.567670','148','ALOPECIA_01_S20/21241_HE5',1,'[{\"added\": {}}]',16,2),(450,'2021-01-06 19:55:31.506791','149','ALOPECIA_01_S20/21241_HE6',1,'[{\"added\": {}}]',16,2),(451,'2021-01-06 20:09:06.539459','150','ALOPECIA_01_S20/21241_HE7',1,'[{\"added\": {}}]',16,2),(452,'2021-01-07 17:09:51.637064','151','ALOPECIA_01_S20/23714_HE1',1,'[{\"added\": {}}]',16,2),(453,'2021-01-11 12:13:40.503413','15','FRCPath P2 Surgical Course',1,'[{\"added\": {}}]',7,2),(454,'2021-01-11 12:13:59.899219','15','FRCPath P2 Surgical Course',2,'[]',7,2),(455,'2021-01-11 13:24:18.978422','1','H&E',1,'[{\"added\": {}}]',18,2),(456,'2021-01-11 15:01:57.290175','1','H&E',2,'[{\"changed\": {\"fields\": [\"LabelUrlPath\"]}}]',18,2),(457,'2021-01-11 17:06:25.889868','107','SN_01',2,'[{\"changed\": {\"fields\": [\"Name\"]}}]',16,2),(458,'2021-01-11 17:06:47.266580','108','SN_02',2,'[{\"changed\": {\"fields\": [\"Name\"]}}]',16,2),(459,'2021-01-11 17:07:10.478884','118','SN_03',2,'[{\"changed\": {\"fields\": [\"Name\"]}}]',16,2),(460,'2021-01-11 17:11:19.744066','116','SN_04',2,'[{\"changed\": {\"fields\": [\"Name\"]}}]',16,2),(461,'2021-01-11 17:11:28.551185','110','SN_05',2,'[{\"changed\": {\"fields\": [\"Name\"]}}]',16,2),(462,'2021-01-11 17:11:38.050104','109','SN_06',2,'[{\"changed\": {\"fields\": [\"Name\"]}}]',16,2),(463,'2021-01-11 17:11:49.186064','115','SN_07',2,'[{\"changed\": {\"fields\": [\"Name\"]}}]',16,2),(464,'2021-01-11 17:11:58.792059','111','SN_08',2,'[{\"changed\": {\"fields\": [\"Name\"]}}]',16,2),(465,'2021-01-11 17:12:14.027190','119','SN_09',2,'[{\"changed\": {\"fields\": [\"Name\"]}}]',16,2),(466,'2021-01-11 20:17:59.959066','2','SI_1',1,'[{\"added\": {}}]',18,2),(467,'2021-01-11 20:18:26.064471','3','SI_02',1,'[{\"added\": {}}]',18,2),(468,'2021-01-11 20:18:43.291275','4','SI_03',1,'[{\"added\": {}}]',18,2),(469,'2021-01-11 20:18:49.751551','2','SI_01',2,'[{\"changed\": {\"fields\": [\"Name\"]}}]',18,2),(470,'2021-01-11 20:20:24.067911','5','SI_05',1,'[{\"added\": {}}]',18,2),(471,'2021-01-11 20:20:31.287459','6','SI_06',1,'[{\"added\": {}}]',18,2),(472,'2021-01-11 20:22:48.781438','7','SI_07',1,'[{\"added\": {}}]',18,2),(473,'2021-01-11 20:23:04.068609','7','SI_07',2,'[{\"changed\": {\"fields\": [\"Group\"]}}]',18,2),(474,'2021-01-11 20:23:49.167238','8','SI_10',1,'[{\"added\": {}}]',18,2),(475,'2021-01-11 20:23:53.978632','9','SI_09',1,'[{\"added\": {}}]',18,2),(476,'2021-01-11 20:24:12.649085','10','SI_11',1,'[{\"added\": {}}]',18,2),(477,'2021-01-11 20:25:38.538650','11','SI_04',1,'[{\"added\": {}}]',18,2),(478,'2021-01-11 20:25:50.262643','12','SI_08',1,'[{\"added\": {}}]',18,2),(479,'2021-01-11 20:26:47.821113','13','SI_13',1,'[{\"added\": {}}]',18,2),(480,'2021-01-11 20:27:26.498989','14','SI_14',1,'[{\"added\": {}}]',18,2),(481,'2021-01-11 20:27:45.873377','15','SI_12',1,'[{\"added\": {}}]',18,2),(482,'2021-01-11 20:28:40.889902','16','SI_18',1,'[{\"added\": {}}]',18,2),(483,'2021-01-11 20:29:08.059423','17','SI_19',1,'[{\"added\": {}}]',18,2),(484,'2021-01-11 20:29:19.978676','18','SI_20',1,'[{\"added\": {}}]',18,2),(485,'2021-01-11 20:29:22.849551','19','SI_17',1,'[{\"added\": {}}]',18,2),(486,'2021-01-11 20:30:51.132955','20','SI_21',1,'[{\"added\": {}}]',18,2),(487,'2021-01-11 20:31:32.298263','21','SI_25',1,'[{\"added\": {}}]',18,2),(488,'2021-01-11 20:32:43.765549','22','SI_22',1,'[{\"added\": {}}]',18,2),(489,'2021-01-11 20:33:17.317369','23','SI_15',1,'[{\"added\": {}}]',18,2),(490,'2021-01-11 20:33:53.599108','24','SI_27',1,'[{\"added\": {}}]',18,2),(491,'2021-01-11 20:34:16.365077','25','SI_29',1,'[{\"added\": {}}]',18,2),(492,'2021-01-11 20:34:34.779211','26','SI_23',1,'[{\"added\": {}}]',18,2),(493,'2021-01-11 20:35:40.788133','27','SI_30',1,'[{\"added\": {}}]',18,2),(494,'2021-01-11 20:36:50.334483','28','SI_26',1,'[{\"added\": {}}]',18,2),(495,'2021-01-11 20:42:43.310527','29','SI_24',1,'[{\"added\": {}}]',18,2),(496,'2021-01-11 20:42:44.130274','30','SI_28',1,'[{\"added\": {}}]',18,2),(497,'2021-01-11 20:45:06.078272','31','SI_16',1,'[{\"added\": {}}]',18,2),(498,'2021-01-12 22:21:24.187005','32','Spot_00001',1,'[{\"added\": {}}]',18,2),(499,'2021-01-12 22:27:17.910158','32','Spot_00001',2,'[{\"changed\": {\"fields\": [\"LabelUrlPath\"]}}]',18,2),(500,'2021-01-13 11:48:44.690656','2','SI_01',2,'[{\"changed\": {\"fields\": [\"LabelUrlPath\"]}}]',18,2),(501,'2021-01-16 22:17:33.087473','33','MGGSETA3',1,'[{\"added\": {}}]',18,2),(502,'2021-01-16 22:34:38.603788','34','MGGSETA5',1,'[{\"added\": {}}]',18,2),(503,'2021-01-17 00:02:06.356733','35','MGGSETA4',1,'[{\"added\": {}}]',18,2),(504,'2021-01-17 01:22:03.359733','36','MGGSETA7',1,'[{\"added\": {}}]',18,2),(505,'2021-01-17 01:25:13.353663','37','MGGSETA1',1,'[{\"added\": {}}]',18,2),(506,'2021-01-17 01:37:57.339138','38','PAPSETA1',1,'[{\"added\": {}}]',18,2),(507,'2021-01-17 01:51:17.729239','39','PAPSETA2',1,'[{\"added\": {}}]',18,2),(508,'2021-01-17 02:08:05.769961','40','MGGSETA2',1,'[{\"added\": {}}]',18,2),(509,'2021-01-17 02:16:20.515337','41','PAPSETA3',1,'[{\"added\": {}}]',18,2),(510,'2021-01-17 02:23:57.244568','42','MGGSETA8',1,'[{\"added\": {}}]',18,2),(511,'2021-01-17 02:26:25.474139','43','PAPSETA5',1,'[{\"added\": {}}]',18,2),(512,'2021-01-17 02:38:00.579722','44','PAPSETA4',1,'[{\"added\": {}}]',18,2),(513,'2021-01-17 02:39:15.690460','45','PAPSETA7',1,'[{\"added\": {}}]',18,2),(514,'2021-01-17 02:50:08.745731','46','PAPSETA6',1,'[{\"added\": {}}]',18,2),(515,'2021-01-17 02:56:00.544996','47','PAPSETA9',1,'[{\"added\": {}}]',18,2),(516,'2021-01-17 03:02:11.805471','48','MGGSETA6',1,'[{\"added\": {}}]',18,2),(517,'2021-01-17 03:04:12.137198','49','PAPSETA11',1,'[{\"added\": {}}]',18,2),(518,'2021-01-17 03:09:23.498300','50','PAPSETA8',1,'[{\"added\": {}}]',18,2),(519,'2021-01-17 05:45:49.892134','51','MEGA2',1,'[{\"added\": {}}]',18,2),(520,'2021-01-17 05:53:20.383241','52','MEGA1UR7',1,'[{\"added\": {}}]',18,2),(521,'2021-01-17 09:33:59.043635','38','PAPSETA1',2,'[{\"changed\": {\"fields\": [\"Group\"]}}]',18,2),(522,'2021-01-17 13:12:58.628622','52','MEGA1UR7',2,'[{\"changed\": {\"fields\": [\"Group\"]}}]',18,2),(523,'2021-01-17 13:21:59.751196','53','MGGSETA13',1,'[{\"added\": {}}]',18,2),(524,'2021-01-17 13:22:44.712308','54','MGGSETA26',1,'[{\"added\": {}}]',18,2),(525,'2021-01-17 13:22:47.184917','55','MGGSETA15',1,'[{\"added\": {}}]',18,2),(526,'2021-01-17 13:26:51.660014','56','MGGSETA13',1,'[{\"added\": {}}]',18,2),(527,'2021-01-17 13:30:44.573650','57','PAPSETA12',1,'[{\"added\": {}}]',18,2),(528,'2021-01-17 13:30:45.493106','58','PAPSETA13',1,'[{\"added\": {}}]',18,2),(529,'2021-01-17 13:33:56.979336','59','PAPSETA16',1,'[{\"added\": {}}]',18,2),(530,'2021-01-17 13:38:11.675816','60','PAPSETA16',1,'[{\"added\": {}}]',18,2),(531,'2021-01-17 13:39:34.273647','61','PAPSETA14',1,'[{\"added\": {}}]',18,2),(532,'2021-01-17 13:42:54.633867','62','PAPSETA15',1,'[{\"added\": {}}]',18,2),(533,'2021-01-17 13:59:45.524808','63','PAPSETA18',1,'[{\"added\": {}}]',18,2),(534,'2021-01-17 14:07:26.501312','64','PAPSETA20',1,'[{\"added\": {}}]',18,2),(535,'2021-01-17 14:13:09.921463','65','PAPSETA17',1,'[{\"added\": {}}]',18,2),(536,'2021-01-17 14:29:16.429967','66','PAPSETA21',1,'[{\"added\": {}}]',18,2),(537,'2021-01-17 14:38:04.239523','67','PAPSETA19',1,'[{\"added\": {}}]',18,2),(538,'2021-01-17 14:41:28.763820','68','PAPSETA22',1,'[{\"added\": {}}]',18,2),(539,'2021-01-17 14:42:12.171154','69','PAPSETA25',1,'[{\"added\": {}}]',18,2),(540,'2021-01-17 14:46:37.942987','70','PAPSETA24',1,'[{\"added\": {}}]',18,2),(541,'2021-01-17 14:47:54.003553','71','PAPSETA23',1,'[{\"added\": {}}]',18,2),(542,'2021-01-17 14:54:57.155306','72','PAPSETA26',1,'[{\"added\": {}}]',18,2),(543,'2021-01-17 14:56:30.428662','73','PAPSETA29',1,'[{\"added\": {}}]',18,2),(544,'2021-01-17 14:58:11.368157','74','GIT02',1,'[{\"added\": {}}]',18,2),(545,'2021-01-17 14:58:41.223150','75','GIT03',1,'[{\"added\": {}}]',18,2),(546,'2021-01-17 15:02:31.473655','76','GIT08',1,'[{\"added\": {}}]',18,2),(547,'2021-01-17 15:04:55.986279','77','GIT09',1,'[{\"added\": {}}]',18,2),(548,'2021-01-17 15:10:26.220190','78','GIT07',1,'[{\"added\": {}}]',18,2),(549,'2021-01-17 15:11:50.421752','79','GIT10',1,'[{\"added\": {}}]',18,2),(550,'2021-01-17 15:12:48.786914','80','GIT04',1,'[{\"added\": {}}]',18,2),(551,'2021-01-17 15:16:01.636866','81','GIT05',1,'[{\"added\": {}}]',18,2),(552,'2021-01-17 15:16:02.745569','82','GIT12',1,'[{\"added\": {}}]',18,2),(553,'2021-01-17 15:24:26.063845','83','MGG-1SETA31',1,'[{\"added\": {}}]',18,2),(554,'2021-01-17 15:25:39.085753','84','GIT06',1,'[{\"added\": {}}]',18,2),(555,'2021-01-17 15:41:17.660056','85','MGG-2SETA31',1,'[{\"added\": {}}]',18,2),(556,'2021-01-17 15:52:18.487465','86','MGGSETA28',1,'[{\"added\": {}}]',18,2),(557,'2021-01-17 15:56:12.339292','87','PAPSETA30',1,'[{\"added\": {}}]',18,2),(558,'2021-01-17 15:58:12.102024','88','PAPSETA27',1,'[{\"added\": {}}]',18,2),(559,'2021-01-17 15:59:03.441795','89','GIT11',1,'[{\"added\": {}}]',18,2),(560,'2021-01-17 16:09:14.004170','90','GIT13',1,'[{\"added\": {}}]',18,2),(561,'2021-01-17 16:16:33.179307','91','GIT15',1,'[{\"added\": {}}]',18,2),(562,'2021-01-17 16:21:42.423816','92','GIT16',1,'[{\"added\": {}}]',18,2),(563,'2021-01-17 16:30:43.948198','93','GIT17',1,'[{\"added\": {}}]',18,2),(564,'2021-01-17 16:35:47.877755','94','GIT22',1,'[{\"added\": {}}]',18,2),(565,'2021-01-17 16:39:39.267271','95','GIT21',1,'[{\"added\": {}}]',18,2),(566,'2021-01-17 16:48:17.271478','96','SET3CASEGIT',1,'[{\"added\": {}}]',18,2),(567,'2021-01-17 16:51:01.461022','97','GIT23',1,'[{\"added\": {}}]',18,2),(568,'2021-01-17 16:56:15.862788','98','SET6RN1',1,'[{\"added\": {}}]',18,2),(569,'2021-01-17 17:01:35.633388','99','SET6RN4',1,'[{\"added\": {}}]',18,2),(570,'2021-01-17 17:03:09.941449','100','SET6RN3',1,'[{\"added\": {}}]',18,2),(571,'2021-01-17 17:11:42.056312','101','SET6RN5',1,'[{\"added\": {}}]',18,2),(572,'2021-01-17 17:15:27.155352','102','SET6RN6',1,'[{\"added\": {}}]',18,2),(573,'2021-01-17 17:24:19.604722','103','SET6RN7',1,'[{\"added\": {}}]',18,2),(574,'2021-01-17 17:26:07.045445','104','SET7RN8',1,'[{\"added\": {}}]',18,2),(575,'2021-01-17 17:31:20.115035','105','SET6RN9',1,'[{\"added\": {}}]',18,2),(576,'2021-01-17 17:44:42.861122','106','GIT19',1,'[{\"added\": {}}]',18,2),(577,'2021-01-17 17:45:13.730249','107','GIT18A',1,'[{\"added\": {}}]',18,2),(578,'2021-01-17 17:47:22.425992','108','GIT20',1,'[{\"added\": {}}]',18,2),(579,'2021-01-17 17:47:58.437427','109','GIT18B',1,'[{\"added\": {}}]',18,2),(580,'2021-01-17 18:00:56.795928','110','GIT01',1,'[{\"added\": {}}]',18,2),(581,'2021-01-17 18:15:01.120198','111','SET6RN2',1,'[{\"added\": {}}]',18,2),(582,'2021-01-17 18:16:51.720819','112','SET6RN10',1,'[{\"added\": {}}]',18,2),(583,'2021-01-17 18:35:15.810325','113','PAPSETA28',1,'[{\"added\": {}}]',18,2),(584,'2021-01-17 18:41:19.754636','114','GY1',1,'[{\"added\": {}}]',18,2),(585,'2021-01-17 20:14:25.745399','109','GIT18B',2,'[{\"changed\": {\"fields\": [\"Group\"]}}]',18,2),(586,'2021-01-17 20:14:49.072724','52','Urology MEGA1UR7',2,'[{\"changed\": {\"fields\": [\"Name\"]}}]',18,2),(587,'2021-01-17 20:15:00.338214','51','Urology MEGA2',2,'[{\"changed\": {\"fields\": [\"Name\"]}}]',18,2),(588,'2021-01-17 20:19:38.766257','38','PAPSETA1',2,'[]',18,2),(589,'2021-01-17 20:20:02.439556','58','PAPSETA13',2,'[{\"changed\": {\"fields\": [\"Group\"]}}]',18,2),(590,'2021-01-17 20:33:03.401673','115','BR16',1,'[{\"added\": {}}]',18,2),(591,'2021-01-17 20:54:56.993940','62','PAPSETA15',2,'[{\"changed\": {\"fields\": [\"Group\"]}}]',18,2),(592,'2021-01-17 20:55:36.201503','72','PAPSETA26',2,'[{\"changed\": {\"fields\": [\"Group\"]}}]',18,2),(593,'2021-01-17 20:55:56.842171','113','PAPSETA28',2,'[{\"changed\": {\"fields\": [\"Group\"]}}]',18,2),(594,'2021-01-17 21:00:27.146057','60','PAPSETA16',2,'[{\"changed\": {\"fields\": [\"Group\"]}}]',18,2),(595,'2021-01-17 21:44:51.054028','96','GIT14',2,'[{\"changed\": {\"fields\": [\"Name\"]}}]',18,2),(596,'2021-01-17 22:20:45.176092','124','SN_22',2,'[{\"changed\": {\"fields\": [\"Group\"]}}]',18,2),(597,'2021-01-18 15:30:29.720245','147','ST12',1,'[{\"added\": {}}]',18,2),(598,'2021-01-18 15:33:58.757507','148','ST11',1,'[{\"added\": {}}]',18,2),(599,'2021-01-18 15:34:39.606375','149','ST14',1,'[{\"added\": {}}]',18,2),(600,'2021-01-18 15:41:54.247109','150','ST15',1,'[{\"added\": {}}]',18,2),(601,'2021-01-18 15:49:25.200446','151','ST13',1,'[{\"added\": {}}]',18,2),(602,'2021-01-18 16:19:07.845573','1','H&E',2,'[{\"changed\": {\"fields\": [\"Annotations\"]}}]',18,2),(603,'2021-01-18 20:16:12.279877','152','ST1',1,'[{\"added\": {}}]',18,2),(604,'2021-01-18 20:32:19.431970','153','ST6',1,'[{\"added\": {}}]',18,2),(605,'2021-01-18 20:43:32.396833','154','ST7',1,'[{\"added\": {}}]',18,2),(606,'2021-01-18 20:51:52.845459','155','ST2',1,'[{\"added\": {}}]',18,2),(607,'2021-01-18 20:58:20.240604','156','ST2_9-1-2021_18-28-46',1,'[{\"added\": {}}]',18,2),(608,'2021-01-18 21:32:42.901729','157','ST3',1,'[{\"added\": {}}]',18,2),(609,'2021-01-18 21:38:10.603261','158','ST10',1,'[{\"added\": {}}]',18,2),(610,'2021-01-18 21:47:45.636264','159','ST9',1,'[{\"added\": {}}]',18,2),(611,'2021-01-18 21:49:08.558928','160','ST4',1,'[{\"added\": {}}]',18,2),(612,'2021-01-18 21:51:40.138560','161','ST5',1,'[{\"added\": {}}]',18,2),(613,'2021-01-18 22:32:55.852722','162','ST8',1,'[{\"added\": {}}]',18,2),(614,'2021-01-18 23:16:38.248067','163','ST16',1,'[{\"added\": {}}]',18,2),(615,'2021-01-18 23:22:12.622279','164','ST18',1,'[{\"added\": {}}]',18,2),(616,'2021-01-18 23:32:20.197861','165','ST20',1,'[{\"added\": {}}]',18,2),(617,'2021-01-18 23:55:06.282527','166','ST19',1,'[{\"added\": {}}]',18,2),(618,'2021-01-19 00:20:28.585627','167','ST17',1,'[{\"added\": {}}]',18,2),(619,'2021-01-19 00:23:27.602550','168','ST22',1,'[{\"added\": {}}]',18,2),(620,'2021-01-19 00:48:34.005597','169','ST23',1,'[{\"added\": {}}]',18,2),(621,'2021-01-19 01:26:03.447352','170','ST24',1,'[{\"added\": {}}]',18,2),(622,'2021-01-19 01:32:54.339309','171','MGGSETA10',1,'[{\"added\": {}}]',18,2),(623,'2021-01-19 01:37:52.295257','172','ST26',1,'[{\"added\": {}}]',18,2),(624,'2021-01-19 02:19:49.557790','173','ST21',1,'[{\"added\": {}}]',18,2),(625,'2021-01-19 02:21:51.309713','174','ST27',1,'[{\"added\": {}}]',18,2),(626,'2021-01-19 02:40:16.320676','175','ST29',1,'[{\"added\": {}}]',18,2),(627,'2021-01-19 02:44:52.573238','176','ST28',1,'[{\"added\": {}}]',18,2),(628,'2021-01-19 02:49:57.900144','177','ST25',1,'[{\"added\": {}}]',18,2),(629,'2021-01-19 02:54:12.305097','178','ST30',1,'[{\"added\": {}}]',18,2),(630,'2021-01-19 04:49:30.646997','179','LP6',1,'[{\"added\": {}}]',18,2),(631,'2021-01-19 04:58:51.064919','180','LP3',1,'[{\"added\": {}}]',18,2),(632,'2021-01-19 04:59:01.004471','181','LP8',1,'[{\"added\": {}}]',18,2),(633,'2021-01-19 05:05:08.410590','182','LP10',1,'[{\"added\": {}}]',18,2),(634,'2021-01-19 05:14:17.232087','183','LP11',1,'[{\"added\": {}}]',18,2),(635,'2021-01-19 05:23:36.821993','184','LP12',1,'[{\"added\": {}}]',18,2),(636,'2021-01-19 05:32:09.047551','185','LP4',1,'[{\"added\": {}}]',18,2),(637,'2021-01-19 05:36:45.944730','186','LP7',1,'[{\"added\": {}}]',18,2),(638,'2021-01-19 05:42:01.248519','187','LP2',1,'[{\"added\": {}}]',18,2),(639,'2021-01-19 05:46:37.319541','188','LP9',1,'[{\"added\": {}}]',18,2),(640,'2021-01-19 06:01:55.743228','189','LP5',1,'[{\"added\": {}}]',18,2),(641,'2021-01-19 06:39:53.933132','190','CASE6',1,'[{\"added\": {}}]',18,2),(642,'2021-01-19 06:43:21.628173','191','LGT5',1,'[{\"added\": {}}]',18,2),(643,'2021-01-19 06:43:23.653200','192','LP1',1,'[{\"added\": {}}]',18,2),(644,'2021-01-19 09:51:27.538119','85','MGG-2SETA31',2,'[{\"changed\": {\"fields\": [\"Group\"]}}]',18,2),(645,'2021-01-19 10:34:58.659599','33','MGGSETA3',2,'[{\"changed\": {\"fields\": [\"Group\"]}}]',18,2),(646,'2021-01-19 10:35:24.859360','34','MGGSETA5',2,'[{\"changed\": {\"fields\": [\"Group\"]}}]',18,2),(647,'2021-01-19 10:35:47.517574','42','MGGSETA8',2,'[{\"changed\": {\"fields\": [\"Group\"]}}]',18,2),(648,'2021-01-19 10:37:12.188380','45','PAPSETA7',2,'[{\"changed\": {\"fields\": [\"Group\"]}}]',18,2),(649,'2021-01-19 10:37:54.442497','39','PAPSETA2',2,'[{\"changed\": {\"fields\": [\"Group\"]}}]',18,2),(650,'2021-01-19 10:41:30.957839','35','MGGSETA4',2,'[{\"changed\": {\"fields\": [\"Group\"]}}]',18,2),(651,'2021-01-19 10:42:32.999613','48','MGGSETA6',2,'[{\"changed\": {\"fields\": [\"Group\"]}}]',18,2),(652,'2021-01-19 10:53:44.804610','36','MGGSETA7',2,'[{\"changed\": {\"fields\": [\"Group\"]}}]',18,2),(653,'2021-01-19 11:58:47.697573','156','ST2_9-1-2021_18-28-46',2,'[{\"changed\": {\"fields\": [\"Group\"]}}]',18,2),(654,'2021-01-19 14:10:49.422940','193','GY2',1,'[{\"added\": {}}]',18,2),(655,'2021-01-19 14:11:12.511382','194','GY4',1,'[{\"added\": {}}]',18,2),(656,'2021-01-19 15:31:57.748218','195','HN22',1,'[{\"added\": {}}]',18,2),(657,'2021-01-19 15:37:37.920018','196','LP13_9-1-2021_14-06-22',1,'[{\"added\": {}}]',18,2),(658,'2021-01-19 15:39:00.904777','197','LP14',1,'[{\"added\": {}}]',18,2),(659,'2021-01-19 15:43:40.550145','198','HN23',1,'[{\"added\": {}}]',18,2),(660,'2021-01-19 15:43:52.388783','199','LP15',1,'[{\"added\": {}}]',18,2),(661,'2021-01-19 15:57:09.875090','200','LP17',1,'[{\"added\": {}}]',18,2),(662,'2021-01-19 15:58:21.876659','201','LP13',1,'[{\"added\": {}}]',18,2),(663,'2021-01-19 16:05:02.240303','202','LP18_9-1-2021_14-13-41',1,'[{\"added\": {}}]',18,2),(664,'2021-01-19 16:08:22.729029','203','LP19',1,'[{\"added\": {}}]',18,2),(665,'2021-01-19 16:13:10.969107','204','LP20',1,'[{\"added\": {}}]',18,2),(666,'2021-01-19 16:16:48.689032','205','HN24',1,'[{\"added\": {}}]',18,2),(667,'2021-01-19 16:17:16.196723','206','LP21',1,'[{\"added\": {}}]',18,2),(668,'2021-01-19 16:25:48.747380','207','LP23',1,'[{\"added\": {}}]',18,2),(669,'2021-01-19 16:33:23.072420','208','LP24',1,'[{\"added\": {}}]',18,2),(670,'2021-01-19 16:40:31.282188','209','LP25',1,'[{\"added\": {}}]',18,2),(671,'2021-01-19 17:32:13.545273','210','LP18',1,'[{\"added\": {}}]',18,2),(672,'2021-01-19 17:32:36.977490','211','LP16',1,'[{\"added\": {}}]',18,2),(673,'2021-01-19 17:33:59.039035','212','HN25',1,'[{\"added\": {}}]',18,2),(674,'2021-01-19 17:48:14.774348','183','LP11',2,'[{\"changed\": {\"fields\": [\"UrlPath\"]}}]',18,2),(675,'2021-01-19 18:14:05.154322','213','LP22',1,'[{\"added\": {}}]',18,2),(676,'2021-01-19 18:30:11.466960','214','LP22_9-1-2021_14-20-04',1,'[{\"added\": {}}]',18,2),(677,'2021-01-19 18:46:51.869564','215','RN6',1,'[{\"added\": {}}]',18,2),(678,'2021-01-19 18:50:13.934975','216','RN5',1,'[{\"added\": {}}]',18,2),(679,'2021-01-19 19:52:13.100391','217','RN9',1,'[{\"added\": {}}]',18,2),(680,'2021-01-19 19:58:49.405529','218','RN4',1,'[{\"added\": {}}]',18,2),(681,'2021-01-19 20:05:08.815807','219','RN8',1,'[{\"added\": {}}]',18,2),(682,'2021-01-19 20:29:44.673472','220','RN7',1,'[{\"added\": {}}]',18,2),(683,'2021-01-19 20:34:03.668549','221','RN14',1,'[{\"added\": {}}]',18,2),(684,'2021-01-19 20:36:29.275631','222','RN10',1,'[{\"added\": {}}]',18,2),(685,'2021-01-19 20:38:07.570952','201','LP13',2,'[{\"changed\": {\"fields\": [\"Group\"]}}]',18,2),(686,'2021-01-19 20:40:24.803100','202','LP18_9-1-2021_14-13-41',2,'[{\"changed\": {\"fields\": [\"Group\"]}}]',18,2),(687,'2021-01-19 20:40:41.065362','214','LP22_9-1-2021_14-20-04',2,'[{\"changed\": {\"fields\": [\"Group\"]}}]',18,2),(688,'2021-01-19 20:57:48.814389','223','RN13',1,'[{\"added\": {}}]',18,2),(689,'2021-01-19 21:04:03.898845','224','RN11',1,'[{\"added\": {}}]',18,2),(690,'2021-01-19 21:28:53.778462','225','RN12',1,'[{\"added\": {}}]',18,2),(691,'2021-01-19 21:29:34.986541','226','RN16',1,'[{\"added\": {}}]',18,2),(692,'2021-01-19 21:53:54.495308','227','RN3',1,'[{\"added\": {}}]',18,2),(693,'2021-01-19 21:56:56.006992','228','BR18',1,'[{\"added\": {}}]',18,2),(694,'2021-01-19 22:00:30.554912','229','RN2',1,'[{\"added\": {}}]',18,2),(695,'2021-01-19 22:11:30.226305','230','BR17',1,'[{\"added\": {}}]',18,2),(696,'2021-01-19 22:54:29.589476','231','RN15',1,'[{\"added\": {}}]',18,2),(697,'2021-01-19 23:25:46.726664','224','RSN11',2,'[{\"changed\": {\"fields\": [\"Name\"]}}]',18,2),(698,'2021-01-19 23:25:52.532787','225','RSN12',2,'[{\"changed\": {\"fields\": [\"Name\"]}}]',18,2),(699,'2021-01-19 23:26:01.609116','223','RSN13',2,'[{\"changed\": {\"fields\": [\"Name\"]}}]',18,2),(700,'2021-01-19 23:26:06.352446','221','RSN14',2,'[{\"changed\": {\"fields\": [\"Name\"]}}]',18,2),(701,'2021-01-19 23:26:15.082908','231','RSN15',2,'[{\"changed\": {\"fields\": [\"Name\"]}}]',18,2),(702,'2021-01-19 23:26:23.506581','226','RSN16',2,'[{\"changed\": {\"fields\": [\"Name\"]}}]',18,2),(703,'2021-01-19 23:26:28.431339','229','RSN2',2,'[{\"changed\": {\"fields\": [\"Name\"]}}]',18,2),(704,'2021-01-19 23:26:37.859739','227','RSN3',2,'[{\"changed\": {\"fields\": [\"Name\"]}}]',18,2),(705,'2021-01-19 23:26:43.474790','218','RSN4',2,'[{\"changed\": {\"fields\": [\"Name\"]}}]',18,2),(706,'2021-01-19 23:26:48.970202','216','RSN5',2,'[{\"changed\": {\"fields\": [\"Name\"]}}]',18,2),(707,'2021-01-19 23:26:53.544292','215','RSN6',2,'[{\"changed\": {\"fields\": [\"Name\"]}}]',18,2),(708,'2021-01-19 23:26:56.999601','220','RSN7',2,'[{\"changed\": {\"fields\": [\"Name\"]}}]',18,2),(709,'2021-01-19 23:27:04.591388','219','RSN8',2,'[{\"changed\": {\"fields\": [\"Name\"]}}]',18,2),(710,'2021-01-19 23:27:10.369800','217','RSN9',2,'[{\"changed\": {\"fields\": [\"Name\"]}}]',18,2),(711,'2021-01-19 23:28:56.467984','222','RSN10',2,'[{\"changed\": {\"fields\": [\"Name\"]}}]',18,2),(712,'2021-01-19 23:38:13.352615','232','EN2',1,'[{\"added\": {}}]',18,2),(713,'2021-01-19 23:40:23.036225','233','BR19',1,'[{\"added\": {}}]',18,2),(714,'2021-01-19 23:47:31.082064','234','EN4',1,'[{\"added\": {}}]',18,2),(715,'2021-01-19 23:48:19.203856','235','EN5',1,'[{\"added\": {}}]',18,2),(716,'2021-01-20 00:10:42.880811','236','EN3',1,'[{\"added\": {}}]',18,2),(717,'2021-01-20 00:42:00.086794','237','EN1',1,'[{\"added\": {}}]',18,2),(718,'2021-01-20 01:10:15.690133','238','EN10',1,'[{\"added\": {}}]',18,2),(719,'2021-01-20 01:37:34.829053','239','EN9',1,'[{\"added\": {}}]',18,2),(720,'2021-01-20 01:48:02.257921','240','EN6',1,'[{\"added\": {}}]',18,2),(721,'2021-01-20 02:03:07.295319','241','EN7',1,'[{\"added\": {}}]',18,2),(722,'2021-01-20 02:05:35.364406','242','EN12',1,'[{\"added\": {}}]',18,2),(723,'2021-01-20 02:30:11.767680','243','EN8',1,'[{\"added\": {}}]',18,2),(724,'2021-01-20 02:34:35.166125','244','EN11',1,'[{\"added\": {}}]',18,2),(725,'2021-01-20 02:42:46.153916','245','EN13',1,'[{\"added\": {}}]',18,2),(726,'2021-01-20 13:38:55.138189','246','RI2',1,'[{\"added\": {}}]',18,2),(727,'2021-01-20 13:38:56.827371','247','RI6',1,'[{\"added\": {}}]',18,2),(728,'2021-01-20 13:42:19.432017','248','RI4',1,'[{\"added\": {}}]',18,2),(729,'2021-01-20 13:45:20.009591','249','RI5',1,'[{\"added\": {}}]',18,2),(730,'2021-01-20 13:52:53.455711','250','RI3',1,'[{\"added\": {}}]',18,2),(731,'2021-01-20 13:53:31.373844','251','RI1',1,'[{\"added\": {}}]',18,2),(732,'2021-01-20 14:13:52.796499','252','RI9',1,'[{\"added\": {}}]',18,2),(733,'2021-01-20 14:25:32.541303','253','RI11',1,'[{\"added\": {}}]',18,2),(734,'2021-01-20 14:36:44.494917','254','RI7',1,'[{\"added\": {}}]',18,2),(735,'2021-01-20 14:39:26.325071','255','RI8',1,'[{\"added\": {}}]',18,2),(736,'2021-01-20 14:42:42.322979','256','RI10',1,'[{\"added\": {}}]',18,2),(737,'2021-01-20 14:46:09.154162','257','RI12',1,'[{\"added\": {}}]',18,2),(738,'2021-01-20 14:54:10.843015','258','SET6RN12',1,'[{\"added\": {}}]',18,2),(739,'2021-01-20 14:54:49.062336','259','SET6RN9',1,'[{\"added\": {}}]',18,2),(740,'2021-01-20 14:54:54.278889','260','SET4RN11',1,'[{\"added\": {}}]',18,2),(741,'2021-01-20 15:45:19.491372','261','BP1',1,'[{\"added\": {}}]',18,2),(742,'2021-01-20 15:51:07.025798','262','BP2',1,'[{\"added\": {}}]',18,2),(743,'2021-01-20 16:03:08.987425','263','BP3',1,'[{\"added\": {}}]',18,2),(744,'2021-01-20 16:07:47.012237','264','BP5',1,'[{\"added\": {}}]',18,2),(745,'2021-01-20 16:38:33.320535','265','BP7',1,'[{\"added\": {}}]',18,2),(746,'2021-01-20 16:46:12.674486','266','BP6',1,'[{\"added\": {}}]',18,2),(747,'2021-01-20 16:46:37.915004','267','BP4',1,'[{\"added\": {}}]',18,2),(748,'2021-01-20 17:23:20.606179','268','BP9',1,'[{\"added\": {}}]',18,2),(749,'2021-01-20 17:41:43.307958','269','BP8',1,'[{\"added\": {}}]',18,2),(750,'2021-01-20 17:53:41.969215','270','BP10',1,'[{\"added\": {}}]',18,2),(751,'2021-01-20 18:24:30.670007','271','BP12',1,'[{\"added\": {}}]',18,2),(752,'2021-01-20 18:27:16.925285','272','BP11',1,'[{\"added\": {}}]',18,2),(753,'2021-01-20 18:31:56.727365','273','BP14',1,'[{\"added\": {}}]',18,2),(754,'2021-01-20 18:37:02.232838','274','BP13',1,'[{\"added\": {}}]',18,2),(755,'2021-01-20 18:37:09.592186','275','BP15',1,'[{\"added\": {}}]',18,2),(756,'2021-01-20 18:49:12.775124','276','BP16',1,'[{\"added\": {}}]',18,2),(757,'2021-01-20 19:13:31.994180','277','BP17',1,'[{\"added\": {}}]',18,2),(758,'2021-01-20 19:43:03.666575','278','MP1',1,'[{\"added\": {}}]',18,2),(759,'2021-01-20 19:47:01.599379','279','HN19',1,'[{\"added\": {}}]',18,2),(760,'2021-01-20 19:55:11.880621','280','MP3',1,'[{\"added\": {}}]',18,2),(761,'2021-01-20 20:23:10.075079','281','MP2',1,'[{\"added\": {}}]',18,2),(762,'2021-01-20 20:44:02.096174','282','GY6',1,'[{\"added\": {}}]',18,2),(763,'2021-01-20 20:55:18.414566','283','GY5',1,'[{\"added\": {}}]',18,2),(764,'2021-01-20 21:34:36.110112','284','GY7',1,'[{\"added\": {}}]',18,2),(765,'2021-01-20 21:49:08.860731','285','GY8',1,'[{\"added\": {}}]',18,2),(766,'2021-01-20 21:51:31.928367','286','GY9',1,'[{\"added\": {}}]',18,2),(767,'2021-01-20 22:32:49.876195','287','GY12',1,'[{\"added\": {}}]',18,2),(768,'2021-01-20 22:50:07.919017','288','GY13',1,'[{\"added\": {}}]',18,2),(769,'2021-01-20 22:55:30.849931','289','GY11',1,'[{\"added\": {}}]',18,2),(770,'2021-01-20 22:58:03.080486','290','GY10',1,'[{\"added\": {}}]',18,2),(771,'2021-01-21 00:19:36.862725','291','GY16',1,'[{\"added\": {}}]',18,2),(772,'2021-01-21 00:28:36.603193','292','GY17',1,'[{\"added\": {}}]',18,2),(773,'2021-01-21 00:30:01.420323','293','GY14',1,'[{\"added\": {}}]',18,2),(774,'2021-01-21 00:36:18.090787','294','GY15',1,'[{\"added\": {}}]',18,2),(775,'2021-01-21 00:53:10.859807','295','GY19',1,'[{\"added\": {}}]',18,2),(776,'2021-01-21 01:37:20.584515','296','GY20',1,'[{\"added\": {}}]',18,2),(777,'2021-01-21 01:43:38.706902','297','GY21',1,'[{\"added\": {}}]',18,2),(778,'2021-01-21 01:43:45.006367','298','GY18',1,'[{\"added\": {}}]',18,2),(779,'2021-01-21 02:39:03.345250','299','GY24',1,'[{\"added\": {}}]',18,2),(780,'2021-01-21 02:59:31.718528','300','GY22',1,'[{\"added\": {}}]',18,2),(781,'2021-01-21 03:03:28.052633','301','GY27',1,'[{\"added\": {}}]',18,2),(782,'2021-01-21 03:17:04.432055','302','GY28',1,'[{\"added\": {}}]',18,2),(783,'2021-01-21 03:37:25.726297','303','GY30',1,'[{\"added\": {}}]',18,2),(784,'2021-01-21 03:39:32.288037','304','GY23',1,'[{\"added\": {}}]',18,2),(785,'2021-01-21 03:40:30.008712','305','GY25',1,'[{\"added\": {}}]',18,2),(786,'2021-01-21 03:48:25.636488','306','GY26',1,'[{\"added\": {}}]',18,2),(787,'2021-01-21 03:54:33.631401','307','GY29',1,'[{\"added\": {}}]',18,2),(788,'2021-01-21 16:00:01.266705','308','CASE3',1,'[{\"added\": {}}]',18,2),(789,'2021-01-21 16:08:11.764128','309','CASE2',1,'[{\"added\": {}}]',18,2),(790,'2021-01-21 16:54:18.840070','310','CASE1',1,'[{\"added\": {}}]',18,2),(791,'2021-01-21 17:03:07.254887','311','CASE5',1,'[{\"added\": {}}]',18,2),(792,'2021-01-21 17:05:58.019582','312','CASE4',1,'[{\"added\": {}}]',18,2),(793,'2021-01-21 18:56:18.187348','313','CASE5_9-1-2021_15-54-56',1,'[{\"added\": {}}]',18,2),(794,'2021-01-21 19:11:11.725694','314','CASE8',1,'[{\"added\": {}}]',18,2),(795,'2021-01-21 19:21:01.791637','315','CASE9',1,'[{\"added\": {}}]',18,2),(796,'2021-01-21 19:38:02.728994','316','CASE11',1,'[{\"added\": {}}]',18,2),(797,'2021-01-21 19:41:49.930097','317','CASE10_9-1-2021_16-09-21',1,'[{\"added\": {}}]',18,2),(798,'2021-01-21 19:41:55.170253','318','CASE13',1,'[{\"added\": {}}]',18,2),(799,'2021-01-21 19:45:47.675893','319','CASE10',1,'[{\"added\": {}}]',18,2),(800,'2021-01-21 19:50:07.595944','320','CASE12',1,'[{\"added\": {}}]',18,2),(801,'2021-01-21 21:38:46.967497','321','CASE16',1,'[{\"added\": {}}]',18,2),(802,'2021-01-21 22:14:32.314929','322','CASE14',1,'[{\"added\": {}}]',18,2),(803,'2021-01-21 22:16:46.038901','323','CASE15',1,'[{\"added\": {}}]',18,2),(804,'2021-01-21 22:36:06.683615','324','CASE18',1,'[{\"added\": {}}]',18,2),(805,'2021-01-21 22:44:32.771713','325','CASE17',1,'[{\"added\": {}}]',18,2),(806,'2021-01-21 23:32:40.172357','326','CASE24',1,'[{\"added\": {}}]',18,2),(807,'2021-01-21 23:33:42.658335','327','CASE19',1,'[{\"added\": {}}]',18,2),(808,'2021-01-22 00:18:25.831618','328','CASE21',1,'[{\"added\": {}}]',18,2),(809,'2021-01-22 00:20:09.258477','329','CASE20',1,'[{\"added\": {}}]',18,2),(810,'2021-01-22 00:21:11.136699','330','CASE25',1,'[{\"added\": {}}]',18,2),(811,'2021-01-22 00:24:30.307833','331','CASE22',1,'[{\"added\": {}}]',18,2),(812,'2021-01-22 00:45:35.351453','332','CASE28',1,'[{\"added\": {}}]',18,2),(813,'2021-01-22 00:56:14.325049','333','CASE23',1,'[{\"added\": {}}]',18,2),(814,'2021-01-22 01:08:47.672502','334','CASE26C',1,'[{\"added\": {}}]',18,2),(815,'2021-01-22 01:21:35.245764','335','CASE26A',1,'[{\"added\": {}}]',18,2),(816,'2021-01-22 01:36:41.530506','336','CASE26B',1,'[{\"added\": {}}]',18,2),(817,'2021-01-22 01:49:29.898347','337','CASE30',1,'[{\"added\": {}}]',18,2),(818,'2021-01-22 01:50:42.251558','338','CASE27',1,'[{\"added\": {}}]',18,2),(819,'2021-01-22 01:53:06.876803','339','CASE29',1,'[{\"added\": {}}]',18,2),(820,'2021-01-22 02:14:26.016836','340','HN4',1,'[{\"added\": {}}]',18,2),(821,'2021-01-22 02:23:07.939093','341','HN5',1,'[{\"added\": {}}]',18,2),(822,'2021-01-22 02:25:59.403306','342','HN3',1,'[{\"added\": {}}]',18,2),(823,'2021-01-22 02:45:12.004950','343','HN7',1,'[{\"added\": {}}]',18,2),(824,'2021-01-22 02:59:49.263468','344','HN9',1,'[{\"added\": {}}]',18,2),(825,'2021-01-22 03:02:10.482497','345','HN11',1,'[{\"added\": {}}]',18,2),(826,'2021-01-22 03:08:52.366474','346','HN6',1,'[{\"added\": {}}]',18,2),(827,'2021-01-22 03:21:11.728133','347','HN2',1,'[{\"added\": {}}]',18,2),(828,'2021-01-22 03:21:14.323627','348','HN8',1,'[{\"added\": {}}]',18,2),(829,'2021-01-22 03:43:57.640454','349','HN10',1,'[{\"added\": {}}]',18,2),(830,'2021-01-22 04:18:12.292283','350','HN15',1,'[{\"added\": {}}]',18,2),(831,'2021-01-22 04:23:23.488521','351','HN16',1,'[{\"added\": {}}]',18,2),(832,'2021-01-22 04:47:11.160358','352','HN17',1,'[{\"added\": {}}]',18,2),(833,'2021-01-22 05:01:13.364774','353','HN12',1,'[{\"added\": {}}]',18,2),(834,'2021-01-22 05:04:13.433851','354','HN14',1,'[{\"added\": {}}]',18,2),(835,'2021-01-22 05:18:51.984151','355','HN18',1,'[{\"added\": {}}]',18,2),(836,'2021-01-22 05:26:41.801194','356','HN13',1,'[{\"added\": {}}]',18,2),(837,'2021-01-22 05:29:47.669717','357','HN21',1,'[{\"added\": {}}]',18,2),(838,'2021-01-22 05:33:51.518714','358','HN20',1,'[{\"added\": {}}]',18,2),(839,'2021-01-22 05:45:07.787455','359','LYMPHO21',1,'[{\"added\": {}}]',18,2),(840,'2021-01-22 13:41:22.740867','360','DICOM_test_1',1,'[{\"added\": {}}]',18,2),(841,'2021-01-22 15:51:12.684043','361','SET5LR2',1,'[{\"added\": {}}]',18,2),(842,'2021-01-22 16:01:22.794827','362','SET5LR3',1,'[{\"added\": {}}]',18,2),(843,'2021-01-22 16:03:12.214367','363','SET5LR6',1,'[{\"added\": {}}]',18,2),(844,'2021-01-22 16:07:21.381024','364','SET5LR5',1,'[{\"added\": {}}]',18,2),(845,'2021-01-22 16:29:18.618161','365','SET5LR4',1,'[{\"added\": {}}]',18,2),(846,'2021-01-22 16:39:36.550157','366','SET5LR15',1,'[{\"added\": {}}]',18,2),(847,'2021-01-22 16:50:32.476473','114','GY01',2,'[{\"changed\": {\"fields\": [\"Name\"]}}]',18,2),(848,'2021-01-22 16:50:42.818931','261','BP01',2,'[{\"changed\": {\"fields\": [\"Name\"]}}]',18,2),(849,'2021-01-22 16:50:49.179965','262','BP02',2,'[{\"changed\": {\"fields\": [\"Name\"]}}]',18,2),(850,'2021-01-22 16:50:56.636122','263','BP03',2,'[{\"changed\": {\"fields\": [\"Name\"]}}]',18,2),(851,'2021-01-22 17:14:59.158719','367','SET5LR18',1,'[{\"added\": {}}]',18,2),(852,'2021-01-22 17:34:16.048197','368','SET5LR17',1,'[{\"added\": {}}]',18,2),(853,'2021-01-22 17:48:25.394262','369','SET5LR1',1,'[{\"added\": {}}]',18,2),(854,'2021-01-22 18:36:07.127891','370','SET5LR16',1,'[{\"added\": {}}]',18,2),(855,'2021-01-22 18:45:27.544181','371','SET5LR10',1,'[{\"added\": {}}]',18,2),(856,'2021-01-22 18:50:41.751725','372','SET5LR19',1,'[{\"added\": {}}]',18,2),(857,'2021-01-22 18:57:42.516945','373','SET5LR9',1,'[{\"added\": {}}]',18,2),(858,'2021-01-22 19:03:45.338623','374','SET5LR20',1,'[{\"added\": {}}]',18,2),(859,'2021-01-22 19:22:31.523515','375','SET6LR8',1,'[{\"added\": {}}]',18,2),(860,'2021-01-22 19:25:34.760585','376','SET6LR7',1,'[{\"added\": {}}]',18,2),(861,'2021-01-22 19:38:53.552080','377','SET6LR14',1,'[{\"added\": {}}]',18,2),(862,'2021-01-22 20:02:41.931444','378','EX01',1,'[{\"added\": {}}]',18,2),(863,'2021-01-22 20:03:43.851440','379','EX06',1,'[{\"added\": {}}]',18,2),(864,'2021-01-22 20:06:13.002695','380','EX03',1,'[{\"added\": {}}]',18,2),(865,'2021-01-22 20:11:02.944172','381','EX08',1,'[{\"added\": {}}]',18,2),(866,'2021-01-22 20:31:15.213557','382','EX04',1,'[{\"added\": {}}]',18,2),(867,'2021-01-22 20:49:07.096899','383','EX02',1,'[{\"added\": {}}]',18,2),(868,'2021-01-22 21:46:15.733752','384','EX11',1,'[{\"added\": {}}]',18,2),(869,'2021-01-22 21:47:06.459727','385','EX07',1,'[{\"added\": {}}]',18,2),(870,'2021-01-22 21:54:12.130648','386','EX05',1,'[{\"added\": {}}]',18,2),(871,'2021-01-22 21:54:27.238824','387','EX10',1,'[{\"added\": {}}]',18,2),(872,'2021-01-22 21:54:49.708220','388','EX12',1,'[{\"added\": {}}]',18,2),(873,'2021-01-22 21:54:51.400190','389','EX09',1,'[{\"added\": {}}]',18,2),(874,'2021-01-22 22:37:05.876035','390','EX16',1,'[{\"added\": {}}]',18,2),(875,'2021-01-22 22:46:36.483486','391','EX13',1,'[{\"added\": {}}]',18,2),(876,'2021-01-22 22:47:14.473988','392','LGT17',1,'[{\"added\": {}}]',18,2),(877,'2021-01-22 22:53:59.730406','393','EX14',1,'[{\"added\": {}}]',18,2),(878,'2021-01-22 23:08:58.503633','394','EX15',1,'[{\"added\": {}}]',18,2),(879,'2021-01-22 23:49:36.146188','395','LGT19',1,'[{\"added\": {}}]',18,2),(880,'2021-01-23 00:02:29.143345','396','LGT20',1,'[{\"added\": {}}]',18,2),(881,'2021-01-23 00:03:52.478261','397','LGT18',1,'[{\"added\": {}}]',18,2),(882,'2021-01-23 02:39:42.790298','191','LGT05',2,'[{\"changed\": {\"fields\": [\"Name\"]}}]',18,2),(883,'2021-01-23 02:43:08.342198','267','BP04',2,'[{\"changed\": {\"fields\": [\"Name\"]}}]',18,2),(884,'2021-01-23 02:43:15.423359','264','BP05',2,'[{\"changed\": {\"fields\": [\"Name\"]}}]',18,2),(885,'2021-01-23 02:43:20.266227','266','BP06',2,'[{\"changed\": {\"fields\": [\"Name\"]}}]',18,2),(886,'2021-01-23 02:43:26.513299','265','BP07',2,'[{\"changed\": {\"fields\": [\"Name\"]}}]',18,2),(887,'2021-01-23 02:43:31.272214','269','BP08',2,'[{\"changed\": {\"fields\": [\"Name\"]}}]',18,2),(888,'2021-01-23 02:43:40.907511','268','BP09',2,'[{\"changed\": {\"fields\": [\"Name\"]}}]',18,2),(889,'2021-01-23 02:43:51.761682','310','CASE01',2,'[{\"changed\": {\"fields\": [\"Name\"]}}]',18,2),(890,'2021-01-23 02:44:00.523204','309','CASE02',2,'[{\"changed\": {\"fields\": [\"Name\"]}}]',18,2),(891,'2021-01-23 02:44:08.032517','308','CASE03',2,'[{\"changed\": {\"fields\": [\"Name\"]}}]',18,2),(892,'2021-01-23 02:44:17.042915','312','CASE04',2,'[{\"changed\": {\"fields\": [\"Name\"]}}]',18,2),(893,'2021-01-23 02:44:23.324413','311','CASE05',2,'[{\"changed\": {\"fields\": [\"Name\"]}}]',18,2),(894,'2021-01-23 02:44:30.554440','190','CASE06',2,'[{\"changed\": {\"fields\": [\"Name\"]}}]',18,2),(895,'2021-01-23 02:44:37.117136','314','CASE08',2,'[{\"changed\": {\"fields\": [\"Name\"]}}]',18,2),(896,'2021-01-23 02:44:42.838109','315','CASE09',2,'[{\"changed\": {\"fields\": [\"Name\"]}}]',18,2),(897,'2021-01-23 02:45:13.350678','237','EN01',2,'[{\"changed\": {\"fields\": [\"Name\"]}}]',18,2),(898,'2021-01-23 02:45:20.536476','232','EN02',2,'[{\"changed\": {\"fields\": [\"Name\"]}}]',18,2),(899,'2021-01-23 02:45:27.524188','236','EN03',2,'[{\"changed\": {\"fields\": [\"Name\"]}}]',18,2),(900,'2021-01-23 02:45:34.279013','234','EN04',2,'[{\"changed\": {\"fields\": [\"Name\"]}}]',18,2),(901,'2021-01-23 02:45:39.779285','235','EN05',2,'[{\"changed\": {\"fields\": [\"Name\"]}}]',18,2),(902,'2021-01-23 02:45:48.020267','240','EN06',2,'[{\"changed\": {\"fields\": [\"Name\"]}}]',18,2),(903,'2021-01-23 02:45:53.748920','241','EN07',2,'[{\"changed\": {\"fields\": [\"Name\"]}}]',18,2),(904,'2021-01-23 02:45:59.352762','243','EN08',2,'[{\"changed\": {\"fields\": [\"Name\"]}}]',18,2),(905,'2021-01-23 02:46:05.506860','239','EN09',2,'[{\"changed\": {\"fields\": [\"Name\"]}}]',18,2),(906,'2021-01-23 02:46:28.950567','193','GY02',2,'[{\"changed\": {\"fields\": [\"Name\"]}}]',18,2),(907,'2021-01-23 02:46:38.988086','194','GY04',2,'[{\"changed\": {\"fields\": [\"Name\"]}}]',18,2),(908,'2021-01-23 02:46:44.023823','283','GY05',2,'[{\"changed\": {\"fields\": [\"Name\"]}}]',18,2),(909,'2021-01-23 02:46:49.736650','282','GY06',2,'[{\"changed\": {\"fields\": [\"Name\"]}}]',18,2),(910,'2021-01-23 02:46:55.435237','284','GY07',2,'[{\"changed\": {\"fields\": [\"Name\"]}}]',18,2),(911,'2021-01-23 02:47:01.768928','285','GY08',2,'[{\"changed\": {\"fields\": [\"Name\"]}}]',18,2),(912,'2021-01-23 02:47:08.893229','286','GY09',2,'[{\"changed\": {\"fields\": [\"Name\"]}}]',18,2),(913,'2021-01-23 02:49:45.836063','347','HN02',2,'[{\"changed\": {\"fields\": [\"Name\"]}}]',18,2),(914,'2021-01-23 02:50:00.662151','342','HN03',2,'[{\"changed\": {\"fields\": [\"Name\"]}}]',18,2),(915,'2021-01-23 02:50:05.901197','340','HN04',2,'[{\"changed\": {\"fields\": [\"Name\"]}}]',18,2),(916,'2021-01-23 02:50:10.858276','341','HN05',2,'[{\"changed\": {\"fields\": [\"Name\"]}}]',18,2),(917,'2021-01-23 02:50:16.516824','346','HN06',2,'[{\"changed\": {\"fields\": [\"Name\"]}}]',18,2),(918,'2021-01-23 02:50:21.948136','343','HN07',2,'[{\"changed\": {\"fields\": [\"Name\"]}}]',18,2),(919,'2021-01-23 02:50:28.240243','348','HN08',2,'[{\"changed\": {\"fields\": [\"Name\"]}}]',18,2),(920,'2021-01-23 02:50:34.518748','344','HN09',2,'[{\"changed\": {\"fields\": [\"Name\"]}}]',18,2),(921,'2021-01-23 02:50:59.043315','192','LP01',2,'[{\"changed\": {\"fields\": [\"Name\"]}}]',18,2),(922,'2021-01-23 02:51:07.682479','187','LP02',2,'[{\"changed\": {\"fields\": [\"Name\"]}}]',18,2),(923,'2021-01-23 02:51:18.008447','180','LP03',2,'[{\"changed\": {\"fields\": [\"Name\"]}}]',18,2),(924,'2021-01-23 02:51:27.811789','185','LP04',2,'[{\"changed\": {\"fields\": [\"Name\"]}}]',18,2),(925,'2021-01-23 02:51:34.877967','189','LP05',2,'[{\"changed\": {\"fields\": [\"Name\"]}}]',18,2),(926,'2021-01-23 02:51:42.444272','179','LP06',2,'[{\"changed\": {\"fields\": [\"Name\"]}}]',18,2),(927,'2021-01-23 02:51:48.627250','186','LP07',2,'[{\"changed\": {\"fields\": [\"Name\"]}}]',18,2),(928,'2021-01-23 02:51:54.466234','181','LP08',2,'[{\"changed\": {\"fields\": [\"Name\"]}}]',18,2),(929,'2021-01-23 02:52:00.662786','188','LP09',2,'[{\"changed\": {\"fields\": [\"Name\"]}}]',18,2),(930,'2021-01-23 02:52:41.465248','37','MGGSETA01',2,'[{\"changed\": {\"fields\": [\"Name\"]}}]',18,2),(931,'2021-01-23 02:53:09.499234','40','MGGSETA02',2,'[{\"changed\": {\"fields\": [\"Name\"]}}]',18,2),(932,'2021-01-23 02:53:15.342795','33','MGGSETA03',2,'[{\"changed\": {\"fields\": [\"Name\"]}}]',18,2),(933,'2021-01-23 02:53:20.975637','35','MGGSETA04',2,'[{\"changed\": {\"fields\": [\"Name\"]}}]',18,2),(934,'2021-01-23 02:53:25.469689','34','MGGSETA05',2,'[{\"changed\": {\"fields\": [\"Name\"]}}]',18,2),(935,'2021-01-23 02:53:30.305159','48','MGGSETA06',2,'[{\"changed\": {\"fields\": [\"Name\"]}}]',18,2),(936,'2021-01-23 02:53:40.064503','36','MGGSETA07',2,'[{\"changed\": {\"fields\": [\"Name\"]}}]',18,2),(937,'2021-01-23 02:53:44.921211','42','MGGSETA08',2,'[{\"changed\": {\"fields\": [\"Name\"]}}]',18,2),(938,'2021-01-23 02:54:07.024633','251','RI01',2,'[{\"changed\": {\"fields\": [\"Name\"]}}]',18,2),(939,'2021-01-23 02:54:12.985557','278','MP01',2,'[{\"changed\": {\"fields\": [\"Name\"]}}]',18,2),(940,'2021-01-23 02:54:17.166635','281','MP02',2,'[{\"changed\": {\"fields\": [\"Name\"]}}]',18,2),(941,'2021-01-23 02:54:21.475229','280','MP03',2,'[{\"changed\": {\"fields\": [\"Name\"]}}]',18,2),(942,'2021-01-23 02:54:30.008949','246','RI02',2,'[{\"changed\": {\"fields\": [\"Name\"]}}]',18,2),(943,'2021-01-23 02:54:35.687297','250','RI03',2,'[{\"changed\": {\"fields\": [\"Name\"]}}]',18,2),(944,'2021-01-23 02:54:41.081267','248','RI04',2,'[{\"changed\": {\"fields\": [\"Name\"]}}]',18,2),(945,'2021-01-23 02:54:47.110723','249','RI05',2,'[{\"changed\": {\"fields\": [\"Name\"]}}]',18,2),(946,'2021-01-23 02:54:53.000264','247','RI06',2,'[{\"changed\": {\"fields\": [\"Name\"]}}]',18,2),(947,'2021-01-23 02:54:59.546119','254','RI07',2,'[{\"changed\": {\"fields\": [\"Name\"]}}]',18,2),(948,'2021-01-23 02:55:05.744545','255','RI08',2,'[{\"changed\": {\"fields\": [\"Name\"]}}]',18,2),(949,'2021-01-23 02:55:12.472367','252','RI09',2,'[{\"changed\": {\"fields\": [\"Name\"]}}]',18,2),(950,'2021-01-23 02:55:28.622793','229','RSN02',2,'[{\"changed\": {\"fields\": [\"Name\"]}}]',18,2),(951,'2021-01-23 02:55:35.081091','227','RSN03',2,'[{\"changed\": {\"fields\": [\"Name\"]}}]',18,2),(952,'2021-01-23 02:55:41.936190','218','RSN04',2,'[{\"changed\": {\"fields\": [\"Name\"]}}]',18,2),(953,'2021-01-23 02:55:48.727519','216','RSN05',2,'[{\"changed\": {\"fields\": [\"Name\"]}}]',18,2),(954,'2021-01-23 02:55:54.921208','215','RSN06',2,'[{\"changed\": {\"fields\": [\"Name\"]}}]',18,2),(955,'2021-01-23 02:56:00.434183','220','RSN07',2,'[{\"changed\": {\"fields\": [\"Name\"]}}]',18,2),(956,'2021-01-23 02:56:05.520651','219','RSN08',2,'[{\"changed\": {\"fields\": [\"Name\"]}}]',18,2),(957,'2021-01-23 02:56:13.892667','217','RSN09',2,'[{\"changed\": {\"fields\": [\"Name\"]}}]',18,2),(958,'2021-01-23 02:56:21.840143','369','SET5LR01',2,'[{\"changed\": {\"fields\": [\"Name\"]}}]',18,2),(959,'2021-01-23 02:56:33.763672','361','SET5LR02',2,'[{\"changed\": {\"fields\": [\"Name\"]}}]',18,2),(960,'2021-01-23 02:56:41.928443','362','SET5LR03',2,'[{\"changed\": {\"fields\": [\"Name\"]}}]',18,2),(961,'2021-01-23 02:56:47.633518','365','SET5LR04',2,'[{\"changed\": {\"fields\": [\"Name\"]}}]',18,2),(962,'2021-01-23 02:56:53.825815','364','SET5LR05',2,'[{\"changed\": {\"fields\": [\"Name\"]}}]',18,2),(963,'2021-01-23 02:57:03.762810','363','SET5LR06',2,'[{\"changed\": {\"fields\": [\"Name\"]}}]',18,2),(964,'2021-01-23 02:57:12.523276','373','SET5LR09',2,'[{\"changed\": {\"fields\": [\"Name\"]}}]',18,2),(965,'2021-01-23 02:57:20.837775','376','SET6LR07',2,'[{\"changed\": {\"fields\": [\"Name\"]}}]',18,2),(966,'2021-01-23 02:57:26.874326','375','SET6LR08',2,'[{\"changed\": {\"fields\": [\"Name\"]}}]',18,2),(967,'2021-01-23 02:57:32.991170','98','SET6RN01',2,'[{\"changed\": {\"fields\": [\"Name\"]}}]',18,2),(968,'2021-01-23 02:57:38.786244','111','SET6RN02',2,'[{\"changed\": {\"fields\": [\"Name\"]}}]',18,2),(969,'2021-01-23 02:57:44.115314','100','SET6RN03',2,'[{\"changed\": {\"fields\": [\"Name\"]}}]',18,2),(970,'2021-01-23 02:57:49.779897','99','SET6RN04',2,'[{\"changed\": {\"fields\": [\"Name\"]}}]',18,2),(971,'2021-01-23 02:57:54.567533','101','SET6RN05',2,'[{\"changed\": {\"fields\": [\"Name\"]}}]',18,2),(972,'2021-01-23 02:57:59.708529','102','SET6RN06',2,'[{\"changed\": {\"fields\": [\"Name\"]}}]',18,2),(973,'2021-01-23 02:58:05.215669','103','SET6RN07',2,'[{\"changed\": {\"fields\": [\"Name\"]}}]',18,2),(974,'2021-01-23 02:59:01.378286','105','SET6RN09',2,'[{\"changed\": {\"fields\": [\"Name\"]}}]',18,2),(975,'2021-01-23 02:59:08.694563','259','SET6RN09',2,'[{\"changed\": {\"fields\": [\"Name\"]}}]',18,2),(976,'2021-01-23 02:59:15.255637','104','SET7RN08',2,'[{\"changed\": {\"fields\": [\"Name\"]}}]',18,2),(977,'2021-01-23 02:59:52.169225','38','PAPSETA01',2,'[{\"changed\": {\"fields\": [\"Name\"]}}]',18,2),(978,'2021-01-23 03:00:01.543214','39','PAPSETA02',2,'[{\"changed\": {\"fields\": [\"Name\"]}}]',18,2),(979,'2021-01-23 03:00:06.008013','41','PAPSETA03',2,'[{\"changed\": {\"fields\": [\"Name\"]}}]',18,2),(980,'2021-01-23 03:00:15.796648','44','PAPSETA04',2,'[{\"changed\": {\"fields\": [\"Name\"]}}]',18,2),(981,'2021-01-23 03:00:20.112997','43','PAPSETA05',2,'[{\"changed\": {\"fields\": [\"Name\"]}}]',18,2),(982,'2021-01-23 03:00:25.505882','46','PAPSETA06',2,'[{\"changed\": {\"fields\": [\"Name\"]}}]',18,2),(983,'2021-01-23 03:00:33.557380','45','PAPSETA07',2,'[{\"changed\": {\"fields\": [\"Name\"]}}]',18,2),(984,'2021-01-23 03:00:39.065524','50','PAPSETA08',2,'[{\"changed\": {\"fields\": [\"Name\"]}}]',18,2),(985,'2021-01-23 03:00:44.482153','47','PAPSETA09',2,'[{\"changed\": {\"fields\": [\"Name\"]}}]',18,2),(986,'2021-01-23 03:20:36.985951','398','LGT02',1,'[{\"added\": {}}]',18,2),(987,'2021-01-23 03:22:38.756155','399','LGT07',1,'[{\"added\": {}}]',18,2),(988,'2021-01-23 03:36:11.378872','400','LGT06',1,'[{\"added\": {}}]',18,2),(989,'2021-01-23 03:39:40.124482','401','LGT09',1,'[{\"added\": {}}]',18,2),(990,'2021-01-23 03:52:01.848673','402','LGT08',1,'[{\"added\": {}}]',18,2),(991,'2021-01-23 04:02:59.862960','403','LGT10',1,'[{\"added\": {}}]',18,2),(992,'2021-01-23 04:04:39.588536','404','LGT11',1,'[{\"added\": {}}]',18,2),(993,'2021-01-23 04:19:22.991533','405','LGT12',1,'[{\"added\": {}}]',18,2),(994,'2021-01-23 05:12:34.762060','406','LGT04',1,'[{\"added\": {}}]',18,2),(995,'2021-01-23 05:13:19.901073','407','LGT14',1,'[{\"added\": {}}]',18,2),(996,'2021-01-23 05:45:31.713144','408','LGT13',1,'[{\"added\": {}}]',18,2),(997,'2021-01-23 05:46:38.881779','409','LGT01',1,'[{\"added\": {}}]',18,2),(998,'2021-01-23 05:49:25.003411','410','LGT03',1,'[{\"added\": {}}]',18,2),(999,'2021-01-23 05:56:07.207275','411','LGT15',1,'[{\"added\": {}}]',18,2),(1000,'2021-01-23 06:13:17.131611','412','LGT16',1,'[{\"added\": {}}]',18,2),(1001,'2021-01-23 16:36:19.474470','377','LR14',2,'[{\"changed\": {\"fields\": [\"Name\"]}}]',18,2),(1002,'2021-01-23 16:36:37.242762','376','LR07',2,'[{\"changed\": {\"fields\": [\"Name\"]}}]',18,2),(1003,'2021-01-23 16:36:51.372049','375','LR08',2,'[{\"changed\": {\"fields\": [\"Name\"]}}]',18,2),(1004,'2021-01-23 16:36:59.523975','374','LR20',2,'[{\"changed\": {\"fields\": [\"Name\"]}}]',18,2),(1005,'2021-01-23 16:37:03.717856','373','LR09',2,'[{\"changed\": {\"fields\": [\"Name\"]}}]',18,2),(1006,'2021-01-23 16:37:08.209715','372','LR19',2,'[{\"changed\": {\"fields\": [\"Name\"]}}]',18,2),(1007,'2021-01-23 16:37:14.609580','371','LR10',2,'[{\"changed\": {\"fields\": [\"Name\"]}}]',18,2),(1008,'2021-01-23 16:37:19.893802','370','LR16',2,'[{\"changed\": {\"fields\": [\"Name\"]}}]',18,2),(1009,'2021-01-23 16:37:24.031130','369','LR01',2,'[{\"changed\": {\"fields\": [\"Name\"]}}]',18,2),(1010,'2021-01-23 16:37:29.871301','368','LR17',2,'[{\"changed\": {\"fields\": [\"Name\"]}}]',18,2),(1011,'2021-01-23 16:37:35.612052','368','LR17',2,'[]',18,2),(1012,'2021-01-23 16:37:40.781541','367','LR18',2,'[{\"changed\": {\"fields\": [\"Name\"]}}]',18,2),(1013,'2021-01-23 16:37:45.924421','366','LR15',2,'[{\"changed\": {\"fields\": [\"Name\"]}}]',18,2),(1014,'2021-01-23 16:37:51.884416','365','LR04',2,'[{\"changed\": {\"fields\": [\"Name\"]}}]',18,2),(1015,'2021-01-23 16:37:58.281840','364','LR05',2,'[{\"changed\": {\"fields\": [\"Name\"]}}]',18,2),(1016,'2021-01-23 16:38:02.430161','363','LR06',2,'[{\"changed\": {\"fields\": [\"Name\"]}}]',18,2),(1017,'2021-01-23 16:38:07.371727','362','LR03',2,'[{\"changed\": {\"fields\": [\"Name\"]}}]',18,2),(1018,'2021-01-23 16:38:12.096253','361','LR02',2,'[{\"changed\": {\"fields\": [\"Name\"]}}]',18,2),(1019,'2021-01-23 17:05:05.041949','308','UR03',2,'[{\"changed\": {\"fields\": [\"Name\"]}}]',18,2),(1020,'2021-01-23 17:05:10.335022','309','UR02',2,'[{\"changed\": {\"fields\": [\"Name\"]}}]',18,2),(1021,'2021-01-23 17:05:52.619701','310','UR01',2,'[{\"changed\": {\"fields\": [\"Name\"]}}]',18,2),(1022,'2021-01-23 17:05:56.512647','311','UR05',2,'[{\"changed\": {\"fields\": [\"Name\"]}}]',18,2),(1023,'2021-01-23 17:06:01.412164','312','UR04',2,'[{\"changed\": {\"fields\": [\"Name\"]}}]',18,2),(1024,'2021-01-23 17:06:49.056733','313','UR5_9-1-2021_15-54-56',2,'[{\"changed\": {\"fields\": [\"Name\"]}}]',18,2),(1025,'2021-01-23 17:06:58.665407','314','UR08',2,'[{\"changed\": {\"fields\": [\"Name\"]}}]',18,2),(1026,'2021-01-23 17:07:02.311219','315','UR09',2,'[{\"changed\": {\"fields\": [\"Name\"]}}]',18,2),(1027,'2021-01-23 17:07:07.479768','316','UR11',2,'[{\"changed\": {\"fields\": [\"Name\"]}}]',18,2),(1028,'2021-01-23 17:07:12.474306','317','UR10_9-1-2021_16-09-21',2,'[{\"changed\": {\"fields\": [\"Name\"]}}]',18,2),(1029,'2021-01-23 17:07:16.885078','318','UR13',2,'[{\"changed\": {\"fields\": [\"Name\"]}}]',18,2),(1030,'2021-01-23 17:07:22.253036','319','UR10',2,'[{\"changed\": {\"fields\": [\"Name\"]}}]',18,2),(1031,'2021-01-23 17:07:57.287820','320','UR12',2,'[{\"changed\": {\"fields\": [\"Name\"]}}]',18,2),(1032,'2021-01-23 17:08:04.077681','321','UR16',2,'[{\"changed\": {\"fields\": [\"Name\"]}}]',18,2),(1033,'2021-01-23 17:08:08.410647','322','UR14',2,'[{\"changed\": {\"fields\": [\"Name\"]}}]',18,2),(1034,'2021-01-23 17:08:12.701611','323','UR15',2,'[{\"changed\": {\"fields\": [\"Name\"]}}]',18,2),(1035,'2021-01-23 17:08:18.155423','324','UR18',2,'[{\"changed\": {\"fields\": [\"Name\"]}}]',18,2),(1036,'2021-01-23 17:08:22.261683','325','UR17',2,'[{\"changed\": {\"fields\": [\"Name\"]}}]',18,2),(1037,'2021-01-23 17:08:27.708550','326','UR24',2,'[{\"changed\": {\"fields\": [\"Name\"]}}]',18,2),(1038,'2021-01-23 17:10:10.965739','327','UR19',2,'[{\"changed\": {\"fields\": [\"Name\"]}}]',18,2),(1039,'2021-01-23 17:10:15.258229','328','UR21',2,'[{\"changed\": {\"fields\": [\"Name\"]}}]',18,2),(1040,'2021-01-23 17:10:19.379815','329','UR20',2,'[{\"changed\": {\"fields\": [\"Name\"]}}]',18,2),(1041,'2021-01-23 17:10:30.937437','330','UR25',2,'[{\"changed\": {\"fields\": [\"Name\"]}}]',18,2),(1042,'2021-01-23 17:10:40.064006','331','UR22',2,'[{\"changed\": {\"fields\": [\"Name\"]}}]',18,2),(1043,'2021-01-23 17:10:48.268157','332','UR28',2,'[{\"changed\": {\"fields\": [\"Name\"]}}]',18,2),(1044,'2021-01-23 17:10:52.458446','333','UR23',2,'[{\"changed\": {\"fields\": [\"Name\"]}}]',18,2),(1045,'2021-01-23 17:11:23.646831','334','UR26C',2,'[{\"changed\": {\"fields\": [\"Name\"]}}]',18,2),(1046,'2021-01-23 17:11:26.100123','260','RN11',2,'[{\"changed\": {\"fields\": [\"Name\"]}}]',18,2),(1047,'2021-01-23 17:11:31.184338','335','UR26A',2,'[{\"changed\": {\"fields\": [\"Name\"]}}]',18,2),(1048,'2021-01-23 17:11:35.400098','336','UR26B',2,'[{\"changed\": {\"fields\": [\"Name\"]}}]',18,2),(1049,'2021-01-23 17:11:39.539673','337','UR30',2,'[{\"changed\": {\"fields\": [\"Name\"]}}]',18,2),(1050,'2021-01-23 17:11:44.763761','338','UR27',2,'[{\"changed\": {\"fields\": [\"Name\"]}}]',18,2),(1051,'2021-01-23 17:11:49.238684','339','UR29',2,'[{\"changed\": {\"fields\": [\"Name\"]}}]',18,2),(1052,'2021-01-23 17:47:38.776018','98','RN01',2,'[{\"changed\": {\"fields\": [\"Name\"]}}]',18,2),(1053,'2021-01-23 17:47:50.829885','112','RN10',2,'[{\"changed\": {\"fields\": [\"Name\"]}}]',18,2),(1054,'2021-01-23 17:47:54.956531','258','RN12',2,'[{\"changed\": {\"fields\": [\"Name\"]}}]',18,2),(1055,'2021-01-23 17:48:02.872979','111','RN02',2,'[{\"changed\": {\"fields\": [\"Name\"]}}]',18,2),(1056,'2021-01-23 17:48:10.257802','100','RN03',2,'[{\"changed\": {\"fields\": [\"Name\"]}}]',18,2),(1057,'2021-01-23 17:48:18.317225','99','RN04',2,'[{\"changed\": {\"fields\": [\"Name\"]}}]',18,2),(1058,'2021-01-23 17:48:23.494158','101','RN05',2,'[{\"changed\": {\"fields\": [\"Name\"]}}]',18,2),(1059,'2021-01-23 17:48:30.099292','102','RN06',2,'[{\"changed\": {\"fields\": [\"Name\"]}}]',18,2),(1060,'2021-01-23 17:48:36.456467','103','RN07',2,'[{\"changed\": {\"fields\": [\"Name\"]}}]',18,2),(1061,'2021-01-23 17:48:39.983652','105','RN09',2,'[{\"changed\": {\"fields\": [\"Name\"]}}]',18,2),(1062,'2021-01-23 17:48:44.711397','259','RN09',2,'[{\"changed\": {\"fields\": [\"Name\"]}}]',18,2),(1063,'2021-01-23 17:48:50.300885','104','RN08',2,'[{\"changed\": {\"fields\": [\"Name\"]}}]',18,2),(1064,'2021-01-24 08:16:13.195177','261','BP01',2,'[]',18,2),(1065,'2021-01-24 08:23:03.895755','152','Dicom',1,'[{\"added\": {}}]',16,2),(1066,'2021-01-24 09:13:14.380190','413','Dicom',1,'[{\"added\": {}}]',18,2),(1067,'2021-01-24 09:16:30.167033','413','Dicom',2,'[{\"changed\": {\"fields\": [\"Group\"]}}]',18,2),(1068,'2021-01-24 09:16:39.729673','1','H&E',2,'[{\"changed\": {\"fields\": [\"Group\"]}}]',18,2),(1069,'2021-01-24 10:39:25.568170','2','SI_01',2,'[{\"changed\": {\"fields\": [\"Group\"]}}]',18,2),(1070,'2021-01-25 17:57:31.596356','414','BR02',1,'[{\"added\": {}}]',18,2),(1071,'2021-01-25 18:04:28.519543','415','BR03',1,'[{\"added\": {}}]',18,2),(1072,'2021-01-25 18:34:30.759095','416','BR05',1,'[{\"added\": {}}]',18,2),(1073,'2021-01-25 18:37:15.602004','417','BR06',1,'[{\"added\": {}}]',18,2),(1074,'2021-01-25 18:39:59.745156','418','BR07',1,'[{\"added\": {}}]',18,2),(1075,'2021-01-25 18:56:41.865619','419','BR04',1,'[{\"added\": {}}]',18,2),(1076,'2021-01-25 19:06:14.257772','420','BR01',1,'[{\"added\": {}}]',18,2),(1077,'2021-01-25 19:21:07.998199','421','BR09',1,'[{\"added\": {}}]',18,2),(1078,'2021-01-25 19:22:39.246740','422','BR08',1,'[{\"added\": {}}]',18,2),(1079,'2021-01-25 20:00:12.255930','423','BR11',1,'[{\"added\": {}}]',18,2),(1080,'2021-01-25 20:04:48.643972','424','BR13',1,'[{\"added\": {}}]',18,2),(1081,'2021-01-25 20:08:30.265390','425','BR12',1,'[{\"added\": {}}]',18,2),(1082,'2021-01-25 20:19:19.051567','426','BR10',1,'[{\"added\": {}}]',18,2),(1083,'2021-01-25 20:24:47.919529','427','EX18',1,'[{\"added\": {}}]',18,2),(1084,'2021-01-25 20:29:15.106551','428','EX20',1,'[{\"added\": {}}]',18,2),(1085,'2021-01-25 20:30:12.805869','429','EX17',1,'[{\"added\": {}}]',18,2),(1086,'2021-01-25 20:42:45.187918','430','BR14',1,'[{\"added\": {}}]',18,2),(1087,'2021-01-25 20:42:48.735376','431','BR15_12-1-2021_10-54-35',1,'[{\"added\": {}}]',18,2),(1088,'2021-01-25 20:44:52.979383','432','BR15',1,'[{\"added\": {}}]',18,2),(1089,'2021-01-25 20:46:25.831063','433','EX19',1,'[{\"added\": {}}]',18,2),(1090,'2021-01-25 21:44:50.193540','51','UR7 Mega',2,'[{\"changed\": {\"fields\": [\"Name\"]}}]',18,2),(1091,'2021-01-25 21:47:36.758698','190','UR6',2,'[{\"changed\": {\"fields\": [\"Name\"]}}]',18,2),(1092,'2021-01-25 21:54:03.993943','431','BR15_12-1-2021_10-54-35',2,'[{\"changed\": {\"fields\": [\"Group\"]}}]',18,2),(1093,'2021-01-27 01:49:49.871956','434','FR02B',1,'[{\"added\": {}}]',18,2),(1094,'2021-01-27 02:06:20.386062','435','FR05',1,'[{\"added\": {}}]',18,2),(1095,'2021-01-27 02:32:09.395343','436','FR07',1,'[{\"added\": {}}]',18,2),(1096,'2021-01-27 02:48:34.615198','437','FR02A',1,'[{\"added\": {}}]',18,2),(1097,'2021-01-27 02:50:31.997057','438','FR01',1,'[{\"added\": {}}]',18,2),(1098,'2021-01-27 02:58:33.645454','439','FR06',1,'[{\"added\": {}}]',18,2),(1099,'2021-01-27 03:01:08.900897','440','FR09',1,'[{\"added\": {}}]',18,2),(1100,'2021-01-27 03:01:10.417838','441','FR03',1,'[{\"added\": {}}]',18,2),(1101,'2021-01-27 03:09:51.302953','442','FR10',1,'[{\"added\": {}}]',18,2),(1102,'2021-01-27 03:12:53.857969','443','FR04',1,'[{\"added\": {}}]',18,2),(1103,'2021-01-27 03:18:41.255739','444','FR11',1,'[{\"added\": {}}]',18,2),(1104,'2021-01-27 03:22:13.166112','445','RN01',1,'[{\"added\": {}}]',18,2),(1105,'2021-01-27 03:30:34.568501','446','FR08',1,'[{\"added\": {}}]',18,2),(1106,'2021-01-27 03:40:26.941458','447','SET3RN01',1,'[{\"added\": {}}]',18,2),(1107,'2021-01-27 03:48:39.921397','448','FR12',1,'[{\"added\": {}}]',18,2),(1108,'2021-01-27 04:08:25.344155','449','GY03',1,'[{\"added\": {}}]',18,2),(1109,'2021-01-27 04:13:51.434712','450','HN01',1,'[{\"added\": {}}]',18,2),(1110,'2021-01-27 04:15:11.917558','451','LGT05',1,'[{\"added\": {}}]',18,2),(1111,'2021-01-28 01:12:39.123876','153','MR01',1,'[{\"added\": {}}]',16,2),(1112,'2021-01-28 01:12:39.418020','154','MR04',1,'[{\"added\": {}}]',16,2),(1113,'2021-01-28 01:12:41.996880','155','MR05',1,'[{\"added\": {}}]',16,2),(1114,'2021-01-28 01:12:44.346979','156','MR02',1,'[{\"added\": {}}]',16,2),(1115,'2021-01-28 01:12:44.364828','157','MR03',1,'[{\"added\": {}}]',16,2),(1116,'2021-01-28 01:12:46.392919','158','MR06',1,'[{\"added\": {}}]',16,2),(1117,'2021-01-28 01:14:05.436401','153','DICOM01',2,'[{\"changed\": {\"fields\": [\"Name\"]}}]',16,2),(1118,'2021-01-28 01:14:18.195938','156','DICOM02',2,'[{\"changed\": {\"fields\": [\"Name\"]}}]',16,2),(1119,'2021-01-28 01:14:27.149062','157','DICOM03',2,'[{\"changed\": {\"fields\": [\"Name\"]}}]',16,2),(1120,'2021-01-28 01:14:36.237399','154','DICOM04',2,'[{\"changed\": {\"fields\": [\"Name\"]}}]',16,2),(1121,'2021-01-28 01:14:43.744071','155','DICOM05',2,'[{\"changed\": {\"fields\": [\"Name\"]}}]',16,2),(1122,'2021-01-28 01:14:51.543643','158','DICOM06',2,'[{\"changed\": {\"fields\": [\"Name\"]}}]',16,2),(1123,'2021-01-28 01:29:03.367572','159','DICOM07-IM01',1,'[{\"added\": {}}]',16,2),(1124,'2021-01-28 01:30:03.185434','160','DICOM08-IM07',1,'[{\"added\": {}}]',16,2),(1125,'2021-01-28 01:30:09.204667','161','DICOM11-IM17',1,'[{\"added\": {}}]',16,2),(1126,'2021-01-28 01:30:12.608736','162','DICOM12-IM12',1,'[{\"added\": {}}]',16,2),(1127,'2021-01-28 01:30:12.810228','163','DICOM09-IM04',1,'[{\"added\": {}}]',16,2),(1128,'2021-01-28 01:30:14.063626','164','DICOM10-IM10',1,'[{\"added\": {}}]',16,2),(1129,'2021-01-28 01:36:48.544860','165','DICOM13-XX03',1,'[{\"added\": {}}]',16,2),(1130,'2021-01-28 01:36:53.864986','166','DICOM14-XX06',1,'[{\"added\": {}}]',16,2),(1131,'2021-01-28 01:37:01.111929','167','DICOM15-XX09',1,'[{\"added\": {}}]',16,2),(1132,'2021-01-28 01:37:07.977289','168','DICOM16-XX16',1,'[{\"added\": {}}]',16,2),(1133,'2021-01-28 01:37:13.424272','169','DICOM17-XX19',1,'[{\"added\": {}}]',16,2),(1134,'2021-01-28 01:37:19.576512','170','DICOM18-XX21',1,'[{\"added\": {}}]',16,2),(1135,'2021-01-28 01:37:28.495094','171','DICOM19-XX22',1,'[{\"added\": {}}]',16,2),(1136,'2021-01-28 01:37:59.698405','172','DICOM20-XX20',1,'[{\"added\": {}}]',16,2),(1137,'2021-01-28 01:40:57.481156','173','DICOM21-PS02',1,'[{\"added\": {}}]',16,2),(1138,'2021-01-28 01:41:00.533497','174','DICOM22-PS05',1,'[{\"added\": {}}]',16,2),(1139,'2021-01-28 01:41:03.337177','175','DICOM23-PS08',1,'[{\"added\": {}}]',16,2),(1140,'2021-01-28 01:41:05.843004','176','DICOM24-PS11',1,'[{\"added\": {}}]',16,2),(1141,'2021-01-28 01:41:09.415800','177','DICOM25-PS13',1,'[{\"added\": {}}]',16,2),(1142,'2021-01-28 01:41:12.512566','178','DICOM26-PS15',1,'[{\"added\": {}}]',16,2),(1143,'2021-01-28 01:41:15.907635','179','DICOM27-PS18',1,'[{\"added\": {}}]',16,2),(1144,'2021-01-28 11:26:21.923506','434','FR02B',2,'[{\"changed\": {\"fields\": [\"Group\"]}}]',18,2),(1145,'2021-01-28 16:48:10.534457','152','Dicom',2,'[{\"changed\": {\"fields\": [\"SlideType\"]}}]',16,2),(1146,'2021-01-28 16:49:17.814809','180','Dicom101',1,'[{\"added\": {}}]',16,2),(1147,'2021-01-28 16:58:29.876861','152','Dicom',2,'[{\"changed\": {\"fields\": [\"Group\"]}}]',16,2),(1148,'2021-01-28 23:42:34.379651','452','HN29',1,'[{\"added\": {}}]',18,2),(1149,'2021-01-28 23:47:09.615946','453','HN28',1,'[{\"added\": {}}]',18,2),(1150,'2021-01-28 23:54:50.374396','454','HN26',1,'[{\"added\": {}}]',18,2),(1151,'2021-01-29 00:15:45.979019','455','HN30',1,'[{\"added\": {}}]',18,2),(1152,'2021-01-29 00:15:47.981221','456','HN27',1,'[{\"added\": {}}]',18,2),(1153,'2021-01-30 14:43:50.520959','456','HN27',2,'[]',18,2),(1154,'2021-01-30 17:49:49.332077','455','HN30',2,'[{\"changed\": {\"fields\": [\"Group\"]}}]',18,2),(1155,'2021-02-02 12:01:19.186713','16','Alopecia',1,'[{\"added\": {}}]',7,2),(1156,'2021-02-02 12:01:26.403603','16','Alopecia',2,'[]',7,2),(1157,'2021-02-02 12:01:46.118611','16','Alopecia',2,'[]',7,2),(1158,'2021-02-02 12:04:06.139757','17','SpotDiagnosis',1,'[{\"added\": {}}]',7,2),(1159,'2021-02-17 23:17:23.393107','1','IHC_SP_01_A',1,'[{\"added\": {}}]',22,2),(1160,'2021-02-17 23:21:25.781952','2','IHC_SP_01_D',1,'[{\"added\": {}}]',22,2),(1161,'2021-02-17 23:22:04.367708','3','IHC_SP_01_B',1,'[{\"added\": {}}]',22,2),(1162,'2021-02-17 23:23:07.487638','4','IHC_SP_01_E',1,'[{\"added\": {}}]',22,2),(1163,'2021-02-17 23:24:42.822685','5','IHC_SP_01_G',1,'[{\"added\": {}}]',22,2),(1164,'2021-02-17 23:26:43.982654','6','IHC_SP_01_I',1,'[{\"added\": {}}]',22,2),(1165,'2021-02-17 23:27:28.260245','7','IHC_SP_01_C',1,'[{\"added\": {}}]',22,2),(1166,'2021-02-17 23:29:02.148091','8','IHC_SP_01_F',1,'[{\"added\": {}}]',22,2),(1167,'2021-02-17 23:29:32.525554','9','IHC_SP_01_I',1,'[{\"added\": {}}]',22,2),(1168,'2021-02-17 23:30:05.417142','10','IHC_SP_01_H',1,'[{\"added\": {}}]',22,2),(1169,'2021-02-17 23:44:35.542467','11','IHC_SP_01_A',1,'[{\"added\": {}}]',22,2),(1170,'2021-02-17 23:46:11.438690','12','IHC_SP_01_B',1,'[{\"added\": {}}]',22,2),(1171,'2021-02-17 23:47:00.273750','13','IHC_SP_01_C',1,'[{\"added\": {}}]',22,2),(1172,'2021-02-17 23:47:17.083990','14','IHC_SP_01_D',1,'[{\"added\": {}}]',22,2),(1173,'2021-02-17 23:47:20.612345','15','IHC_SP_01_E',1,'[{\"added\": {}}]',22,2),(1174,'2021-02-17 23:47:33.648997','16','IHC_SP_01_F',1,'[{\"added\": {}}]',22,2),(1175,'2021-02-18 12:00:02.047320','457','ST_LN_01',1,'[{\"added\": {}}]',18,2),(1176,'2021-02-18 12:13:24.926748','458','ST_LN_03',1,'[{\"added\": {}}]',18,2),(1177,'2021-02-18 12:20:13.787348','459','ST_LN_06',1,'[{\"added\": {}}]',18,2),(1178,'2021-02-18 12:34:15.294288','460','ST_LN_05',1,'[{\"added\": {}}]',18,2),(1179,'2021-02-18 12:35:05.944720','461','ST_LN_07',1,'[{\"added\": {}}]',18,2),(1180,'2021-02-18 12:36:07.516825','462','ST_LN_02',1,'[{\"added\": {}}]',18,2),(1181,'2021-02-18 12:38:18.482043','463','ST_LN_08',1,'[{\"added\": {}}]',18,2),(1182,'2021-02-18 12:39:51.765596','464','ST_LN_04',1,'[{\"added\": {}}]',18,2),(1183,'2021-02-19 23:24:26.755267','457','ST_LN_EP01',2,'[{\"changed\": {\"fields\": [\"Name\"]}}]',18,2),(1184,'2021-02-19 23:24:57.185592','462','ST_LN_SR02',2,'[{\"changed\": {\"fields\": [\"Name\"]}}]',18,2),(1185,'2021-02-20 21:58:37.321595','458','ST_LN_EP03',2,'[{\"changed\": {\"fields\": [\"Name\"]}}]',18,2),(1186,'2021-02-20 22:00:00.149543','461','ST_LN_EP05',2,'[{\"changed\": {\"fields\": [\"Name\"]}}]',18,2),(1187,'2021-02-20 22:00:35.922832','463','ST_LN_EP06',2,'[{\"changed\": {\"fields\": [\"Name\"]}}]',18,2),(1188,'2021-02-20 22:01:21.980428','464','ST_LN_SR03',2,'[{\"changed\": {\"fields\": [\"Name\"]}}]',18,2),(1189,'2021-02-20 22:01:44.326675','460','ST_LN_SR04',2,'[{\"changed\": {\"fields\": [\"Name\"]}}]',18,2),(1190,'2021-02-20 22:02:23.174934','459','ST_LN_SR05',2,'[{\"changed\": {\"fields\": [\"Name\"]}}]',18,2),(1191,'2021-02-20 22:06:05.615516','461','ST_LN_EP05',2,'[{\"changed\": {\"fields\": [\"Group\"]}}]',18,2),(1192,'2021-02-20 22:13:48.321380','465','ST_LN_SR01',1,'[{\"added\": {}}]',18,2),(1193,'2021-02-20 22:27:57.147306','466','ST_LN_SR06',1,'[{\"added\": {}}]',18,2),(1194,'2021-02-20 22:34:49.935202','467','ST_LN_EP04',1,'[{\"added\": {}}]',18,2),(1195,'2021-02-20 22:34:56.363206','468','ST_LN_EP08',1,'[{\"added\": {}}]',18,2),(1196,'2021-02-20 22:40:15.825354','469','ST_LN_EP07',1,'[{\"added\": {}}]',18,2),(1197,'2021-02-20 22:40:30.848450','470','ST_LN_EP02',1,'[{\"added\": {}}]',18,2),(1198,'2021-02-20 22:45:23.666029','471','ST_LN_Case1',1,'[{\"added\": {}}]',18,2),(1199,'2021-02-20 22:51:03.035103','471','Exam-MA21_Frozen_Case1',2,'[{\"changed\": {\"fields\": [\"Name\"]}}]',18,2),(1200,'2021-02-20 22:55:35.027254','471','Exam-MA21_Frozen_01',2,'[{\"changed\": {\"fields\": [\"Name\", \"Group\"]}}]',18,2),(1201,'2021-02-20 22:56:44.606738','472','Exam-MA21_Frozen_Case3',1,'[{\"added\": {}}]',18,2),(1202,'2021-02-20 22:56:51.450167','473','Exam-MA21_Frozen_Case2',1,'[{\"added\": {}}]',18,2),(1203,'2021-02-20 22:57:51.623952','474','Exam-MA21_Frozen_Case4',1,'[{\"added\": {}}]',18,2),(1204,'2021-02-20 22:58:54.744336','475','Exam-MA21_Frozen_05',1,'[{\"added\": {}}]',18,2),(1205,'2021-02-20 23:00:23.994886','476','Exam-MA21_Frozen_Case6',1,'[{\"added\": {}}]',18,2),(1206,'2021-02-20 23:25:58.247962','477','Exam-MA21_Long_Case_0',1,'[{\"added\": {}}]',18,2),(1207,'2021-02-20 23:28:16.234255','478','Exam-MA21_Long_Case_0',1,'[{\"added\": {}}]',18,2),(1208,'2021-02-20 23:29:30.922669','479','Exam-MA21_Long_Case_0',1,'[{\"added\": {}}]',18,2),(1209,'2021-02-20 23:31:16.892963','480','Exam-MA21_Long_Case_0',1,'[{\"added\": {}}]',18,2),(1210,'2021-02-20 23:31:21.637272','481','Exam-MA21_Long_Case_0',1,'[{\"added\": {}}]',18,2),(1211,'2021-02-20 23:31:40.623369','482','Exam-MA21_Long_Case_0',1,'[{\"added\": {}}]',18,2),(1212,'2021-02-20 23:32:36.405879','483','Exam-MA21_Long_Case_0',1,'[{\"added\": {}}]',18,2),(1213,'2021-02-20 23:34:31.973917','484','Exam-MA21_Long_Case_0',1,'[{\"added\": {}}]',18,2),(1214,'2021-02-20 23:34:47.902580','485','Exam-MA21_Long_Case_0',1,'[{\"added\": {}}]',18,2),(1215,'2021-02-20 23:35:23.647285','486','Exam-MA21_Long_Case_0',1,'[{\"added\": {}}]',18,2),(1216,'2021-02-20 23:35:30.972920','487','Exam-MA21_Long_Case_0',1,'[{\"added\": {}}]',18,2),(1217,'2021-02-21 00:47:28.564680','488','Exam-MA21_Long_Case_0',1,'[{\"added\": {}}]',18,2),(1218,'2021-02-21 00:50:53.191248','489','Exam-MA21_Cytology_12-PAP',1,'[{\"added\": {}}]',18,2),(1219,'2021-02-21 00:50:55.651946','490','Exam-MA21_Cytology_12-MGG',1,'[{\"added\": {}}]',18,2),(1220,'2021-02-21 00:58:32.939182','491','Exam-MA21_Cytology_09-PAP',1,'[{\"added\": {}}]',18,2),(1221,'2021-02-21 00:59:49.844687','492','Exam-MA21_Cytology_09-MGG',1,'[{\"added\": {}}]',18,2),(1222,'2021-02-21 01:04:04.299465','493','Exam-MA21_Cytology_08-PAP',1,'[{\"added\": {}}]',18,2),(1223,'2021-02-21 01:12:03.336584','494','Exam-MA21_Cytology_11-MGG',1,'[{\"added\": {}}]',18,2),(1224,'2021-02-21 01:16:10.829493','495','Exam-MA21_Cytology_10-MGG',1,'[{\"added\": {}}]',18,2),(1225,'2021-02-21 01:18:38.839627','496','Exam-MA21_Cytology_08-MGG',1,'[{\"added\": {}}]',18,2),(1226,'2021-02-21 01:19:19.110072','497','Exam-MA21_Cytology_11-PAP',1,'[{\"added\": {}}]',18,2),(1227,'2021-02-21 01:29:16.540833','498','Exam-MA21_Cytology_07-PAP',1,'[{\"added\": {}}]',18,2),(1228,'2021-02-21 01:30:47.704971','499','Exam-MA21_Cytology_07-MGG',1,'[{\"added\": {}}]',18,2),(1229,'2021-02-21 01:51:00.950398','500','Exam-MA21_Cytology_03-PAP',1,'[{\"added\": {}}]',18,2),(1230,'2021-02-21 02:05:35.478271','501','Exam-MA21_Cytology_02-ThinPrep',1,'[{\"added\": {}}]',18,2),(1231,'2021-02-21 02:19:24.665624','502','Exam-MA21_Cytology_06-MGG',1,'[{\"added\": {}}]',18,2),(1232,'2021-02-21 02:26:28.413912','503','Exam-MA21_Cytology_04-MGG',1,'[{\"added\": {}}]',18,2),(1233,'2021-02-21 02:29:59.246785','504','Exam-MA21_Cytology_05-PAP',1,'[{\"added\": {}}]',18,2),(1234,'2021-02-21 02:36:25.462371','505','Exam-MA21_Cytology_05-MGG',1,'[{\"added\": {}}]',18,2),(1235,'2021-02-21 02:43:24.939052','506','Exam-MA21_Cytology_06-PAP',1,'[{\"added\": {}}]',18,2),(1236,'2021-02-21 02:43:48.763344','507','Exam-MA21_Cytology_01-PAP',1,'[{\"added\": {}}]',18,2),(1237,'2021-02-21 02:45:52.558161','508','Exam-MA21_Cytology_01-MGG',1,'[{\"added\": {}}]',18,2),(1238,'2021-02-21 23:57:47.601677','509','Exam-MA21_Surg_04',1,'[{\"added\": {}}]',18,2),(1239,'2021-02-22 00:10:04.468112','510','Exam-MA21_Surg_07',1,'[{\"added\": {}}]',18,2),(1240,'2021-02-22 00:11:50.650817','511','Exam-MA21_Surg_03',1,'[{\"added\": {}}]',18,2),(1241,'2021-02-22 00:12:22.919667','512','Exam-MA21_Surg_01',1,'[{\"added\": {}}]',18,2),(1242,'2021-02-22 00:15:25.614595','513','Exam-MA21_Surg_05',1,'[{\"added\": {}}]',18,2),(1243,'2021-02-22 00:24:06.976932','514','Exam-MA21_Surg_06',1,'[{\"added\": {}}]',18,2),(1244,'2021-02-22 00:25:44.687731','515','Exam-MA21_Surg_02',1,'[{\"added\": {}}]',18,2),(1245,'2021-02-22 00:35:32.699067','516','Exam-MA21_Surg_08',1,'[{\"added\": {}}]',18,2),(1246,'2021-02-22 00:35:33.379239','517','Exam-MA21_Surg_10',1,'[{\"added\": {}}]',18,2),(1247,'2021-02-22 00:46:21.054141','518','Exam-MA21_Surg_11',1,'[{\"added\": {}}]',18,2),(1248,'2021-02-22 00:46:35.443540','519','Exam-MA21_Surg_13',1,'[{\"added\": {}}]',18,2),(1249,'2021-02-22 00:51:06.813203','520','Exam-MA21_Surg_17',1,'[{\"added\": {}}]',18,2),(1250,'2021-02-22 00:51:13.997537','521','Exam-MA21_Surg_09',1,'[{\"added\": {}}]',18,2),(1251,'2021-02-22 00:51:22.111716','522','Exam-MA21_Surg_12',1,'[{\"added\": {}}]',18,2),(1252,'2021-02-22 00:54:32.345519','523','Exam-MA21_Surg_14',1,'[{\"added\": {}}]',18,2),(1253,'2021-02-22 00:54:45.415277','524','Exam-MA21_Surg_15',1,'[{\"added\": {}}]',18,2),(1254,'2021-02-22 01:00:10.731434','525','Exam-MA21_Surg_20',1,'[{\"added\": {}}]',18,2),(1255,'2021-02-22 01:00:28.562594','526','Exam-MA21_Surg_16',1,'[{\"added\": {}}]',18,2),(1256,'2021-02-22 17:30:55.070147','488','Exam-MA21_Long_Case_0',2,'[{\"changed\": {\"fields\": [\"Group\"]}}]',18,2),(1257,'2021-02-22 17:31:17.092682','487','Exam-MA21_Long_Case_0',2,'[{\"changed\": {\"fields\": [\"Group\"]}}]',18,2),(1258,'2021-02-22 17:31:31.398863','486','Exam-MA21_Long_Case_0',2,'[{\"changed\": {\"fields\": [\"Group\"]}}]',18,2),(1259,'2021-02-22 17:32:18.774816','488','Ex-MA21_LC_01',2,'[{\"changed\": {\"fields\": [\"Name\"]}}]',18,2),(1260,'2021-02-22 17:32:49.287578','488','Ex-MA21_LC_01_CD21',2,'[{\"changed\": {\"fields\": [\"Name\"]}}]',18,2),(1261,'2021-02-22 19:22:30.297302','509','Exam-MA21_Surg_04',2,'[{\"changed\": {\"fields\": [\"Group\"]}}]',18,2),(1262,'2021-02-22 19:22:39.373945','526','Exam-MA21_Surg_16',2,'[{\"changed\": {\"fields\": [\"Group\"]}}]',18,2),(1263,'2021-02-22 19:22:46.445314','525','Exam-MA21_Surg_20',2,'[{\"changed\": {\"fields\": [\"Group\"]}}]',18,2),(1264,'2021-02-22 19:22:54.181616','524','Exam-MA21_Surg_15',2,'[{\"changed\": {\"fields\": [\"Group\"]}}]',18,2),(1265,'2021-02-22 19:23:02.052267','523','Exam-MA21_Surg_14',2,'[{\"changed\": {\"fields\": [\"Group\"]}}]',18,2),(1266,'2021-02-22 19:23:10.248018','522','Exam-MA21_Surg_12',2,'[{\"changed\": {\"fields\": [\"Group\"]}}]',18,2),(1267,'2021-02-22 19:23:18.736027','520','Exam-MA21_Surg_17',2,'[{\"changed\": {\"fields\": [\"Group\"]}}]',18,2),(1268,'2021-02-22 19:23:27.846651','519','Exam-MA21_Surg_13',2,'[{\"changed\": {\"fields\": [\"Group\"]}}]',18,2),(1269,'2021-02-22 19:23:35.596222','518','Exam-MA21_Surg_11',2,'[{\"changed\": {\"fields\": [\"Group\"]}}]',18,2),(1270,'2021-02-22 19:23:43.532621','521','Exam-MA21_Surg_09',2,'[{\"changed\": {\"fields\": [\"Group\"]}}]',18,2),(1271,'2021-02-22 19:23:49.868576','517','Exam-MA21_Surg_10',2,'[{\"changed\": {\"fields\": [\"Group\"]}}]',18,2),(1272,'2021-02-22 19:23:56.861003','516','Exam-MA21_Surg_08',2,'[{\"changed\": {\"fields\": [\"Group\"]}}]',18,2),(1273,'2021-02-22 19:24:05.389053','515','Exam-MA21_Surg_02',2,'[{\"changed\": {\"fields\": [\"Group\"]}}]',18,2),(1274,'2021-02-22 19:24:11.654060','514','Exam-MA21_Surg_06',2,'[{\"changed\": {\"fields\": [\"Group\"]}}]',18,2),(1275,'2021-02-22 19:24:18.468799','513','Exam-MA21_Surg_05',2,'[{\"changed\": {\"fields\": [\"Group\"]}}]',18,2),(1276,'2021-02-22 19:24:25.198581','512','Exam-MA21_Surg_01',2,'[{\"changed\": {\"fields\": [\"Group\"]}}]',18,2),(1277,'2021-02-22 19:24:32.699924','511','Exam-MA21_Surg_03',2,'[{\"changed\": {\"fields\": [\"Group\"]}}]',18,2),(1278,'2021-02-22 19:24:40.362539','510','Exam-MA21_Surg_07',2,'[{\"changed\": {\"fields\": [\"Group\"]}}]',18,2),(1279,'2021-02-22 19:24:46.590376','509','Exam-MA21_Surg_04',2,'[{\"changed\": {\"fields\": [\"Group\"]}}]',18,2),(1280,'2021-02-22 19:27:59.896776','487','Ex-MA21_LC_02_CD4',2,'[{\"changed\": {\"fields\": [\"Name\"]}}]',18,2),(1281,'2021-02-22 19:28:46.657874','486','Exam-MA21_Long_Case_0',2,'[{\"changed\": {\"fields\": [\"Group\"]}}]',18,2),(1282,'2021-02-22 19:29:06.901740','488','Ex-MA21_LC_01_CD21',2,'[{\"changed\": {\"fields\": [\"Group\"]}}]',18,2),(1283,'2021-02-22 19:29:11.688144','487','Ex-MA21_LC_02_CD4',2,'[{\"changed\": {\"fields\": [\"Group\"]}}]',18,2),(1284,'2021-02-22 19:46:59.049626','527','Exam-MA21_L2_Case_0',1,'[{\"added\": {}}]',18,2),(1285,'2021-02-22 19:48:25.742019','528','Exam-MA21_L2_Case_0',1,'[{\"added\": {}}]',18,2),(1286,'2021-02-22 19:49:12.936844','529','Exam-MA21_L2_Case_0',1,'[{\"added\": {}}]',18,2),(1287,'2021-02-22 19:49:27.862584','530','Exam-MA21_L2_Case_0',1,'[{\"added\": {}}]',18,2),(1288,'2021-02-22 19:49:48.576185','531','Exam-MA21_L2_Case_0',1,'[{\"added\": {}}]',18,2),(1289,'2021-02-22 19:49:52.457196','532','Exam-MA21_L2_Case_0',1,'[{\"added\": {}}]',18,2),(1290,'2021-02-22 19:52:57.069853','533','Exam-MA21_L2_Case_0',1,'[{\"added\": {}}]',18,2),(1291,'2021-02-22 20:02:10.511745','534','L1 H and E',1,'[{\"added\": {}}]',18,2),(1292,'2021-02-22 21:47:01.065549','533','Ex-MA21_LC2_H&E',2,'[{\"changed\": {\"fields\": [\"Name\"]}}]',18,2),(1293,'2021-02-22 21:48:40.365986','488','Ex-MA21_LC1_CD21',2,'[{\"changed\": {\"fields\": [\"Name\"]}}]',18,2),(1294,'2021-02-22 21:48:56.657603','487','Ex-MA21_LC1_CD4',2,'[{\"changed\": {\"fields\": [\"Name\"]}}]',18,2),(1295,'2021-02-22 21:50:14.745964','486','Ex-MA21_LC1_CD21',2,'[{\"changed\": {\"fields\": [\"Name\"]}}]',18,2),(1296,'2021-02-22 21:50:46.165858','485','Ex-MA21_LC1_BF-1',2,'[{\"changed\": {\"fields\": [\"Name\"]}}]',18,2),(1297,'2021-02-22 21:51:31.685634','484','Ex-MA21_LC1_L26',2,'[{\"changed\": {\"fields\": [\"Name\"]}}]',18,2),(1298,'2021-02-22 21:52:52.525615','483','Ex-MA21_LC1_BCL-6',2,'[{\"changed\": {\"fields\": [\"Name\"]}}]',18,2),(1299,'2021-02-22 21:53:24.326731','482','Ex-MA21_LC1_CD5',2,'[{\"changed\": {\"fields\": [\"Name\"]}}]',18,2),(1300,'2021-02-22 21:53:51.924744','481','Ex-MA21_LC1_CD2',2,'[{\"changed\": {\"fields\": [\"Name\"]}}]',18,2),(1301,'2021-02-22 21:54:30.867016','480','Ex-MA21_LC1_CD8',2,'[{\"changed\": {\"fields\": [\"Name\"]}}]',18,2),(1302,'2021-02-22 21:55:00.565941','479','Ex-MA21_LC1_PD-1',2,'[{\"changed\": {\"fields\": [\"Name\"]}}]',18,2),(1303,'2021-02-22 21:55:27.385924','478','Ex-MA21_LC1_CD10',2,'[{\"changed\": {\"fields\": [\"Name\"]}}]',18,2),(1304,'2021-02-22 21:55:50.905004','477','Ex-MA21_LC1_CD3',2,'[{\"changed\": {\"fields\": [\"Name\"]}}]',18,2),(1305,'2021-02-22 21:57:02.865962','534','Ex-MA21_LC1_H&E',2,'[{\"changed\": {\"fields\": [\"Name\"]}}]',18,2),(1306,'2021-02-22 21:57:48.855718','488','Ex-MA21_LC1_CD21',3,'',18,2),(1307,'2021-02-22 22:02:19.510819','532','Ex-MA21_LC2_R15_7026',2,'[{\"changed\": {\"fields\": [\"Name\"]}}]',18,2),(1308,'2021-02-22 22:02:56.605594','531','Ex-MA21_LC2_U178_STAT6',2,'[{\"changed\": {\"fields\": [\"Name\"]}}]',18,2),(1309,'2021-02-22 22:03:21.864997','530','Ex-MA21_LC2_R15_7026',2,'[{\"changed\": {\"fields\": [\"Name\"]}}]',18,2),(1310,'2021-02-22 22:03:40.986522','529','Ex-MA21_LC2_R15_7026',2,'[{\"changed\": {\"fields\": [\"Name\"]}}]',18,2),(1311,'2021-02-22 22:04:12.717902','528','Ex-MA21_LC2_U103_ERG',2,'[{\"changed\": {\"fields\": [\"Name\"]}}]',18,2),(1312,'2021-02-22 22:13:06.206133','527','Ex-MA21_LC2_R15_7026',2,'[{\"changed\": {\"fields\": [\"Name\"]}}]',18,2),(1313,'2021-02-23 07:55:48.176627','460','ST_LN_SR04',2,'[{\"changed\": {\"fields\": [\"Group\"]}}]',18,2),(1314,'2021-05-13 11:04:08.939508','3','Breast Pathology Course',1,'[{\"added\": {}}]',3,2),(1315,'2021-05-13 11:08:57.328707','12','Clinton Slide 1',1,'[{\"added\": {}}]',9,2),(1316,'2021-05-18 09:17:54.678570','3','Breast Pathology Course',2,'[{\"changed\": {\"fields\": [\"permissions\"]}}]',3,2),(1317,'2021-05-18 09:18:03.411196','3','Breast Pathology Course',2,'[]',3,2),(1318,'2021-05-18 09:23:00.855449','12','Clinton Slide 1',2,'[{\"changed\": {\"fields\": [\"ScannedDate\", \"InsertedDate\"]}}]',9,2),(1319,'2021-05-18 15:40:53.715881','535','MDT2 HE',1,'[{\"added\": {}}]',18,2),(1320,'2021-05-18 15:50:04.216072','536','MDT2 GATA3',1,'[{\"added\": {}}]',18,2),(1321,'2021-05-18 16:03:30.867082','537','MDT2 HE2',1,'[{\"added\": {}}]',18,2),(1322,'2021-05-18 16:07:13.135131','538','MDT2 HE3',1,'[{\"added\": {}}]',18,2),(1323,'2021-05-18 16:08:48.852323','539','MDT2 GATA3-2',1,'[{\"added\": {}}]',18,2),(1324,'2021-05-19 07:30:49.023691','540','B4 SP',1,'[{\"added\": {}}]',18,2),(1325,'2021-05-19 07:37:44.684079','540','B2 NE',2,'[{\"changed\": {\"fields\": [\"Name\"]}}]',18,2),(1326,'2021-05-19 10:00:31.511079','540','B2 NE',2,'[{\"changed\": {\"fields\": [\"LabelUrlPath\"]}}]',18,2),(1327,'2021-05-19 10:08:02.850291','541','B2 NE',1,'[{\"added\": {}}]',18,2),(1328,'2021-05-19 10:08:47.600018','541','B2 NE CHROME',2,'[{\"changed\": {\"fields\": [\"Name\"]}}]',18,2),(1329,'2021-05-19 10:09:10.407707','540','B2 NE Synapto',2,'[{\"changed\": {\"fields\": [\"Name\"]}}]',18,2),(1330,'2021-05-19 10:10:40.866261','542','B2 NE HE',1,'[{\"added\": {}}]',18,2),(1331,'2021-05-19 10:12:41.137625','542','B2 NE HE',2,'[{\"changed\": {\"fields\": [\"LabelUrlPath\"]}}]',18,2),(1332,'2021-05-19 10:15:35.118396','540','B2 NE Synapto',2,'[{\"changed\": {\"fields\": [\"LabelUrlPath\"]}}]',18,2),(1333,'2021-05-19 10:23:59.266478','543','B3 RM',1,'[{\"added\": {}}]',18,2),(1334,'2021-05-19 10:24:42.851099','544','B3 RM',1,'[{\"added\": {}}]',18,2),(1335,'2021-05-19 10:26:39.400965','545','B1 YM',1,'[{\"added\": {}}]',18,2),(1336,'2021-05-19 10:28:07.061920','546','B1 YM',1,'[{\"added\": {}}]',18,2),(1337,'2021-05-19 10:34:17.629153','546','B1 YM 1',2,'[{\"changed\": {\"fields\": [\"Name\", \"LabelUrlPath\"]}}]',18,2),(1338,'2021-05-19 10:36:14.520881','545','B1 YM 2',2,'[{\"changed\": {\"fields\": [\"Name\", \"LabelUrlPath\"]}}]',18,2),(1339,'2021-05-19 10:57:41.370901','544','B3 RM',2,'[{\"changed\": {\"fields\": [\"LabelUrlPath\"]}}]',18,2),(1340,'2021-05-19 11:11:01.653763','547','MDT 1',1,'[{\"added\": {}}]',18,2),(1341,'2021-05-19 11:18:52.409915','548','MDT 1 -2',1,'[{\"added\": {}}]',18,2),(1342,'2021-05-19 11:22:19.855328','549','MDT 1 -3',1,'[{\"added\": {}}]',18,2),(1343,'2021-05-19 11:23:02.799714','550','MDT 1 -4',1,'[{\"added\": {}}]',18,2),(1344,'2021-05-19 11:42:03.307893','551','MDT 1 -5',1,'[{\"added\": {}}]',18,2),(1345,'2021-05-19 15:31:16.306389','552','B4 SP 1',1,'[{\"added\": {}}]',18,2),(1346,'2021-05-19 15:33:08.438735','553','B4 SP 2',1,'[{\"added\": {}}]',18,2),(1347,'2021-05-19 15:35:08.466235','554','B4 SP 3',1,'[{\"added\": {}}]',18,2),(1348,'2021-05-19 15:57:43.028791','552','Case 4 Slide 1',2,'[{\"changed\": {\"fields\": [\"Name\"]}}]',18,2),(1349,'2021-05-19 15:57:54.544235','553','Case 4 Slide 2',2,'[{\"changed\": {\"fields\": [\"Name\"]}}]',18,2),(1350,'2021-05-19 15:58:07.647736','554','Case 4 Slide 3',2,'[{\"changed\": {\"fields\": [\"Name\"]}}]',18,2),(1351,'2021-05-19 15:58:32.264717','547','MDT Case 1 Slide 1',2,'[{\"changed\": {\"fields\": [\"Name\"]}}]',18,2),(1352,'2021-05-19 15:58:44.432320','548','MDT Case 1 Slide 2',2,'[{\"changed\": {\"fields\": [\"Name\"]}}]',18,2),(1353,'2021-05-19 15:58:55.273664','549','MDT Case 1 Slide 3',2,'[{\"changed\": {\"fields\": [\"Name\"]}}]',18,2),(1354,'2021-05-19 15:59:07.588768','550','MDT Case 1 Slide 4',2,'[{\"changed\": {\"fields\": [\"Name\"]}}]',18,2),(1355,'2021-05-19 15:59:17.036511','551','MDT Case 1 Slide 5',2,'[{\"changed\": {\"fields\": [\"Name\"]}}]',18,2),(1356,'2021-05-19 15:59:36.176701','546','Case 1 Slide 1',2,'[{\"changed\": {\"fields\": [\"Name\"]}}]',18,2),(1357,'2021-05-19 15:59:47.524904','545','Case 1 Slide 2',2,'[{\"changed\": {\"fields\": [\"Name\"]}}]',18,2),(1358,'2021-05-19 16:00:09.087123','543','Case 3 Slide 1',2,'[{\"changed\": {\"fields\": [\"Name\"]}}]',18,2),(1359,'2021-05-19 16:00:20.619060','544','Case 3 Slide 2',2,'[{\"changed\": {\"fields\": [\"Name\"]}}]',18,2),(1360,'2021-05-19 16:00:45.067372','542','Case 2 Slide 1',2,'[{\"changed\": {\"fields\": [\"Name\"]}}]',18,2),(1361,'2021-05-19 16:00:59.334717','541','Case 2 Slide 2',2,'[{\"changed\": {\"fields\": [\"Name\"]}}]',18,2),(1362,'2021-05-19 16:01:26.072778','540','Case 2 Slide 3',2,'[{\"changed\": {\"fields\": [\"Name\"]}}]',18,2),(1363,'2021-05-19 16:02:07.250162','535','MDT Case 2 Slide 1',2,'[{\"changed\": {\"fields\": [\"Name\"]}}]',18,2),(1364,'2021-05-19 16:02:26.412223','536','MDT Case 2 Slide 2',2,'[{\"changed\": {\"fields\": [\"Name\"]}}]',18,2),(1365,'2021-05-19 16:02:44.205593','537','MDT Case 2 Slide 3',2,'[{\"changed\": {\"fields\": [\"Name\"]}}]',18,2),(1366,'2021-05-19 16:02:59.367603','538','MDT Case 2 Slide 4',2,'[{\"changed\": {\"fields\": [\"Name\"]}}]',18,2),(1367,'2021-05-19 16:03:15.930166','539','MDT Case 2 Slide 5',2,'[{\"changed\": {\"fields\": [\"Name\"]}}]',18,2),(1368,'2021-05-19 17:44:54.230314','554','Case 4 Slide 3',2,'[{\"changed\": {\"fields\": [\"LabelUrlPath\"]}}]',18,2),(1369,'2021-05-19 17:45:32.159282','553','Case 4 Slide 2',2,'[{\"changed\": {\"fields\": [\"LabelUrlPath\"]}}]',18,2),(1370,'2021-05-19 17:45:42.339923','552','Case 4 Slide 1',2,'[{\"changed\": {\"fields\": [\"LabelUrlPath\"]}}]',18,2),(1371,'2021-05-19 17:46:42.392574','544','Case 3 Slide 2',2,'[{\"changed\": {\"fields\": [\"LabelUrlPath\"]}}]',18,2),(1372,'2021-05-19 17:46:57.923435','543','Case 3 Slide 1',2,'[{\"changed\": {\"fields\": [\"LabelUrlPath\"]}}]',18,2),(1373,'2021-05-19 17:48:32.975614','542','Case 2 Slide 1',2,'[{\"changed\": {\"fields\": [\"LabelUrlPath\"]}}]',18,2),(1374,'2021-05-19 17:48:47.072090','541','Case 2 Slide 2',2,'[{\"changed\": {\"fields\": [\"LabelUrlPath\"]}}]',18,2),(1375,'2021-05-19 17:49:04.621112','540','Case 2 Slide 3',2,'[{\"changed\": {\"fields\": [\"LabelUrlPath\"]}}]',18,2),(1376,'2021-05-19 17:50:10.702598','546','Case 1 Slide 1',2,'[{\"changed\": {\"fields\": [\"LabelUrlPath\"]}}]',18,2),(1377,'2021-05-19 17:50:27.521734','545','Case 1 Slide 2',2,'[{\"changed\": {\"fields\": [\"LabelUrlPath\"]}}]',18,2),(1378,'2021-05-19 17:55:28.627674','547','MDT Case 1 Slide 1',2,'[{\"changed\": {\"fields\": [\"LabelUrlPath\"]}}]',18,2),(1379,'2021-05-19 17:55:43.230282','548','MDT Case 1 Slide 2',2,'[{\"changed\": {\"fields\": [\"LabelUrlPath\"]}}]',18,2),(1380,'2021-05-19 17:55:57.676392','549','MDT Case 1 Slide 3',2,'[{\"changed\": {\"fields\": [\"LabelUrlPath\"]}}]',18,2),(1381,'2021-05-19 17:56:12.370275','550','MDT Case 1 Slide 4',2,'[{\"changed\": {\"fields\": [\"LabelUrlPath\"]}}]',18,2),(1382,'2021-05-19 17:56:24.636491','551','MDT Case 1 Slide 5',2,'[{\"changed\": {\"fields\": [\"LabelUrlPath\"]}}]',18,2),(1383,'2021-05-19 17:59:10.770001','535','MDT Case 2 Slide 1',2,'[{\"changed\": {\"fields\": [\"LabelUrlPath\"]}}]',18,2),(1384,'2021-05-19 18:00:22.805690','536','MDT Case 2 Slide 2',2,'[{\"changed\": {\"fields\": [\"LabelUrlPath\"]}}]',18,2),(1385,'2021-05-19 18:01:04.784296','537','MDT Case 2 Slide 3',2,'[{\"changed\": {\"fields\": [\"LabelUrlPath\"]}}]',18,2),(1386,'2021-05-19 18:01:50.283065','538','MDT Case 2 Slide 4',2,'[{\"changed\": {\"fields\": [\"LabelUrlPath\"]}}]',18,2),(1387,'2021-05-19 18:02:42.091684','539','MDT Case 2 Slide 5',2,'[{\"changed\": {\"fields\": [\"LabelUrlPath\"]}}]',18,2),(1388,'2021-05-19 18:09:45.404020','132','SN_15',2,'[{\"changed\": {\"fields\": [\"Group\"]}}]',18,2),(1389,'2021-05-20 08:29:13.196686','554','Case 4 Slide 3',2,'[{\"changed\": {\"fields\": [\"Group\"]}}]',18,2),(1390,'2021-05-20 08:29:20.416551','553','Case 4 Slide 2',2,'[{\"changed\": {\"fields\": [\"Group\"]}}]',18,2),(1391,'2021-05-20 08:29:26.537353','552','Case 4 Slide 1',2,'[{\"changed\": {\"fields\": [\"Group\"]}}]',18,2),(1392,'2021-05-20 08:29:48.788032','551','MDT Case 1 Slide 5',2,'[{\"changed\": {\"fields\": [\"Group\"]}}]',18,2),(1393,'2021-05-20 08:30:13.258630','554','Case 4 Slide 3',2,'[{\"changed\": {\"fields\": [\"Group\"]}}]',18,2),(1394,'2021-05-20 08:30:21.688977','553','Case 4 Slide 2',2,'[{\"changed\": {\"fields\": [\"Group\"]}}]',18,2),(1395,'2021-05-20 08:30:30.587704','552','Case 4 Slide 1',2,'[{\"changed\": {\"fields\": [\"Group\"]}}]',18,2),(1396,'2021-05-20 08:30:45.919659','551','MDT Case 1 Slide 5',2,'[{\"changed\": {\"fields\": [\"Group\"]}}]',18,2),(1397,'2021-05-20 08:30:53.675609','550','MDT Case 1 Slide 4',2,'[{\"changed\": {\"fields\": [\"Group\"]}}]',18,2),(1398,'2021-05-20 08:31:01.009099','549','MDT Case 1 Slide 3',2,'[{\"changed\": {\"fields\": [\"Group\"]}}]',18,2),(1399,'2021-05-20 08:31:10.321576','547','MDT Case 1 Slide 1',2,'[{\"changed\": {\"fields\": [\"Group\"]}}]',18,2),(1400,'2021-05-20 08:31:43.483368','551','MDT Case 1 Slide 5',2,'[{\"changed\": {\"fields\": [\"Group\"]}}]',18,2),(1401,'2021-05-20 08:31:57.309890','550','MDT Case 1 Slide 4',2,'[{\"changed\": {\"fields\": [\"Group\"]}}]',18,2),(1402,'2021-05-20 08:32:04.754081','549','MDT Case 1 Slide 3',2,'[{\"changed\": {\"fields\": [\"Group\"]}}]',18,2),(1403,'2021-05-20 08:32:11.763076','548','MDT Case 1 Slide 2',2,'[{\"changed\": {\"fields\": [\"Group\"]}}]',18,2),(1404,'2021-05-20 08:32:20.515951','547','MDT Case 1 Slide 1',2,'[{\"changed\": {\"fields\": [\"Group\"]}}]',18,2),(1405,'2021-05-20 08:32:44.863969','554','Case 4 Slide 3',2,'[{\"changed\": {\"fields\": [\"Group\"]}}]',18,2),(1406,'2021-05-20 08:33:01.858877','553','Case 4 Slide 2',2,'[{\"changed\": {\"fields\": [\"Group\"]}}]',18,2),(1407,'2021-05-20 08:33:09.459965','552','Case 4 Slide 1',2,'[{\"changed\": {\"fields\": [\"Group\"]}}]',18,2),(1408,'2021-05-20 08:33:50.643016','546','Case 1 Slide 1',2,'[{\"changed\": {\"fields\": [\"Group\"]}}]',18,2),(1409,'2021-05-20 08:34:01.523861','545','Case 1 Slide 2',2,'[{\"changed\": {\"fields\": [\"Group\"]}}]',18,2),(1410,'2021-05-20 08:34:12.251981','544','Case 3 Slide 2',2,'[{\"changed\": {\"fields\": [\"Group\"]}}]',18,2),(1411,'2021-05-20 08:34:25.302977','543','Case 3 Slide 1',2,'[{\"changed\": {\"fields\": [\"Group\"]}}]',18,2),(1412,'2021-05-20 08:36:09.088034','542','Case 2 Slide 1',2,'[{\"changed\": {\"fields\": [\"Group\"]}}]',18,2),(1413,'2021-05-20 08:36:26.025200','541','Case 2 Slide 2',2,'[{\"changed\": {\"fields\": [\"Group\"]}}]',18,2),(1414,'2021-05-20 08:36:34.233409','540','Case 2 Slide 3',2,'[{\"changed\": {\"fields\": [\"Group\"]}}]',18,2),(1415,'2021-07-19 12:18:14.176306','196','LP13_9-1-2021_14-06-22',2,'[{\"changed\": {\"fields\": [\"Annotations\"]}}]',18,2),(1416,'2021-09-06 15:55:28.792645','143','SN_04',2,'[{\"changed\": {\"fields\": [\"Group\"]}}]',18,2),(1417,'2021-09-06 15:55:52.468737','114','GY01',2,'[{\"changed\": {\"fields\": [\"Group\"]}}]',18,2),(1418,'2021-09-06 15:58:08.146816','193','GY02',2,'[{\"changed\": {\"fields\": [\"Group\"]}}]',18,2),(1419,'2021-09-06 15:59:12.770472','193','GY02',2,'[{\"changed\": {\"fields\": [\"Group\"]}}]',18,2),(1420,'2021-09-07 10:48:59.344717','278','MP01',2,'[{\"changed\": {\"fields\": [\"Group\"]}}]',18,2),(1421,'2021-09-07 10:56:05.723991','280','MP03',2,'[{\"changed\": {\"fields\": [\"Group\"]}}]',18,2),(1422,'2021-09-08 08:36:20.143945','3','SI_02',2,'[{\"changed\": {\"fields\": [\"Group\"]}}]',18,2),(1423,'2021-09-10 08:48:19.608039','18','LDS 2021',1,'[{\"added\": {}}]',7,2),(1424,'2021-09-10 08:48:43.340604','18','LDS 2021',2,'[]',7,2),(1425,'2021-09-10 10:10:49.186494','421','BR09',2,'[{\"changed\": {\"fields\": [\"LabelUrlPath\"]}}]',18,2),(1426,'2021-09-20 13:35:44.130351','541','Case 2 Slide 2',2,'[{\"changed\": {\"fields\": [\"Group\"]}}]',18,2),(1427,'2021-09-20 13:35:56.300905','542','Case 2 Slide 1',2,'[{\"changed\": {\"fields\": [\"Group\"]}}]',18,2),(1428,'2021-09-20 13:36:09.896653','540','Case 2 Slide 3',2,'[{\"changed\": {\"fields\": [\"Group\"]}}]',18,2),(1429,'2021-09-20 13:42:01.880384','542','Case 2 Slide 1',2,'[{\"changed\": {\"fields\": [\"LabelUrlPath\"]}}]',18,2),(1430,'2021-09-20 13:42:47.301133','543','Case 3 Slide 1',2,'[{\"changed\": {\"fields\": [\"Group\"]}}]',18,2),(1431,'2021-09-20 13:46:20.806728','543','Case 3 Slide 1',2,'[{\"changed\": {\"fields\": [\"LabelUrlPath\"]}}]',18,2),(1432,'2021-09-20 13:47:08.420847','543','Case 16 Slide 1',2,'[{\"changed\": {\"fields\": [\"Name\"]}}]',18,2),(1433,'2021-09-20 13:48:05.655925','542','Case 10 Slide 1',2,'[{\"changed\": {\"fields\": [\"Name\"]}}]',18,2),(1434,'2021-10-04 21:40:24.470307','270','BP10',2,'[{\"changed\": {\"fields\": [\"Group\"]}}]',18,2),(1435,'2021-10-07 09:15:37.790000','413','Dicom',2,'[{\"changed\": {\"fields\": [\"Annotations\"]}}]',18,2),(1436,'2021-10-07 09:23:43.153142','426','BR10',2,'[{\"changed\": {\"fields\": [\"Annotations\"]}}]',18,2),(1437,'2021-10-07 09:25:35.704217','426','BR10',2,'[]',18,2),(1438,'2021-11-18 11:30:56.578573','1','testubaid',1,'[{\"added\": {}}]',14,2),(1439,'2022-01-13 11:48:52.666242','56','MGGSETA18',2,'[{\"changed\": {\"fields\": [\"Name\"]}}]',18,2),(1440,'2022-01-18 16:20:56.438023','555','PP02',1,'[{\"added\": {}}]',18,2),(1441,'2022-01-18 16:27:59.055239','556','PP01',1,'[{\"added\": {}}]',18,2),(1442,'2022-01-18 17:19:54.906864','556','PP03',2,'[{\"changed\": {\"fields\": [\"Name\"]}}]',18,2),(1443,'2022-01-18 17:49:02.914633','557','PP01',1,'[{\"added\": {}}]',18,2),(1444,'2022-01-18 18:09:08.067012','557','PP04',2,'[{\"changed\": {\"fields\": [\"Name\"]}}]',18,2),(1445,'2022-01-18 19:17:52.278684','558','PP11',1,'[{\"added\": {}}]',18,2),(1446,'2022-01-18 19:27:39.169483','559','PP08',1,'[{\"added\": {}}]',18,2),(1447,'2022-01-18 19:29:04.307000','560','PP10',1,'[{\"added\": {}}]',18,2),(1448,'2022-01-18 19:29:22.338130','561','PP07',1,'[{\"added\": {}}]',18,2),(1449,'2022-01-18 19:30:07.801306','562','PP06',1,'[{\"added\": {}}]',18,2),(1450,'2022-01-18 19:30:55.097581','563','PP05',1,'[{\"added\": {}}]',18,2),(1451,'2022-01-19 10:02:43.749081','558','PP05',2,'[{\"changed\": {\"fields\": [\"Name\"]}}]',18,2),(1452,'2022-01-19 10:02:57.643946','559','PP06',2,'[{\"changed\": {\"fields\": [\"Name\"]}}]',18,2),(1453,'2022-01-19 10:03:28.807949','563','PP07',2,'[{\"changed\": {\"fields\": [\"Name\"]}}]',18,2),(1454,'2022-01-19 10:03:45.395971','562','PP08',2,'[{\"changed\": {\"fields\": [\"Name\"]}}]',18,2),(1455,'2022-01-19 10:04:43.305504','561','PP01',2,'[{\"changed\": {\"fields\": [\"Name\"]}}]',18,2),(1456,'2022-01-19 10:05:17.832258','560','PP10',3,'',18,2),(1457,'2022-01-25 15:58:41.264722','1','NW0001',1,'[{\"added\": {}}]',8,2),(1458,'2022-01-25 16:17:39.601542','183','NW0002',1,'[{\"added\": {}}]',16,2),(1459,'2022-01-25 16:20:10.886956','183','NW0002',2,'[{\"changed\": {\"fields\": [\"Group\"]}}]',16,2),(1460,'2022-01-25 16:41:48.311843','184','NW0003',1,'[{\"added\": {}}]',16,2),(1461,'2022-01-25 16:42:42.055628','184','NW0003',2,'[{\"changed\": {\"fields\": [\"Group\"]}}]',16,2),(1462,'2022-01-29 12:59:26.394740','4','NW-Motic',1,'[{\"added\": {}}]',3,2),(1463,'2022-02-03 12:03:45.062616','184','NW0003',2,'[{\"changed\": {\"fields\": [\"Group\"]}}]',16,2),(1464,'2022-02-03 12:04:38.548218','1','NW0001',3,'',8,2),(1465,'2022-02-03 13:49:33.104289','185','20210217091728',1,'[{\"added\": {}}]',16,2),(1466,'2022-02-03 14:00:43.077667','185','NW0005',2,'[{\"changed\": {\"fields\": [\"Name\"]}}]',16,2),(1467,'2022-02-03 14:01:51.327192','185','NW001-465885',2,'[{\"changed\": {\"fields\": [\"Name\"]}}]',16,2),(1468,'2022-02-03 14:02:14.345533','183','NW001-P5',2,'[{\"changed\": {\"fields\": [\"Name\"]}}]',16,2),(1469,'2022-02-03 14:02:27.445679','183','NW002-P5',2,'[{\"changed\": {\"fields\": [\"Name\"]}}]',16,2),(1470,'2022-02-03 14:03:10.150074','184','NW002-468440',2,'[{\"changed\": {\"fields\": [\"Name\"]}}]',16,2),(1471,'2022-02-03 14:03:29.278486','183','NW003-P5',2,'[{\"changed\": {\"fields\": [\"Name\"]}}]',16,2),(1472,'2022-02-03 14:31:56.403134','186','20210217091744',1,'[{\"added\": {}}]',16,2),(1473,'2022-02-03 14:40:45.804679','186','NW004-468885',2,'[{\"changed\": {\"fields\": [\"Name\"]}}]',16,2),(1474,'2022-02-05 10:59:06.794911','187','91803',1,'[{\"added\": {}}]',16,2),(1475,'2022-02-05 11:10:13.990112','187','NW-468885',2,'[{\"changed\": {\"fields\": [\"Name\"]}}]',16,2),(1476,'2022-02-05 11:11:03.498889','185','NW-465885',2,'[{\"changed\": {\"fields\": [\"Name\"]}}]',16,2),(1477,'2022-02-05 11:11:57.820711','186','NW-468885-P',2,'[{\"changed\": {\"fields\": [\"Name\"]}}]',16,2),(1478,'2022-02-05 11:12:29.429353','184','NW-468440',2,'[{\"changed\": {\"fields\": [\"Name\"]}}]',16,2),(1479,'2022-02-05 11:12:53.703438','183','NW-P5',2,'[{\"changed\": {\"fields\": [\"Name\"]}}]',16,2),(1480,'2022-02-05 11:18:38.173032','184','NW-468440',2,'[{\"changed\": {\"fields\": [\"ScannedBy\", \"ScannedDate\", \"InsertedDate\", \"GroupName\"]}}]',16,2),(1481,'2022-02-05 11:19:51.204329','183','NW-P5',2,'[{\"changed\": {\"fields\": [\"ScannedBy\", \"ScannedDate\", \"InsertedDate\", \"GroupName\"]}}]',16,2),(1482,'2022-02-05 11:21:12.525319','186','NW-468885-P',2,'[{\"changed\": {\"fields\": [\"ScannedDate\", \"InsertedDate\"]}}]',16,2),(1483,'2022-02-05 11:21:23.246265','185','NW-465885',2,'[{\"changed\": {\"fields\": [\"ScannedDate\", \"InsertedDate\"]}}]',16,2),(1484,'2022-02-05 11:25:08.384931','183','NW-592215-P5',2,'[{\"changed\": {\"fields\": [\"Name\"]}}]',16,2),(1485,'2022-02-05 11:27:07.844425','186','NW-468885-3',2,'[{\"changed\": {\"fields\": [\"Name\"]}}]',16,2),(1486,'2022-02-05 11:27:28.124559','187','NW-468885-2',2,'[{\"changed\": {\"fields\": [\"Name\"]}}]',16,2),(1487,'2022-02-05 11:29:06.539967','188','1819',1,'[{\"added\": {}}]',16,2),(1488,'2022-02-05 11:30:29.351237','188','NW-468885-1',2,'[{\"changed\": {\"fields\": [\"Name\"]}}]',16,2),(1489,'2022-02-05 11:50:44.633804','189','4537',1,'[{\"added\": {}}]',16,2),(1490,'2022-02-05 11:51:55.069494','189','NW-468569-2',2,'[{\"changed\": {\"fields\": [\"Name\"]}}]',16,2),(1491,'2022-02-05 11:56:04.872001','190','4611',1,'[{\"added\": {}}]',16,2),(1492,'2022-02-05 11:59:07.409905','190','NW-464246',2,'[{\"changed\": {\"fields\": [\"Name\"]}}]',16,2),(1493,'2022-02-05 12:16:03.316987','191','4627',1,'[{\"added\": {}}]',16,2),(1494,'2022-02-05 12:22:27.423113','191','NW-468569-1',2,'[{\"changed\": {\"fields\": [\"Name\"]}}]',16,2),(1495,'2022-02-05 12:25:14.349529','192','4642',1,'[{\"added\": {}}]',16,2),(1496,'2022-02-05 12:28:56.699132','192','NW-468885-4',2,'[{\"changed\": {\"fields\": [\"Name\", \"Group\"]}}]',16,2),(1497,'2022-02-05 12:29:37.189217','193','1657',1,'[{\"added\": {}}]',16,2),(1498,'2022-02-05 12:32:14.291518','193','NW-468776',2,'[{\"changed\": {\"fields\": [\"Name\", \"Group\"]}}]',16,2),(1499,'2022-02-05 12:49:48.377820','194','1713',1,'[{\"added\": {}}]',16,2),(1500,'2022-02-05 13:03:52.463096','194','NW-546319',2,'[{\"changed\": {\"fields\": [\"Name\"]}}]',16,2),(1501,'2022-02-05 13:09:51.389369','195','1731',1,'[{\"added\": {}}]',16,2),(1502,'2022-02-05 13:15:55.475173','195','NW-461363',2,'[{\"changed\": {\"fields\": [\"Name\"]}}]',16,2),(1503,'2022-02-05 13:26:25.880411','196','1747',1,'[{\"added\": {}}]',16,2),(1504,'2022-02-05 13:28:26.784921','196','NW-464246-2',2,'[{\"changed\": {\"fields\": [\"Name\"]}}]',16,2),(1505,'2022-02-05 13:36:32.262648','197','1803',1,'[{\"added\": {}}]',16,2),(1506,'2022-02-05 13:40:07.490444','197','NW-467278',2,'[{\"changed\": {\"fields\": [\"Name\", \"Group\"]}}]',16,2),(1507,'2022-02-05 13:45:13.124922','198','4528',1,'[{\"added\": {}}]',16,2),(1508,'2022-02-05 13:48:33.277868','198','NW-468951',2,'[{\"changed\": {\"fields\": [\"Name\"]}}]',16,2),(1509,'2022-02-05 13:53:52.639890','199','4547',1,'[{\"added\": {}}]',16,2),(1510,'2022-02-05 14:02:25.491963','199','NW-468951-2',2,'[{\"changed\": {\"fields\": [\"Name\"]}}]',16,2),(1511,'2022-02-05 14:08:21.073807','200','4602',1,'[{\"added\": {}}]',16,2),(1512,'2022-02-05 14:12:12.737946','200','NW-468440',2,'[{\"changed\": {\"fields\": [\"Name\"]}}]',16,2),(1513,'2022-02-05 14:13:01.387797','184','NW-468440-2',2,'[{\"changed\": {\"fields\": [\"Name\"]}}]',16,2),(1514,'2022-02-05 14:23:06.413703','201','4618',1,'[{\"added\": {}}]',16,2),(1515,'2022-02-05 14:27:00.113856','201','NW-468440-3',2,'[{\"changed\": {\"fields\": [\"Name\"]}}]',16,2),(1516,'2022-02-05 14:28:15.337067','200','NW-468440-1',2,'[{\"changed\": {\"fields\": [\"Name\"]}}]',16,2),(1517,'2022-02-05 14:28:28.579756','201','NW-468440-2',2,'[{\"changed\": {\"fields\": [\"Name\"]}}]',16,2),(1518,'2022-02-05 14:30:42.135632','184','NW-468440-5',2,'[{\"changed\": {\"fields\": [\"Name\"]}}]',16,2),(1519,'2022-02-05 14:33:51.638905','202','4633',1,'[{\"added\": {}}]',16,2),(1520,'2022-02-05 14:37:13.044328','202','NW-468440-4',2,'[{\"changed\": {\"fields\": [\"Name\"]}}]',16,2),(1521,'2022-02-05 14:38:05.984682','202','NW-468440-3',2,'[{\"changed\": {\"fields\": [\"Name\"]}}]',16,2),(1522,'2022-02-05 14:52:12.292436','203','1530',1,'[{\"added\": {}}]',16,2),(1523,'2022-02-05 14:55:25.543863','203','NW-468440-4',2,'[{\"changed\": {\"fields\": [\"Name\", \"Group\"]}}]',16,2),(1524,'2022-02-05 14:58:33.101139','204','1546',1,'[{\"added\": {}}]',16,2),(1525,'2022-02-05 15:00:43.356656','204','NW-469094',2,'[{\"changed\": {\"fields\": [\"Name\"]}}]',16,2),(1526,'2022-02-05 15:20:08.635476','205','1633',1,'[{\"added\": {}}]',16,2),(1527,'2022-02-05 15:22:06.229862','205','NW-468634',2,'[{\"changed\": {\"fields\": [\"Name\"]}}]',16,2),(1528,'2022-02-05 16:15:50.005534','206','2122',1,'[{\"added\": {}}]',16,2),(1529,'2022-02-05 16:17:39.494699','206','NW-468569-3',2,'[{\"changed\": {\"fields\": [\"Name\"]}}]',16,2),(1530,'2022-02-05 16:21:13.396125','207','5820',1,'[{\"added\": {}}]',16,2),(1531,'2022-02-05 16:32:45.800098','207','NW-590486',2,'[{\"changed\": {\"fields\": [\"Name\"]}}]',16,2),(1532,'2022-02-05 16:35:38.880512','208','5820-1',1,'[{\"added\": {}}]',16,2),(1533,'2022-02-05 16:37:23.249159','208','NW-590486-1',2,'[{\"changed\": {\"fields\": [\"Name\"]}}]',16,2),(1534,'2022-02-05 16:37:31.609693','207','NW-590486-2',2,'[{\"changed\": {\"fields\": [\"Name\"]}}]',16,2),(1535,'2022-02-05 16:45:54.727687','209','1617',1,'[{\"added\": {}}]',16,2),(1536,'2022-02-05 16:50:21.855791','209','NW-590486-0',2,'[{\"changed\": {\"fields\": [\"Name\"]}}]',16,2),(1537,'2022-02-05 16:58:42.012511','210','5804',1,'[{\"added\": {}}]',16,2),(1538,'2022-02-05 17:00:42.877962','211','edta',1,'[{\"added\": {}}]',16,2),(1539,'2022-02-05 17:01:26.817898','210','NW-592215-2',2,'[{\"changed\": {\"fields\": [\"Name\"]}}]',16,2),(1540,'2022-02-05 17:04:33.077015','211','NW-592215-EDTA',2,'[{\"changed\": {\"fields\": [\"Name\"]}}]',16,2),(1541,'2022-02-05 17:05:22.222691','211','NW-590486-EDTA',2,'[{\"changed\": {\"fields\": [\"Name\"]}}]',16,2),(1542,'2022-02-05 17:06:06.789664','207','NW-590486-Plain',2,'[{\"changed\": {\"fields\": [\"Name\"]}}]',16,2),(1543,'2022-02-07 13:47:31.424670','212','46888',1,'[{\"added\": {}}]',16,2),(1544,'2022-02-07 13:54:31.637094','213','461368',1,'[{\"added\": {}}]',16,2),(1545,'2022-02-07 14:05:08.384740','214','464246-2',1,'[{\"added\": {}}]',16,2),(1546,'2022-02-07 14:14:45.777940','215','464246-1',1,'[{\"added\": {}}]',16,2),(1547,'2022-02-07 14:22:55.567514','216','467228',1,'[{\"added\": {}}]',16,2),(1548,'2022-02-07 14:38:52.374918','217','468440',1,'[{\"added\": {}}]',16,2),(1549,'2022-02-07 14:42:32.973225','217','468440-1',2,'[{\"changed\": {\"fields\": [\"Name\"]}}]',16,2),(1550,'2022-02-07 14:52:17.390781','218','468440-2',1,'[{\"added\": {}}]',16,2),(1551,'2022-02-07 15:08:06.376434','219','468440-C-1',1,'[{\"added\": {}}]',16,2),(1552,'2022-02-07 15:34:57.225115','220','468440-C-1-1',1,'[{\"added\": {}}]',16,2),(1553,'2022-02-07 15:50:24.409515','221','468440-C-1-EF',1,'[{\"added\": {}}]',16,2),(1554,'2022-02-10 13:08:51.866050','222','468440-D',1,'[{\"added\": {}}]',16,2),(1555,'2022-02-10 13:22:10.385480','223','468440',1,'[{\"added\": {}}]',16,2),(1556,'2022-02-10 14:31:03.419944','224','468776',1,'[{\"added\": {}}]',16,2),(1557,'2022-02-10 14:40:17.683560','225','468951',1,'[{\"added\": {}}]',16,2),(1558,'2022-02-10 15:06:33.115653','226','468951CM',1,'[{\"added\": {}}]',16,2),(1559,'2022-02-10 15:10:03.170826','226','468951CM',2,'[{\"changed\": {\"fields\": [\"Group\"]}}]',16,2),(1560,'2022-02-10 15:28:13.651020','227','589179',1,'[{\"added\": {}}]',16,2),(1561,'2022-02-10 15:55:48.260338','228','590486PAP',1,'[{\"added\": {}}]',16,2),(1562,'2022-02-10 16:39:55.089197','229','489094',1,'[{\"added\": {}}]',16,2),(1563,'2022-02-10 16:50:11.547067','230','468885-2',1,'[{\"added\": {}}]',16,2),(1564,'2022-02-14 15:08:19.023999','231','468569-1',1,'[{\"added\": {}}]',16,2),(1565,'2022-02-14 15:12:42.331015','231','468569-3',2,'[{\"changed\": {\"fields\": [\"Name\"]}}]',16,2),(1566,'2022-02-14 15:21:04.034768','232','468569-2',1,'[{\"added\": {}}]',16,2),(1567,'2022-02-14 16:26:54.400289','233','468569-1',1,'[{\"added\": {}}]',16,2),(1568,'2022-02-14 16:45:23.081662','234','468634',1,'[{\"added\": {}}]',16,2),(1569,'2022-02-14 17:04:27.901970','235','468885-1',1,'[{\"added\": {}}]',16,2),(1570,'2022-02-14 17:17:30.619734','236','468885-3',1,'[{\"added\": {}}]',16,2),(1571,'2022-02-14 17:33:11.740143','237','546319',1,'[{\"added\": {}}]',16,2),(1572,'2022-02-23 12:12:49.686426','233','468569-1',2,'[{\"changed\": {\"fields\": [\"Group\"]}}]',16,2),(1573,'2022-02-23 12:13:19.450526','232','468569-2',2,'[{\"changed\": {\"fields\": [\"Group\"]}}]',16,2),(1574,'2022-02-23 12:13:37.267380','231','468569-3',2,'[{\"changed\": {\"fields\": [\"Group\"]}}]',16,2),(1575,'2022-02-23 12:17:45.060653','233','468569-1',2,'[{\"changed\": {\"fields\": [\"LabelUrlPath\"]}}]',16,2),(1576,'2022-02-23 12:23:35.194031','233','468569-1',2,'[{\"changed\": {\"fields\": [\"LabelUrlPath\"]}}]',16,2),(1577,'2022-02-23 12:25:46.546542','231','468569-3',2,'[{\"changed\": {\"fields\": [\"LabelUrlPath\"]}}]',16,2),(1578,'2022-02-23 12:26:11.590455','232','468569-2',2,'[{\"changed\": {\"fields\": [\"LabelUrlPath\"]}}]',16,2),(1579,'2022-02-23 12:27:15.566098','231','468569-3',2,'[{\"changed\": {\"fields\": [\"LabelUrlPath\"]}}]',16,2),(1580,'2022-02-23 12:28:59.957378','206','NW-468569-3',2,'[{\"changed\": {\"fields\": [\"Group\"]}}]',16,2),(1581,'2022-02-23 12:29:15.718118','191','NW-468569-1',2,'[{\"changed\": {\"fields\": [\"Group\"]}}]',16,2),(1582,'2022-02-23 12:29:30.688748','189','NW-468569-2',2,'[{\"changed\": {\"fields\": [\"Group\"]}}]',16,2),(1583,'2022-02-23 16:42:39.947536','233','468569-1',2,'[{\"changed\": {\"fields\": [\"LabelUrlPath\"]}}]',16,2),(1584,'2022-02-23 16:42:56.906943','232','468569-2',2,'[{\"changed\": {\"fields\": [\"LabelUrlPath\"]}}]',16,2),(1585,'2022-02-23 16:43:11.593279','231','468569-3',2,'[{\"changed\": {\"fields\": [\"LabelUrlPath\"]}}]',16,2),(1586,'2022-02-23 16:46:13.433347','191','NW-468569-1',2,'[{\"changed\": {\"fields\": [\"LabelUrlPath\"]}}]',16,2),(1587,'2022-02-23 16:46:21.676932','206','NW-468569-3',2,'[{\"changed\": {\"fields\": [\"LabelUrlPath\"]}}]',16,2),(1588,'2022-02-23 16:46:30.432270','189','NW-468569-2',2,'[{\"changed\": {\"fields\": [\"LabelUrlPath\"]}}]',16,2),(1589,'2022-02-23 16:49:04.847367','191','M-468569-1',2,'[{\"changed\": {\"fields\": [\"Name\"]}}]',16,2),(1590,'2022-02-23 16:49:19.506360','189','M-468569-2',2,'[{\"changed\": {\"fields\": [\"Name\"]}}]',16,2),(1591,'2022-02-23 16:49:29.146628','206','M-468569-3',2,'[{\"changed\": {\"fields\": [\"Name\"]}}]',16,2),(1592,'2022-02-23 16:51:16.725663','205','M-468634',2,'[{\"changed\": {\"fields\": [\"Name\", \"Group\"]}}]',16,2),(1593,'2022-02-23 16:51:38.232927','234','468634',2,'[{\"changed\": {\"fields\": [\"Group\"]}}]',16,2),(1594,'2022-02-23 16:54:51.478974','205','M-468634',2,'[{\"changed\": {\"fields\": [\"LabelUrlPath\"]}}]',16,2),(1595,'2022-02-23 16:55:10.295853','234','468634',2,'[{\"changed\": {\"fields\": [\"LabelUrlPath\"]}}]',16,2),(1596,'2022-02-23 17:06:37.642854','234','468634',2,'[{\"changed\": {\"fields\": [\"LabelUrlPath\"]}}]',16,2),(1597,'2022-02-23 17:06:50.006852','205','M-468634',2,'[{\"changed\": {\"fields\": [\"LabelUrlPath\"]}}]',16,2),(1598,'2022-02-24 11:42:04.758990','233','468569-1',2,'[{\"changed\": {\"fields\": [\"LabelUrlPath\"]}}]',16,2),(1599,'2022-02-24 11:44:07.544972','232','468569-2',2,'[{\"changed\": {\"fields\": [\"LabelUrlPath\"]}}]',16,2),(1600,'2022-02-24 11:44:45.267935','231','468569-3',2,'[{\"changed\": {\"fields\": [\"LabelUrlPath\"]}}]',16,2),(1601,'2022-02-24 11:50:18.052116','206','M-468569-3',2,'[{\"changed\": {\"fields\": [\"LabelUrlPath\"]}}]',16,2),(1602,'2022-02-24 11:50:26.513081','191','M-468569-1',2,'[{\"changed\": {\"fields\": [\"LabelUrlPath\"]}}]',16,2),(1603,'2022-02-24 11:50:34.145278','189','M-468569-2',2,'[{\"changed\": {\"fields\": [\"LabelUrlPath\"]}}]',16,2),(1604,'2022-02-24 12:06:10.835623','231','468569-3',2,'[{\"changed\": {\"fields\": [\"LabelUrlPath\"]}}]',16,2),(1605,'2022-02-24 12:10:30.300556','191','468569-1M',2,'[{\"changed\": {\"fields\": [\"Name\"]}}]',16,2),(1606,'2022-02-24 12:21:27.871185','233','468569-1',2,'[{\"changed\": {\"fields\": [\"LabelUrlPath\"]}}]',16,2),(1607,'2022-02-24 12:21:34.034438','232','468569-2',2,'[{\"changed\": {\"fields\": [\"LabelUrlPath\"]}}]',16,2),(1608,'2022-02-24 12:21:44.895530','231','468569-3',2,'[{\"changed\": {\"fields\": [\"LabelUrlPath\"]}}]',16,2),(1609,'2022-02-24 12:22:12.806614','206','468569-3M',2,'[{\"changed\": {\"fields\": [\"Name\", \"LabelUrlPath\"]}}]',16,2),(1610,'2022-02-24 12:22:21.175128','191','468569-1M',2,'[{\"changed\": {\"fields\": [\"LabelUrlPath\"]}}]',16,2),(1611,'2022-02-24 12:22:33.724552','189','468569-2M',2,'[{\"changed\": {\"fields\": [\"Name\", \"LabelUrlPath\"]}}]',16,2),(1612,'2022-02-24 12:26:40.441839','234','468634',2,'[{\"changed\": {\"fields\": [\"LabelUrlPath\"]}}]',16,2),(1613,'2022-02-24 12:26:54.360611','205','468634M',2,'[{\"changed\": {\"fields\": [\"Name\", \"LabelUrlPath\"]}}]',16,2),(1614,'2022-02-24 12:35:35.209358','215','464246-1',2,'[{\"changed\": {\"fields\": [\"LabelUrlPath\", \"Group\"]}}]',16,2),(1615,'2022-02-24 12:37:07.534840','190','464246-1M',2,'[{\"changed\": {\"fields\": [\"Name\", \"LabelUrlPath\", \"Group\"]}}]',16,2),(1616,'2022-02-24 12:41:34.171388','196','464246-1M',2,'[{\"changed\": {\"fields\": [\"Name\", \"Group\"]}}]',16,2),(1617,'2022-02-24 12:43:05.475941','196','464246-1M',2,'[{\"changed\": {\"fields\": [\"LabelUrlPath\"]}}]',16,2),(1618,'2022-02-24 12:44:22.645470','214','464246-2',2,'[{\"changed\": {\"fields\": [\"LabelUrlPath\", \"Group\"]}}]',16,2),(1619,'2022-02-24 12:44:46.493564','190','464246-2M',2,'[{\"changed\": {\"fields\": [\"Name\", \"LabelUrlPath\"]}}]',16,2),(1620,'2022-02-24 12:59:17.430597','217','468440-1',2,'[{\"changed\": {\"fields\": [\"LabelUrlPath\", \"Group\"]}}]',16,2),(1621,'2022-02-24 13:00:12.505981','200','468440-1M',2,'[{\"changed\": {\"fields\": [\"Name\", \"LabelUrlPath\", \"Group\"]}}]',16,2),(1622,'2022-02-24 13:10:27.933575','219','468440-2',2,'[{\"changed\": {\"fields\": [\"Name\", \"LabelUrlPath\", \"Group\"]}}]',16,2),(1623,'2022-02-24 13:13:31.128919','201','468440-2M',2,'[{\"changed\": {\"fields\": [\"Name\", \"LabelUrlPath\", \"Group\"]}}]',16,2),(1624,'2022-02-24 13:19:27.047237','222','468440-3',2,'[{\"changed\": {\"fields\": [\"Name\", \"LabelUrlPath\", \"Group\"]}}]',16,2),(1625,'2022-02-24 13:20:21.232485','202','468440-3M',2,'[{\"changed\": {\"fields\": [\"Name\", \"LabelUrlPath\", \"Group\"]}}]',16,2),(1626,'2022-02-24 13:24:19.285670','218','468440-4',2,'[{\"changed\": {\"fields\": [\"Name\", \"LabelUrlPath\", \"Group\"]}}]',16,2),(1627,'2022-02-24 13:24:39.223618','203','468440-4M',2,'[{\"changed\": {\"fields\": [\"Name\", \"LabelUrlPath\", \"Group\"]}}]',16,2),(1628,'2022-02-24 13:25:57.775262','203','468440-4M',2,'[{\"changed\": {\"fields\": [\"LabelUrlPath\"]}}]',16,2),(1629,'2022-02-24 13:34:02.543105','221','468440-5',2,'[{\"changed\": {\"fields\": [\"Name\", \"LabelUrlPath\", \"Group\"]}}]',16,2),(1630,'2022-02-24 13:34:44.890609','184','468440-5M',2,'[{\"changed\": {\"fields\": [\"Name\", \"LabelUrlPath\", \"Group\"]}}]',16,2),(1631,'2022-02-24 13:38:24.745787','223','468440-6',2,'[{\"changed\": {\"fields\": [\"Name\", \"LabelUrlPath\", \"Group\"]}}]',16,2),(1632,'2022-02-24 13:40:17.655568','223','468440-6',2,'[{\"changed\": {\"fields\": [\"ScannedDate\", \"InsertedDate\"]}}]',16,2),(1633,'2022-02-24 13:40:28.743989','222','468440-3',2,'[{\"changed\": {\"fields\": [\"ScannedDate\", \"InsertedDate\"]}}]',16,2),(1634,'2022-02-24 13:48:12.857520','236','468885-1',2,'[{\"changed\": {\"fields\": [\"Name\", \"LabelUrlPath\", \"Group\"]}}]',16,2),(1635,'2022-02-24 13:48:27.709185','188','468885-1M',2,'[{\"changed\": {\"fields\": [\"Name\", \"LabelUrlPath\", \"Group\"]}}]',16,2),(1636,'2022-02-24 13:52:47.156666','235','468885-2',2,'[{\"changed\": {\"fields\": [\"Name\", \"LabelUrlPath\", \"Group\"]}}]',16,2),(1637,'2022-02-24 13:53:06.222227','187','468885-2M',2,'[{\"changed\": {\"fields\": [\"Name\", \"LabelUrlPath\", \"Group\"]}}]',16,2),(1638,'2022-02-24 13:56:56.199834','230','468885-3',2,'[{\"changed\": {\"fields\": [\"Name\", \"LabelUrlPath\", \"Group\"]}}]',16,2),(1639,'2022-02-24 13:57:19.559983','192','468885-3M',2,'[{\"changed\": {\"fields\": [\"Name\", \"LabelUrlPath\", \"Group\"]}}]',16,2),(1640,'2022-02-24 13:58:50.496421','230','468885-3',2,'[{\"changed\": {\"fields\": [\"ScannedDate\", \"InsertedDate\"]}}]',16,2),(1641,'2022-02-24 13:59:44.189500','186','468885-4M',2,'[{\"changed\": {\"fields\": [\"Name\", \"LabelUrlPath\", \"Group\"]}}]',16,2),(1642,'2022-02-24 14:03:07.136127','186','468885-4M',2,'[{\"changed\": {\"fields\": [\"Group\"]}}]',16,2),(1643,'2022-02-25 10:08:09.965677','6','QR_1_PAS',3,'',12,2),(1644,'2022-02-25 10:08:09.967050','7','PH0008,CD5_CD5 Phillips',3,'',12,2),(1645,'2022-02-25 10:08:09.967603','1','H&E',3,'',12,2),(1646,'2022-02-25 10:08:09.968139','2','Case Report 1_HE',3,'',12,2),(1647,'2022-02-25 10:08:09.968629','3','Case Report 1_Ki67',3,'',12,2),(1648,'2022-02-25 10:08:09.969138','4','Case Report 1_MNF116',3,'',12,2),(1649,'2022-02-25 10:08:09.969631','5','Case Report 1_PSA',3,'',12,2),(1650,'2022-02-25 10:08:47.973942','4','test1',3,'',7,2),(1651,'2022-02-25 10:09:02.720573','1','VirtualACP',3,'',7,2),(1652,'2022-02-25 10:10:04.049168','11','IHC_SP_01_A',3,'',22,2),(1653,'2022-02-25 10:10:04.050233','12','IHC_SP_01_B',3,'',22,2),(1654,'2022-02-25 10:10:04.050753','13','IHC_SP_01_C',3,'',22,2),(1655,'2022-02-25 10:10:04.051265','14','IHC_SP_01_D',3,'',22,2),(1656,'2022-02-25 10:10:04.051726','15','IHC_SP_01_E',3,'',22,2),(1657,'2022-02-25 10:10:04.052186','16','IHC_SP_01_F',3,'',22,2),(1658,'2022-02-25 10:10:15.848841','17','SpotDiagnosis',3,'',7,2),(1659,'2022-02-25 10:10:42.079860','11','IHC_PS1A.svs',3,'',9,2),(1660,'2022-02-25 10:10:42.081261','12','Clinton Slide 1',3,'',9,2),(1661,'2022-02-25 10:10:42.081800','3','IHC_PS2.svs',3,'',9,2),(1662,'2022-02-25 10:10:42.082367','4','IHC_PS3A.svs',3,'',9,2),(1663,'2022-02-25 10:10:42.082823','5','IHC_PS3B.svs',3,'',9,2),(1664,'2022-02-25 10:10:42.083246','2','IHC_PS4.svs',3,'',9,2),(1665,'2022-02-25 10:10:42.083611','6','IHC_PS5a.svs',3,'',9,2),(1666,'2022-02-25 10:10:42.084022','7','IHC_PS5b.svs',3,'',9,2),(1667,'2022-02-25 10:10:42.084426','8','IHC_PS6.svs',3,'',9,2),(1668,'2022-02-25 10:10:42.084788','9','IHC_PS7.svs',3,'',9,2),(1669,'2022-02-25 10:10:42.085256','10','IHC_PS8.svs',3,'',9,2),(1670,'2022-02-25 10:10:51.299270','3','liverpooldermpathcourse2020',3,'',7,2),(1671,'2022-02-25 10:11:18.086685','1','testubaid',3,'',14,2),(1672,'2022-02-25 10:11:26.057747','2','JclinpathTest',3,'',7,2),(1673,'2022-02-25 10:11:46.299802','16','Alopecia',3,'',7,2),(1674,'2022-02-25 13:05:25.460115','211','590486-1M-EDTA',2,'[{\"changed\": {\"fields\": [\"Name\", \"Group\"]}}]',16,2),(1675,'2022-02-25 13:06:19.790120','209','590486-2M',2,'[{\"changed\": {\"fields\": [\"Name\", \"Group\"]}}]',16,2),(1676,'2022-02-25 13:06:49.303474','208','590486-3M',2,'[{\"changed\": {\"fields\": [\"Name\", \"Group\"]}}]',16,2),(1677,'2022-02-25 13:09:22.164423','207','590486-3M-Plain',2,'[{\"changed\": {\"fields\": [\"Name\", \"Group\"]}}]',16,2),(1678,'2022-02-25 13:10:55.689940','228','590486-1-PAP',2,'[{\"changed\": {\"fields\": [\"Name\", \"Group\"]}}]',16,2),(1679,'2022-02-25 13:42:22.766353','210','592215-2M',2,'[{\"changed\": {\"fields\": [\"Name\", \"Group\"]}}]',16,2),(1680,'2022-02-25 13:42:42.925461','183','592215-P5',2,'[{\"changed\": {\"fields\": [\"Name\", \"Group\"]}}]',16,2),(1681,'2022-02-25 13:44:49.656850','210','592215-1M',2,'[{\"changed\": {\"fields\": [\"Name\"]}}]',16,2),(1682,'2022-02-25 13:45:03.139472','183','592215-2M-P5',2,'[{\"changed\": {\"fields\": [\"Name\"]}}]',16,2),(1683,'2022-02-25 13:48:30.564499','204','469094M',2,'[{\"changed\": {\"fields\": [\"Name\", \"Group\"]}}]',16,2),(1684,'2022-02-25 13:57:58.991993','225','468951-1-3D',2,'[{\"changed\": {\"fields\": [\"Name\", \"Group\"]}}]',16,2),(1685,'2022-02-25 13:58:15.617259','226','468951-2-3D',2,'[{\"changed\": {\"fields\": [\"Name\", \"Group\"]}}]',16,2),(1686,'2022-02-25 13:59:30.892460','198','468951-1M',2,'[{\"changed\": {\"fields\": [\"Name\", \"Group\"]}}]',16,2),(1687,'2022-02-25 14:00:23.951788','199','468951-2M',2,'[{\"changed\": {\"fields\": [\"Name\", \"Group\"]}}]',16,2),(1688,'2022-02-25 14:04:08.674389','194','546319-M',2,'[{\"changed\": {\"fields\": [\"Name\", \"Group\"]}}]',16,2),(1689,'2022-02-25 14:04:33.583698','237','546319-3D',2,'[{\"changed\": {\"fields\": [\"Name\", \"Group\"]}}]',16,2),(1690,'2022-02-25 14:13:12.867786','195','461363-1M',2,'[{\"changed\": {\"fields\": [\"Name\", \"Group\"]}}]',16,2),(1691,'2022-02-25 14:15:52.852372','224','468776-1M',2,'[{\"changed\": {\"fields\": [\"Name\", \"Group\"]}}]',16,2),(1692,'2022-02-25 14:16:25.345480','224','468776-1-3D',2,'[{\"changed\": {\"fields\": [\"Name\"]}}]',16,2),(1693,'2022-02-25 14:16:45.529794','193','468776-1M',2,'[{\"changed\": {\"fields\": [\"Name\", \"Group\"]}}]',16,2),(1694,'2022-02-25 14:18:41.272356','227','589179-1-3D',2,'[{\"changed\": {\"fields\": [\"Name\", \"Group\"]}}]',16,2),(1695,'2022-02-25 14:56:07.539955','19','NW Slides',1,'[{\"added\": {}}]',7,2),(1696,'2022-02-25 14:56:31.694212','19','NW Slides',2,'[]',7,2),(1697,'2022-02-26 12:33:08.318289','564','P2-Mock-01',1,'[{\"added\": {}}]',18,2),(1698,'2022-02-26 12:36:50.731619','564','P2-Mock-SC09',2,'[{\"changed\": {\"fields\": [\"Name\", \"Group\"]}}]',18,2),(1699,'2022-02-26 12:39:36.261362','565','P2-Mock-SC?',1,'[{\"added\": {}}]',18,2),(1700,'2022-02-26 12:40:09.421288','565','P2-Mock-SC10',2,'[{\"changed\": {\"fields\": [\"Name\", \"Group\"]}}]',18,2),(1701,'2022-02-26 12:44:15.531339','566','P2-Mock-SC?',1,'[{\"added\": {}}]',18,2),(1702,'2022-02-26 12:45:05.754769','210','592215-1M',2,'[{\"changed\": {\"fields\": [\"LabelUrlPath\"]}}]',16,2),(1703,'2022-02-26 12:46:09.185545','566','P2-Mock-SC13',2,'[{\"changed\": {\"fields\": [\"Name\", \"Group\"]}}]',18,2),(1704,'2022-02-26 12:48:42.566279','183','592215-2M-P5',2,'[{\"changed\": {\"fields\": [\"LabelUrlPath\"]}}]',16,2),(1705,'2022-02-26 12:54:08.676746','228','590486-1-PAP',2,'[{\"changed\": {\"fields\": [\"LabelUrlPath\"]}}]',16,2),(1706,'2022-02-26 12:54:33.275576','209','590486-2M',2,'[{\"changed\": {\"fields\": [\"LabelUrlPath\"]}}]',16,2),(1707,'2022-02-26 12:55:13.944898','567','P2-Mock-SC?',1,'[{\"added\": {}}]',18,2),(1708,'2022-02-26 12:55:16.585731','207','590486-3M-Plain',2,'[{\"changed\": {\"fields\": [\"LabelUrlPath\"]}}]',16,2),(1709,'2022-02-26 12:56:07.925469','211','590486-1M-EDTA',2,'[{\"changed\": {\"fields\": [\"LabelUrlPath\"]}}]',16,2),(1710,'2022-02-26 12:57:00.337045','567','P2-Mock-SC17',2,'[{\"changed\": {\"fields\": [\"Name\", \"Group\"]}}]',18,2),(1711,'2022-02-26 13:05:50.226141','204','469094M',2,'[{\"changed\": {\"fields\": [\"LabelUrlPath\"]}}]',16,2),(1712,'2022-02-26 13:06:21.055958','568','P2-Mock-SC?',1,'[{\"added\": {}}]',18,2),(1713,'2022-02-26 13:08:11.561357','568','P2-Mock-SC01',2,'[{\"changed\": {\"fields\": [\"Name\", \"Group\"]}}]',18,2),(1714,'2022-02-26 13:15:03.906071','225','468951-1-3D',2,'[{\"changed\": {\"fields\": [\"LabelUrlPath\"]}}]',16,2),(1715,'2022-02-26 13:15:17.065615','226','468951-2-3D',2,'[{\"changed\": {\"fields\": [\"LabelUrlPath\"]}}]',16,2),(1716,'2022-02-26 13:15:46.945760','198','468951-1M',2,'[{\"changed\": {\"fields\": [\"LabelUrlPath\"]}}]',16,2),(1717,'2022-02-26 13:15:55.536678','199','468951-2M',2,'[{\"changed\": {\"fields\": [\"LabelUrlPath\"]}}]',16,2),(1718,'2022-02-26 13:18:24.296064','237','546319-3D',2,'[{\"changed\": {\"fields\": [\"LabelUrlPath\"]}}]',16,2),(1719,'2022-02-26 13:18:35.366343','194','546319-M',2,'[{\"changed\": {\"fields\": [\"LabelUrlPath\"]}}]',16,2),(1720,'2022-02-26 13:20:33.169114','195','461363-1M',2,'[{\"changed\": {\"fields\": [\"LabelUrlPath\"]}}]',16,2),(1721,'2022-02-26 13:20:38.745365','569','P2-Mock-SC?',1,'[{\"added\": {}}]',18,2),(1722,'2022-02-26 13:22:18.204904','224','468776-1-3D',2,'[{\"changed\": {\"fields\": [\"LabelUrlPath\"]}}]',16,2),(1723,'2022-02-26 13:22:38.316304','193','468776-1M',2,'[{\"changed\": {\"fields\": [\"LabelUrlPath\"]}}]',16,2),(1724,'2022-02-26 13:24:38.345507','227','589179-1-3D',2,'[{\"changed\": {\"fields\": [\"LabelUrlPath\"]}}]',16,2),(1725,'2022-02-26 13:27:49.025768','569','P2-Mock-SC08',2,'[{\"changed\": {\"fields\": [\"Name\", \"Group\"]}}]',18,2),(1726,'2022-02-26 13:49:08.944684','570','P2-Mock-SC?',1,'[{\"added\": {}}]',18,2),(1727,'2022-02-26 14:01:48.260944','570','P2-Mock-SC12',2,'[{\"changed\": {\"fields\": [\"Name\", \"Group\"]}}]',18,2),(1728,'2022-02-26 14:14:14.804676','571','P2-Mock-SC?',1,'[{\"added\": {}}]',18,2),(1729,'2022-02-26 14:39:52.241445','571','P2-Mock-SC16',2,'[{\"changed\": {\"fields\": [\"Name\", \"Group\"]}}]',18,2),(1730,'2022-02-26 15:52:57.630132','572','P2-Mock-SC?',1,'[{\"added\": {}}]',18,2),(1731,'2022-02-26 16:06:22.631337','572','P2-Mock-SC18',2,'[{\"changed\": {\"fields\": [\"Name\", \"Group\"]}}]',18,2),(1732,'2022-02-27 18:53:42.700647','573','P2-Mock-SC?',1,'[{\"added\": {}}]',18,2),(1733,'2022-02-27 20:16:51.489699','574','P2-Mock-SC?1',1,'[{\"added\": {}}]',18,2),(1734,'2022-02-27 22:22:39.784247','575','P2-Mock-SC?2',1,'[{\"added\": {}}]',18,2),(1735,'2022-02-27 22:30:37.866696','576','P2-Mock-SC?4',1,'[{\"added\": {}}]',18,2),(1736,'2022-02-27 22:46:06.211446','577','P2-Mock-SC?3',1,'[{\"added\": {}}]',18,2),(1737,'2022-02-27 22:47:04.355104','578','P2-Mock-SC?3',1,'[{\"added\": {}}]',18,2),(1738,'2022-02-27 23:07:18.561376','579','P2-Mock-SC?6',1,'[{\"added\": {}}]',18,2),(1739,'2022-02-27 23:08:47.865781','580','P2-Mock-SC?5',1,'[{\"added\": {}}]',18,2),(1740,'2022-02-27 23:10:39.158716','581','P2-Mock-SC?7',1,'[{\"added\": {}}]',18,2),(1741,'2022-02-27 23:28:43.720269','582','P2-Mock-SC?9',1,'[{\"added\": {}}]',18,2),(1742,'2022-02-27 23:33:22.496340','583','P2-Mock-SC?10',1,'[{\"added\": {}}]',18,2),(1743,'2022-02-27 23:34:40.074508','584','P2-Mock-SC?8',1,'[{\"added\": {}}]',18,2),(1744,'2022-02-28 07:20:46.764074','573','P2-Mock-SC12',2,'[{\"changed\": {\"fields\": [\"Name\", \"ScannedBy\", \"Group\"]}}]',18,2),(1745,'2022-02-28 07:23:33.845069','574','P2-Mock-SC07',2,'[{\"changed\": {\"fields\": [\"Name\", \"Group\"]}}]',18,2),(1746,'2022-02-28 07:25:43.225271','575','P2-Mock-SC06',2,'[{\"changed\": {\"fields\": [\"Name\", \"Group\"]}}]',18,2),(1747,'2022-02-28 07:26:27.346202','576','P2-Mock-SC04',2,'[{\"changed\": {\"fields\": [\"Name\", \"Group\"]}}]',18,2),(1748,'2022-02-28 07:27:02.805236','577','P2-Mock-SC19',2,'[{\"changed\": {\"fields\": [\"Name\", \"Group\"]}}]',18,2),(1749,'2022-02-28 07:27:33.905132','578','P2-Mock-SC05',2,'[{\"changed\": {\"fields\": [\"Name\", \"Group\"]}}]',18,2),(1750,'2022-02-28 07:27:59.001270','579','P2-Mock-SC02',2,'[{\"changed\": {\"fields\": [\"Name\", \"Group\"]}}]',18,2),(1751,'2022-02-28 07:28:25.730643','580','P2-Mock-SC03',2,'[{\"changed\": {\"fields\": [\"Name\", \"Group\"]}}]',18,2),(1752,'2022-02-28 07:28:54.245598','581','P2-Mock-SC15',2,'[{\"changed\": {\"fields\": [\"Name\", \"Group\"]}}]',18,2),(1753,'2022-02-28 07:29:22.286114','582','P2-Mock-SC14',2,'[{\"changed\": {\"fields\": [\"Name\", \"Group\"]}}]',18,2),(1754,'2022-02-28 07:29:45.425119','583','P2-Mock-SC11',2,'[{\"changed\": {\"fields\": [\"Name\", \"Group\"]}}]',18,2),(1755,'2022-02-28 07:30:10.634028','584','P2-Mock-SC15',2,'[{\"changed\": {\"fields\": [\"Name\", \"Group\"]}}]',18,2),(1756,'2022-02-28 07:49:22.791987','227','589179-1-3D',2,'[{\"changed\": {\"fields\": [\"LabelUrlPath\"]}}]',16,2),(1757,'2022-02-28 07:51:05.128122','227','589179-1-3D',2,'[{\"changed\": {\"fields\": [\"LabelUrlPath\"]}}]',16,2),(1758,'2022-02-28 07:53:22.186129','227','589179-1-3D',2,'[{\"changed\": {\"fields\": [\"LabelUrlPath\"]}}]',16,2),(1759,'2022-02-28 07:55:20.021562','227','589179-1-3D',2,'[{\"changed\": {\"fields\": [\"LabelUrlPath\"]}}]',16,2),(1760,'2022-02-28 07:57:54.133497','227','589179-1-3D',2,'[{\"changed\": {\"fields\": [\"LabelUrlPath\"]}}]',16,2),(1761,'2022-02-28 08:57:31.765347','585','P2-Mock-SC?',1,'[{\"added\": {}}]',18,2),(1762,'2022-02-28 09:29:40.560674','585','P2-Mock-SC20',2,'[{\"changed\": {\"fields\": [\"Name\", \"Group\"]}}]',18,2),(1763,'2022-03-07 10:47:56.286330','238','721626',1,'[{\"added\": {}}]',16,2),(1764,'2022-03-07 10:50:29.940861','239','721626-2',1,'[{\"added\": {}}]',16,2),(1765,'2022-03-07 10:52:13.841127','239','721626-2',2,'[{\"changed\": {\"fields\": [\"Group\"]}}]',16,2),(1766,'2022-03-07 10:52:21.361329','238','721626',2,'[{\"changed\": {\"fields\": [\"Group\"]}}]',16,2),(1767,'2022-03-07 10:52:38.557987','238','721626-EDTA',2,'[{\"changed\": {\"fields\": [\"Name\"]}}]',16,2),(1768,'2022-03-07 10:56:12.547164','240','721626-1',1,'[{\"added\": {}}]',16,2),(1769,'2022-03-07 11:11:09.113756','241','717152-1',1,'[{\"added\": {}}]',16,2),(1770,'2022-03-07 11:14:53.418823','242','717152-2',1,'[{\"added\": {}}]',16,2),(1771,'2022-03-07 11:33:29.619664','243','717152-1',1,'[{\"added\": {}}]',16,2),(1772,'2022-03-07 11:35:55.380879','244','717152-2',1,'[{\"added\": {}}]',16,2),(1773,'2022-03-07 11:54:29.588927','245','718524-1',1,'[{\"added\": {}}]',16,2),(1774,'2022-03-07 11:56:21.682815','246','718524-2',1,'[{\"added\": {}}]',16,2),(1775,'2022-03-07 12:18:35.084899','240','721626-1',2,'[{\"changed\": {\"fields\": [\"LabelUrlPath\"]}}]',16,2),(1776,'2022-03-07 12:19:37.032615','239','721626-2',2,'[{\"changed\": {\"fields\": [\"LabelUrlPath\"]}}]',16,2),(1777,'2022-03-07 12:20:44.825233','238','721626-EDTA',2,'[{\"changed\": {\"fields\": [\"LabelUrlPath\"]}}]',16,2),(1778,'2022-03-07 12:22:43.987255','243','717152-1',2,'[{\"changed\": {\"fields\": [\"LabelUrlPath\"]}}]',16,2),(1779,'2022-03-07 12:24:02.412408','243','717152-1',2,'[{\"changed\": {\"fields\": [\"LabelUrlPath\"]}}]',16,2),(1780,'2022-03-07 12:24:33.912721','244','717152-2',2,'[{\"changed\": {\"fields\": [\"LabelUrlPath\"]}}]',16,2),(1781,'2022-03-07 12:25:53.177905','245','718524-1',2,'[{\"changed\": {\"fields\": [\"LabelUrlPath\"]}}]',16,2),(1782,'2022-03-07 12:26:30.971603','246','718524-2',2,'[{\"changed\": {\"fields\": [\"LabelUrlPath\"]}}]',16,2),(1783,'2022-03-07 13:41:51.167683','247','592113',1,'[{\"added\": {}}]',16,2),(1784,'2022-03-07 13:53:39.235444','247','592113',2,'[{\"changed\": {\"fields\": [\"LabelUrlPath\"]}}]',16,2),(1785,'2022-03-13 14:11:09.056108','248','717279-1',1,'[{\"added\": {}}]',16,2),(1786,'2022-03-13 14:26:41.398954','249','717279-2',1,'[{\"added\": {}}]',16,2),(1787,'2022-03-13 14:38:37.825260','250','717279-3',1,'[{\"added\": {}}]',16,2),(1788,'2022-03-13 14:53:39.028951','251','717279-4',1,'[{\"added\": {}}]',16,2),(1789,'2022-03-13 15:33:46.763144','252','537990-2',1,'[{\"added\": {}}]',16,2),(1790,'2022-03-13 16:06:03.419010','252','537990-1',2,'[{\"changed\": {\"fields\": [\"Name\"]}}]',16,2),(1791,'2022-03-13 16:59:09.110538','253','540019',1,'[{\"added\": {}}]',16,2),(1792,'2022-03-13 17:04:37.743688','253','540019-1',2,'[{\"changed\": {\"fields\": [\"Name\"]}}]',16,2),(1793,'2022-03-13 18:18:11.451723','254','13238',1,'[{\"added\": {}}]',16,2),(1794,'2022-03-14 08:00:07.698541','255','537968',1,'[{\"added\": {}}]',16,2),(1795,'2022-03-14 08:01:14.540629','256','537968_20220218100111621',1,'[{\"added\": {}}]',16,2),(1796,'2022-03-14 08:04:28.937164','257','13238_20220218093959745',1,'[{\"added\": {}}]',16,2),(1797,'2022-03-14 08:11:46.614547','258','215521_20220218095502331',1,'[{\"added\": {}}]',16,2),(1798,'2022-03-14 08:16:30.638123','259','215521',1,'[{\"added\": {}}]',16,2),(1799,'2022-03-14 08:20:02.280755','260','215521_20220218094819635',1,'[{\"added\": {}}]',16,2),(1800,'2022-03-14 08:28:39.597394','258','698007',2,'[{\"changed\": {\"fields\": [\"Name\", \"ScannedBy\", \"Group\"]}}]',16,2),(1801,'2022-03-14 08:32:38.303389','258','698007-1',2,'[{\"changed\": {\"fields\": [\"Name\"]}}]',16,2),(1802,'2022-03-14 08:32:58.278413','260','698007-2',2,'[{\"changed\": {\"fields\": [\"Name\", \"ScannedBy\", \"Group\"]}}]',16,2),(1803,'2022-03-14 08:34:40.565917','259','698007-3',2,'[{\"changed\": {\"fields\": [\"Name\", \"ScannedBy\", \"Group\"]}}]',16,2),(1804,'2022-03-14 08:47:47.558627','255','537968-1',2,'[{\"changed\": {\"fields\": [\"Name\", \"ScannedBy\", \"Group\"]}}]',16,2),(1805,'2022-03-14 08:48:07.797306','256','537968-2',2,'[{\"changed\": {\"fields\": [\"Name\", \"ScannedBy\", \"Group\"]}}]',16,2),(1806,'2022-03-14 08:51:19.967721','254','13238-1',2,'[{\"changed\": {\"fields\": [\"Name\", \"ScannedBy\", \"Group\"]}}]',16,2),(1807,'2022-03-14 08:51:39.022823','257','13238-2',2,'[{\"changed\": {\"fields\": [\"Name\", \"ScannedBy\", \"Group\"]}}]',16,2),(1808,'2022-03-14 09:35:34.421653','261','540010-1',1,'[{\"added\": {}}]',16,2),(1809,'2022-03-14 09:46:10.695929','262','540010-2',1,'[{\"added\": {}}]',16,2),(1810,'2022-03-14 09:50:50.774647','263','540010-3',1,'[{\"added\": {}}]',16,2),(1811,'2022-03-14 09:52:52.568938','264','721212-2',1,'[{\"added\": {}}]',16,2),(1812,'2022-03-14 09:55:14.132242','265','540010-4',1,'[{\"added\": {}}]',16,2),(1813,'2022-03-14 09:58:38.560039','266','721212-1',1,'[{\"added\": {}}]',16,2),(1814,'2022-03-14 10:11:49.848900','267','698007-4',1,'[{\"added\": {}}]',16,2),(1815,'2022-03-14 10:13:45.344607','268','540019-2',1,'[{\"added\": {}}]',16,2),(1816,'2022-03-14 10:19:32.889913','269','577945',1,'[{\"added\": {}}]',16,2),(1817,'2022-03-14 10:22:27.536352','270','716820-1',1,'[{\"added\": {}}]',16,2),(1818,'2022-03-14 10:30:45.053758','271','691640-2',1,'[{\"added\": {}}]',16,2),(1819,'2022-03-14 10:31:28.597805','272','716820-3',1,'[{\"added\": {}}]',16,2),(1820,'2022-03-14 10:35:25.658563','273','691640-1',1,'[{\"added\": {}}]',16,2),(1821,'2022-03-14 10:36:42.570399','274','215521-1',1,'[{\"added\": {}}]',16,2),(1822,'2022-03-14 10:37:31.551839','275','716820-2',1,'[{\"added\": {}}]',16,2),(1823,'2022-03-14 10:52:36.276311','276','716820-4',1,'[{\"added\": {}}]',16,2),(1824,'2022-03-14 10:54:55.542539','277','678318-1',1,'[{\"added\": {}}]',16,2),(1825,'2022-03-14 11:18:22.309303','278','678318-2',1,'[{\"added\": {}}]',16,2),(1826,'2022-03-14 11:26:04.008688','279','537990-2',1,'[{\"added\": {}}]',16,2),(1827,'2022-03-14 11:37:12.845756','280','537990-4',1,'[{\"added\": {}}]',16,2),(1828,'2022-03-14 11:43:24.146588','281','537990-6',1,'[{\"added\": {}}]',16,2),(1829,'2022-03-14 11:43:46.469136','282','537990-7',1,'[{\"added\": {}}]',16,2),(1830,'2022-03-14 11:44:25.006129','283','537990-5',1,'[{\"added\": {}}]',16,2),(1831,'2022-03-14 11:48:17.832680','284','537990-3',1,'[{\"added\": {}}]',16,2),(1832,'2022-03-14 12:02:06.474209','285','592215',1,'[{\"added\": {}}]',16,2),(1833,'2022-03-14 12:56:52.007526','254','577972-1',2,'[{\"changed\": {\"fields\": [\"Name\", \"Group\"]}}]',16,2),(1834,'2022-03-14 12:57:00.062080','257','577972-2',2,'[{\"changed\": {\"fields\": [\"Name\", \"Group\"]}}]',16,2),(1835,'2022-03-14 13:08:07.231467','286','?',1,'[{\"added\": {}}]',16,2),(1836,'2022-03-14 15:17:57.255843','255','537968-1',2,'[{\"changed\": {\"fields\": [\"UrlPath\"]}}]',16,2),(1837,'2022-03-14 15:18:06.763262','256','537968-2',2,'[{\"changed\": {\"fields\": [\"LabelUrlPath\"]}}]',16,2),(1838,'2022-03-14 15:19:43.753871','255','537968-1',2,'[{\"changed\": {\"fields\": [\"LabelUrlPath\"]}}]',16,2),(1839,'2022-03-14 15:28:54.332977','258','698007-1',2,'[{\"changed\": {\"fields\": [\"LabelUrlPath\"]}}]',16,2),(1840,'2022-03-14 15:29:29.408629','260','698007-2',2,'[{\"changed\": {\"fields\": [\"LabelUrlPath\"]}}]',16,2),(1841,'2022-03-14 15:29:50.516727','259','698007-3',2,'[{\"changed\": {\"fields\": [\"LabelUrlPath\"]}}]',16,2),(1842,'2022-03-14 15:30:12.042678','267','698007-4',2,'[{\"changed\": {\"fields\": [\"LabelUrlPath\"]}}]',16,2),(1843,'2022-03-14 15:31:39.279944','277','678318-1',2,'[{\"changed\": {\"fields\": [\"LabelUrlPath\"]}}]',16,2),(1844,'2022-03-14 15:32:18.811198','278','678318-2',2,'[{\"changed\": {\"fields\": [\"LabelUrlPath\"]}}]',16,2),(1845,'2022-03-14 15:35:16.810426','273','691640-1',2,'[{\"changed\": {\"fields\": [\"LabelUrlPath\"]}}]',16,2),(1846,'2022-03-14 15:35:46.444539','271','691640-2',2,'[{\"changed\": {\"fields\": [\"LabelUrlPath\"]}}]',16,2),(1847,'2022-03-14 15:42:34.392614','287','537968-?',1,'[{\"added\": {}}]',16,2),(1848,'2022-03-14 15:43:11.460237','255','537968-1',2,'[{\"changed\": {\"fields\": [\"UrlPath\"]}}]',16,2),(1849,'2022-03-14 15:56:52.515013','287','537968-?',2,'[{\"changed\": {\"fields\": [\"LabelUrlPath\"]}}]',16,2),(1850,'2022-03-14 15:57:09.537621','287','537968-3',2,'[{\"changed\": {\"fields\": [\"Name\"]}}]',16,2),(1851,'2022-03-14 16:08:46.255710','270','716820-1',2,'[{\"changed\": {\"fields\": [\"LabelUrlPath\"]}}]',16,2),(1852,'2022-03-14 16:08:58.666472','275','716820-2',2,'[{\"changed\": {\"fields\": [\"LabelUrlPath\"]}}]',16,2),(1853,'2022-03-14 16:09:12.578209','272','716820-3',2,'[{\"changed\": {\"fields\": [\"LabelUrlPath\"]}}]',16,2),(1854,'2022-03-14 16:09:22.832713','276','716820-4',2,'[{\"changed\": {\"fields\": [\"LabelUrlPath\"]}}]',16,2),(1855,'2022-03-14 16:11:10.659676','254','577972-1',2,'[{\"changed\": {\"fields\": [\"LabelUrlPath\"]}}]',16,2),(1856,'2022-03-14 16:11:24.483648','257','577972-2',2,'[{\"changed\": {\"fields\": [\"LabelUrlPath\"]}}]',16,2),(1857,'2022-03-14 16:13:21.890539','266','721212-1',2,'[{\"changed\": {\"fields\": [\"LabelUrlPath\"]}}]',16,2),(1858,'2022-03-14 16:13:28.039482','264','721212-2',2,'[{\"changed\": {\"fields\": [\"LabelUrlPath\"]}}]',16,2),(1859,'2022-03-14 16:13:28.709279','264','721212-2',2,'[{\"changed\": {\"fields\": [\"LabelUrlPath\"]}}]',16,2),(1860,'2022-03-14 16:15:57.900384','261','540010-1',2,'[{\"changed\": {\"fields\": [\"LabelUrlPath\"]}}]',16,2),(1861,'2022-03-14 16:16:12.560485','262','540010-2',2,'[{\"changed\": {\"fields\": [\"LabelUrlPath\"]}}]',16,2),(1862,'2022-03-14 16:16:17.434850','263','540010-3',2,'[{\"changed\": {\"fields\": [\"LabelUrlPath\"]}}]',16,2),(1863,'2022-03-14 16:16:22.741481','265','540010-4',2,'[{\"changed\": {\"fields\": [\"LabelUrlPath\"]}}]',16,2),(1864,'2022-03-14 16:18:21.960827','253','540019-1',2,'[{\"changed\": {\"fields\": [\"LabelUrlPath\"]}}]',16,2),(1865,'2022-03-14 16:18:29.146456','268','540019-2',2,'[{\"changed\": {\"fields\": [\"LabelUrlPath\"]}}]',16,2),(1866,'2022-03-14 16:20:24.136920','269','577945',2,'[{\"changed\": {\"fields\": [\"LabelUrlPath\"]}}]',16,2),(1867,'2022-03-15 10:21:09.750620','248','717279-1',2,'[{\"changed\": {\"fields\": [\"LabelUrlPath\"]}}]',16,2),(1868,'2022-03-15 10:21:38.999869','249','717279-2',2,'[{\"changed\": {\"fields\": [\"LabelUrlPath\"]}}]',16,2),(1869,'2022-03-15 10:21:53.347072','251','717279-4',2,'[{\"changed\": {\"fields\": [\"LabelUrlPath\"]}}]',16,2),(1870,'2022-03-15 10:22:02.913953','250','717279-3',2,'[{\"changed\": {\"fields\": [\"LabelUrlPath\"]}}]',16,2),(1871,'2022-03-15 10:27:12.375361','252','537990-1',2,'[{\"changed\": {\"fields\": [\"LabelUrlPath\"]}}]',16,2),(1872,'2022-03-15 10:27:45.028411','279','537990-2',2,'[{\"changed\": {\"fields\": [\"LabelUrlPath\"]}}]',16,2),(1873,'2022-03-15 10:28:05.394252','284','537990-3',2,'[{\"changed\": {\"fields\": [\"LabelUrlPath\"]}}]',16,2),(1874,'2022-03-15 10:28:28.532563','280','537990-4',2,'[{\"changed\": {\"fields\": [\"LabelUrlPath\"]}}]',16,2),(1875,'2022-03-15 10:28:42.490533','283','537990-5',2,'[{\"changed\": {\"fields\": [\"LabelUrlPath\"]}}]',16,2),(1876,'2022-03-15 10:28:57.721707','281','537990-6',2,'[{\"changed\": {\"fields\": [\"LabelUrlPath\"]}}]',16,2),(1877,'2022-03-15 10:29:08.200567','282','537990-7',2,'[{\"changed\": {\"fields\": [\"LabelUrlPath\"]}}]',16,2),(1878,'2022-03-15 13:16:40.904969','288','592215-5',1,'[{\"added\": {}}]',16,2),(1879,'2022-03-15 13:20:12.257215','288','592215-2-3D-P5',2,'[{\"changed\": {\"fields\": [\"Name\"]}}]',16,2),(1880,'2022-03-15 13:22:12.580129','289','592215-4',1,'[{\"added\": {}}]',16,2),(1881,'2022-03-15 13:22:42.099067','288','592215-2-3D-P5',2,'[{\"changed\": {\"fields\": [\"LabelUrlPath\"]}}]',16,2),(1882,'2022-03-15 13:25:00.933498','289','592215-?',2,'[{\"changed\": {\"fields\": [\"Name\"]}}]',16,2),(1883,'2022-03-15 13:27:49.977620','290','592215-3',1,'[{\"added\": {}}]',16,2),(1884,'2022-03-15 13:28:55.374642','291','592215-1',1,'[{\"added\": {}}]',16,2),(1885,'2022-03-15 13:32:06.878002','292','592215-2',1,'[{\"added\": {}}]',16,2),(1886,'2022-03-15 13:33:36.786572','290','592215-1-3D',2,'[{\"changed\": {\"fields\": [\"Name\", \"LabelUrlPath\"]}}]',16,2),(1887,'2022-03-15 13:38:44.736525','292','592215-3-3D',2,'[{\"changed\": {\"fields\": [\"Name\", \"LabelUrlPath\"]}}]',16,2),(1888,'2022-03-15 13:39:07.260563','291','592215-4-3D',2,'[{\"changed\": {\"fields\": [\"Name\", \"LabelUrlPath\"]}}]',16,2),(1889,'2022-03-15 13:39:22.124624','289','592215-5-3D',2,'[{\"changed\": {\"fields\": [\"Name\", \"LabelUrlPath\"]}}]',16,2),(1890,'2022-03-15 13:44:42.613304','229','469094-3D',2,'[{\"changed\": {\"fields\": [\"Name\", \"LabelUrlPath\", \"Group\"]}}]',16,2),(1891,'2022-03-15 13:47:26.986841','213','461363-3D',2,'[{\"changed\": {\"fields\": [\"Name\", \"LabelUrlPath\"]}}]',16,2),(1892,'2022-03-15 13:47:46.409305','195','461363-M',2,'[{\"changed\": {\"fields\": [\"Name\"]}}]',16,2),(1893,'2022-03-15 13:47:59.312069','213','461363-3D',2,'[{\"changed\": {\"fields\": [\"Group\"]}}]',16,2),(1894,'2022-03-15 13:54:20.052227','293','590486-?',1,'[{\"added\": {}}]',16,2),(1895,'2022-03-15 13:59:54.315549','294','590486-?',1,'[{\"added\": {}}]',16,2),(1896,'2022-03-15 14:06:27.956813','294','590486-2-3D',2,'[{\"changed\": {\"fields\": [\"Name\", \"LabelUrlPath\"]}}]',16,2),(1897,'2022-03-15 14:13:38.812767','293','590486-3-3D-Plain',2,'[{\"changed\": {\"fields\": [\"Name\", \"LabelUrlPath\"]}}]',16,2),(1898,'2022-03-15 14:18:33.894345','295','590486-3d?',1,'[{\"added\": {}}]',16,2),(1899,'2022-03-15 14:21:13.232207','295','590486-1-3D-EDTA',2,'[{\"changed\": {\"fields\": [\"Name\", \"LabelUrlPath\"]}}]',16,2),(1900,'2022-03-15 14:24:48.435990','228','590486-5-3D-PAP',2,'[{\"changed\": {\"fields\": [\"Name\"]}}]',16,2),(1901,'2022-03-15 14:51:11.826419','296','P489094',1,'[{\"added\": {}}]',16,2),(1902,'2022-03-15 15:44:04.957591','186','468885-4M',2,'[{\"changed\": {\"fields\": [\"Group\"]}}]',16,2),(1903,'2022-03-15 16:32:09.892047','297','Motic?',1,'[{\"added\": {}}]',16,2),(1904,'2022-03-15 16:57:10.990030','297','Motic?',2,'[{\"changed\": {\"fields\": [\"UrlPath\"]}}]',16,2),(1905,'2022-03-15 17:07:14.940653','298','Motic?1',1,'[{\"added\": {}}]',16,2),(1906,'2022-03-15 17:13:05.611753','298','592215-4M',2,'[{\"changed\": {\"fields\": [\"Name\", \"LabelUrlPath\", \"Group\"]}}]',16,2),(1907,'2022-04-07 12:08:34.521194','299','4121650',1,'[{\"added\": {}}]',16,2),(1908,'2022-04-07 12:09:04.519204','300','4121904',1,'[{\"added\": {}}]',16,2),(1909,'2022-04-07 12:10:47.215013','299','866617',2,'[{\"changed\": {\"fields\": [\"Name\"]}}]',16,2),(1910,'2022-04-07 12:11:07.097567','300','866140',2,'[{\"changed\": {\"fields\": [\"Name\"]}}]',16,2),(1911,'2022-04-07 12:32:55.751098','301','4121745',1,'[{\"added\": {}}]',16,2),(1912,'2022-04-07 12:33:41.099756','302','4121716',1,'[{\"added\": {}}]',16,2),(1913,'2022-04-07 12:43:49.496072','303','4121811',1,'[{\"added\": {}}]',16,2),(1914,'2022-04-07 12:44:00.339500','304','4121837',1,'[{\"added\": {}}]',16,2),(1915,'2022-04-07 14:59:58.612467','299','866617',2,'[{\"changed\": {\"fields\": [\"Group\"]}}]',16,2),(1916,'2022-04-07 15:00:08.519214','300','866140',2,'[{\"changed\": {\"fields\": [\"Group\"]}}]',16,2),(1917,'2022-04-07 15:01:07.938669','301','866617-2',2,'[{\"changed\": {\"fields\": [\"Name\", \"Group\"]}}]',16,2),(1918,'2022-04-07 15:03:35.673078','302','866617-EDTA',2,'[{\"changed\": {\"fields\": [\"Name\"]}}]',16,2),(1919,'2022-04-07 15:04:04.161709','303','876085',2,'[{\"changed\": {\"fields\": [\"Name\", \"Group\"]}}]',16,2),(1920,'2022-04-07 15:04:39.789748','304','877332',2,'[{\"changed\": {\"fields\": [\"Name\", \"Group\"]}}]',16,2),(1921,'2022-04-07 15:10:56.193121','302','866617-EDTA',2,'[{\"changed\": {\"fields\": [\"Group\"]}}]',16,2),(1922,'2022-04-11 11:09:59.253221','305','?1/1',1,'[{\"added\": {}}]',16,2),(1923,'2022-04-11 11:12:22.351235','306','?1/2',1,'[{\"added\": {}}]',16,2),(1924,'2022-04-11 11:16:45.151470','307','?1/3',1,'[{\"added\": {}}]',16,2),(1925,'2022-04-11 11:42:57.144246','305','797213',2,'[{\"changed\": {\"fields\": [\"Name\", \"Group\"]}}]',16,2),(1926,'2022-04-11 11:43:56.828974','306','797392',2,'[{\"changed\": {\"fields\": [\"Name\", \"Group\"]}}]',16,2),(1927,'2022-04-11 11:50:34.099803','308','?2/5',1,'[{\"added\": {}}]',16,2),(1928,'2022-04-11 11:50:37.874526','309','?2/3',1,'[{\"added\": {}}]',16,2),(1929,'2022-04-11 11:50:40.038615','310','?2/4',1,'[{\"added\": {}}]',16,2),(1930,'2022-04-11 12:00:57.846876','306','797392-1',2,'[{\"changed\": {\"fields\": [\"Name\"]}}]',16,2),(1931,'2022-04-11 12:01:18.071383','310','797392-2',2,'[{\"changed\": {\"fields\": [\"Name\", \"Group\"]}}]',16,2),(1932,'2022-04-11 12:01:47.157804','309','797187',2,'[{\"changed\": {\"fields\": [\"Name\", \"Group\"]}}]',16,2),(1933,'2022-04-11 12:03:33.318190','308','ZN',2,'[{\"changed\": {\"fields\": [\"Name\", \"Group\"]}}]',16,2),(1934,'2022-04-11 12:03:54.363390','308','ZN',2,'[{\"changed\": {\"fields\": [\"Group\"]}}]',16,2),(1935,'2022-04-11 12:14:34.751885','311','6/1',1,'[{\"added\": {}}]',16,2),(1936,'2022-04-11 12:16:28.261378','312','6/2',1,'[{\"added\": {}}]',16,2),(1937,'2022-04-11 12:16:31.429279','311','797148',2,'[{\"changed\": {\"fields\": [\"Name\", \"Group\"]}}]',16,2),(1938,'2022-04-11 12:19:49.218736','313','6/3',1,'[{\"added\": {}}]',16,2),(1939,'2022-04-11 14:30:33.709264','314','7/2',1,'[{\"added\": {}}]',16,2),(1940,'2022-04-11 14:31:24.285631','315','7/1',1,'[{\"added\": {}}]',16,2),(1941,'2022-04-11 14:37:56.754954','313','876085',2,'[{\"changed\": {\"fields\": [\"Name\", \"Group\"]}}]',16,2),(1942,'2022-04-11 14:40:46.644583','314','876554',2,'[{\"changed\": {\"fields\": [\"Name\", \"Group\"]}}]',16,2),(1943,'2022-04-11 14:42:45.884693','315','876085',2,'[{\"changed\": {\"fields\": [\"Name\", \"Group\"]}}]',16,2),(1944,'2022-04-11 14:44:51.907552','312','6/2',2,'[{\"changed\": {\"fields\": [\"Group\"]}}]',16,2),(1945,'2022-04-11 15:15:52.329916','316','8/1',1,'[{\"added\": {}}]',16,2),(1946,'2022-04-11 15:17:32.489208','317','8/2',1,'[{\"added\": {}}]',16,2),(1947,'2022-04-11 15:22:23.010575','316','877332',2,'[{\"changed\": {\"fields\": [\"Name\", \"Group\"]}}]',16,2),(1948,'2022-04-11 15:22:51.431984','317','877332',2,'[{\"changed\": {\"fields\": [\"Name\", \"Group\"]}}]',16,2),(1949,'2022-04-11 15:23:45.191757','316','877332-Good',2,'[{\"changed\": {\"fields\": [\"Name\"]}}]',16,2),(1950,'2022-04-11 15:23:53.366020','317','877332-Best',2,'[{\"changed\": {\"fields\": [\"Name\"]}}]',16,2),(1951,'2022-04-11 15:49:29.187396','312','6/2',2,'[{\"changed\": {\"fields\": [\"UrlPath\"]}}]',16,2),(1952,'2022-04-30 09:02:11.087829','318','113257',1,'[{\"added\": {}}]',16,2),(1953,'2022-04-30 09:03:18.657480','319','113540',1,'[{\"added\": {}}]',16,2),(1954,'2022-04-30 09:04:33.257886','320','114120',1,'[{\"added\": {}}]',16,2),(1955,'2022-04-30 09:08:26.223558','321','114821',1,'[{\"added\": {}}]',16,2),(1956,'2022-04-30 09:09:31.667130','322','115307',1,'[{\"added\": {}}]',16,2),(1957,'2022-04-30 09:12:18.073187','323','115729',1,'[{\"added\": {}}]',16,2),(1958,'2022-04-30 09:14:51.690851','324','120148',1,'[{\"added\": {}}]',16,2),(1959,'2022-04-30 09:16:05.860804','325','120634',1,'[{\"added\": {}}]',16,2),(1960,'2022-04-30 09:16:32.102601','326','123029',1,'[{\"added\": {}}]',16,2),(1961,'2022-04-30 09:17:26.572386','327','123456',1,'[{\"added\": {}}]',16,2),(1962,'2022-05-19 12:01:42.922909','328','866617-1',1,'[{\"added\": {}}]',16,2),(1963,'2022-05-19 12:01:59.824687','329','866617-2',1,'[{\"added\": {}}]',16,2),(1964,'2022-05-19 12:16:15.928596','328','866617-1',2,'[{\"changed\": {\"fields\": [\"Group\"]}}]',16,2),(1965,'2022-05-19 12:16:27.943382','329','866617-2',2,'[{\"changed\": {\"fields\": [\"Group\"]}}]',16,2),(1966,'2022-05-19 12:17:52.154434','330','876085',1,'[{\"added\": {}}]',16,2),(1967,'2022-05-19 12:19:09.751838','331','877332-1',1,'[{\"added\": {}}]',16,2),(1968,'2022-05-19 12:20:16.457100','332','877332-2',1,'[{\"added\": {}}]',16,2),(1969,'2022-05-19 12:21:44.616063','333','797148',1,'[{\"added\": {}}]',16,2),(1970,'2022-05-19 13:12:53.893517','334','866140-2',1,'[{\"added\": {}}]',16,2),(1971,'2022-05-19 13:13:06.660153','335','866140-1',1,'[{\"added\": {}}]',16,2),(1972,'2022-05-19 13:40:44.290546','336','866617-1',1,'[{\"added\": {}}]',16,2),(1973,'2022-05-19 13:41:21.021284','337','866617-2',1,'[{\"added\": {}}]',16,2),(1974,'2022-05-19 13:42:28.830731','338','876085-1',1,'[{\"added\": {}}]',16,2),(1975,'2022-05-19 13:43:32.892861','339','876085-2',1,'[{\"added\": {}}]',16,2),(1976,'2022-05-19 14:22:02.209006','340','876554',1,'[{\"added\": {}}]',16,2),(1977,'2022-05-19 14:39:36.270280','341','877332-1',1,'[{\"added\": {}}]',16,2),(1978,'2022-05-19 14:40:31.414506','342','877332-2',1,'[{\"added\": {}}]',16,2),(1979,'2022-05-19 14:46:39.097802','341','877332-3',2,'[{\"changed\": {\"fields\": [\"Name\"]}}]',16,2),(1980,'2022-05-19 14:46:56.407323','342','877332-4',2,'[{\"changed\": {\"fields\": [\"Name\"]}}]',16,2),(1981,'2022-05-19 14:54:21.114857','343','P797187',1,'[{\"added\": {}}]',16,2),(1982,'2022-05-19 15:04:33.841269','344','P797213',1,'[{\"added\": {}}]',16,2),(1983,'2022-05-19 15:08:59.474948','345','P797392-1',1,'[{\"added\": {}}]',16,2),(1984,'2022-05-19 15:09:50.431968','346','P797392-2',1,'[{\"added\": {}}]',16,2),(1985,'2022-05-19 15:10:50.690317','347','P797392-3',1,'[{\"added\": {}}]',16,2),(1986,'2022-05-19 15:42:31.790475','348','ZN',1,'[{\"added\": {}}]',16,2),(1987,'2022-10-17 16:42:48.670639','586','ruler',1,'[{\"added\": {}}]',18,2),(1988,'2022-10-17 16:43:34.656267','587','ruler',1,'[{\"added\": {}}]',18,2),(1989,'2022-10-17 16:44:31.914170','586','ruler2',2,'[{\"changed\": {\"fields\": [\"Name\"]}}]',18,2),(1990,'2022-10-17 16:44:40.606967','587','ruler1',2,'[{\"changed\": {\"fields\": [\"Name\"]}}]',18,2),(1991,'2022-11-11 05:10:58.665839','588','test ruler',1,'[{\"added\": {}}]',18,2),(1992,'2022-11-11 05:18:09.098347','587','ruler1',2,'[{\"changed\": {\"fields\": [\"Group\"]}}]',18,2),(1993,'2022-11-11 05:18:28.562719','588','test ruler',2,'[{\"changed\": {\"fields\": [\"Group\"]}}]',18,2),(1994,'2022-11-22 11:55:00.876213','349','Ruler',1,'[{\"added\": {}}]',16,2),(1995,'2022-12-12 19:26:03.305851','589','Test-j',1,'[{\"added\": {}}]',18,2),(1996,'2023-01-10 10:32:19.969175','145','SN_02',2,'[{\"changed\": {\"fields\": [\"Group\"]}}]',18,2),(1997,'2023-01-10 10:37:11.023323','146','SN_01',2,'[{\"changed\": {\"fields\": [\"Group\"]}}]',18,2),(1998,'2023-01-12 16:09:06.651566','590','UR06 New',1,'[{\"added\": {}}]',18,2);

--
-- Table structure for table `django_content_type`
--

CREATE TABLE `django_content_type` (
  `id` int(11) NOT NULL AUTO_INCREMENT,
  `app_label` varchar(100) NOT NULL,
  `model` varchar(100) NOT NULL,
  PRIMARY KEY (`id`),
  UNIQUE KEY `django_content_type_app_label_model_76bd3d3b_uniq` (`app_label`,`model`)
) ENGINE=InnoDB AUTO_INCREMENT=26 DEFAULT CHARSET=utf8mb4 COLLATE=utf8mb4_general_ci;

--
-- Dumping data for table `django_content_type`
--

INSERT INTO `django_content_type` VALUES (1,'admin','logentry'),(20,'alopecia','alopecia'),(19,'alopecia','annotation'),(3,'auth','group'),(2,'auth','permission'),(4,'auth','user'),(5,'contenttypes','contenttype'),(23,'frcpathp2surgicalcourse','activity'),(17,'frcpathp2surgicalcourse','annotation'),(18,'frcpathp2surgicalcourse','frcpathp2surgicalcourse'),(13,'jclinpathtest','annotation'),(14,'jclinpathtest','jclinpathtest'),(24,'lds2021','lds2021'),(10,'liverpooldermpathcourse2020','annotation'),(9,'liverpooldermpathcourse2020','liverpooldermpathcourse2020'),(25,'nwslides','nwslides'),(15,'patient','annotation'),(16,'patient','patient'),(6,'sessions','session'),(21,'spotdiagnosis','annotation'),(22,'spotdiagnosis','spotdiagnosis'),(8,'test1','test1'),(7,'testapp','testapp'),(11,'virtualacp','annotation'),(12,'virtualacp','virtualacp');

--
-- Table structure for table `django_migrations`
--

CREATE TABLE `django_migrations` (
  `id` int(11) NOT NULL AUTO_INCREMENT,
  `app` varchar(255) NOT NULL,
  `name` varchar(255) NOT NULL,
  `applied` datetime(6) NOT NULL,
  PRIMARY KEY (`id`)
) ENGINE=InnoDB AUTO_INCREMENT=40 DEFAULT CHARSET=utf8mb4 COLLATE=utf8mb4_general_ci;

--
-- Dumping data for table `django_migrations`
--

INSERT INTO `django_migrations` VALUES (1,'contenttypes','0001_initial','2020-04-15 12:35:40.792647'),(2,'auth','0001_initial','2020-04-15 12:35:45.132835'),(3,'admin','0001_initial','2020-04-15 12:35:59.818083'),(4,'admin','0002_logentry_remove_auto_add','2020-04-15 12:36:03.531306'),(5,'admin','0003_logentry_add_action_flag_choices','2020-04-15 12:36:03.702995'),(6,'contenttypes','0002_remove_content_type_name','2020-04-15 12:36:06.364348'),(7,'auth','0002_alter_permission_name_max_length','2020-04-15 12:36:08.235502'),(8,'auth','0003_alter_user_email_max_length','2020-04-15 12:36:08.556630'),(9,'auth','0004_alter_user_username_opts','2020-04-15 12:36:08.701380'),(10,'auth','0005_alter_user_last_login_null','2020-04-15 12:36:10.562115'),(11,'auth','0006_require_contenttypes_0002','2020-04-15 12:36:10.760948'),(12,'auth','0007_alter_validators_add_error_messages','2020-04-15 12:36:10.839967'),(13,'auth','0008_alter_user_username_max_length','2020-04-15 12:36:12.415205'),(14,'auth','0009_alter_user_last_name_max_length','2020-04-15 12:36:14.239606'),(15,'auth','0010_alter_group_name_max_length','2020-04-15 12:36:14.484436'),(16,'auth','0011_update_proxy_permissions','2020-04-15 12:36:14.560609'),(17,'liverpooldermpathcourse2020','0001_initial','2020-04-15 12:36:15.395224'),(18,'liverpooldermpathcourse2020','0002_annotation','2020-04-15 12:36:16.206129'),(19,'sessions','0001_initial','2020-04-15 12:36:18.857057'),(20,'test1','0001_initial','2020-04-15 12:36:20.010084'),(21,'testapp','0001_initial','2020-04-15 12:36:20.821913'),(22,'virtualacp','0001_initial','2020-04-15 14:34:04.451620'),(23,'jclinpathtest','0001_initial','2020-04-15 14:42:45.564851'),(25,'patient','0001_initial','2020-06-23 18:05:16.895788'),(26,'patient','0002_patient_group','2020-06-28 12:06:46.939631'),(27,'frcpathp2surgicalcourse','0001_initial','2021-01-11 12:24:22.004324'),(28,'frcpathp2surgicalcourse','0002_auto_20210111_1259','2021-01-18 16:15:23.438370'),(29,'frcpathp2surgicalcourse','0003_remove_frcpathp2surgicalcourse_group','2021-01-18 16:15:44.881372'),(30,'frcpathp2surgicalcourse','0004_frcpathp2surgicalcourse_group','2021-01-18 16:15:59.409385'),(31,'frcpathp2surgicalcourse','0005_auto_20210111_1457','2021-01-18 16:16:05.532734'),(32,'frcpathp2surgicalcourse','0006_auto_20210118_1613','2021-01-18 16:16:05.559362'),(33,'patient','0003_auto_20210111_1501','2021-01-18 16:16:05.571898'),(34,'frcpathp2surgicalcourse','0007_auto_20210122_1337','2021-01-22 13:37:19.310582'),(35,'patient','0004_auto_20210123_1754','2021-01-25 07:34:41.743960'),(36,'patient','0005_auto_20210125_0734','2021-01-25 07:34:41.766740'),(37,'alopecia','0001_initial','2021-02-02 12:07:06.976327'),(38,'spotdiagnosis','0001_initial','2021-02-02 12:07:06.989951'),(39,'frcpathp2surgicalcourse','0008_activity','2021-02-04 16:12:55.381716');

--
-- Table structure for table `frcpathp2surgicalcourse_activity`
--

CREATE TABLE `frcpathp2surgicalcourse_activity` (
  `id` int(11) NOT NULL AUTO_INCREMENT,
  `Saved` tinyint(1) NOT NULL,
  `LastAccessed` datetime(6) NOT NULL,
  `Slide_Id_id` int(11) NOT NULL,
  PRIMARY KEY (`id`),
  KEY `frcpathp2surgicalcou_Slide_Id_id_ed0e0925_fk_frcpathp2` (`Slide_Id_id`),
  CONSTRAINT `frcpathp2surgicalcou_Slide_Id_id_ed0e0925_fk_frcpathp2` FOREIGN KEY (`Slide_Id_id`) REFERENCES `frcpathp2surgicalcourse_frcpathp2surgicalcourse` (`id`)
) ENGINE=InnoDB AUTO_INCREMENT=4 DEFAULT CHARSET=utf8 COLLATE=utf8_general_ci;

--
-- Dumping data for table `frcpathp2surgicalcourse_activity`
--

INSERT INTO `frcpathp2surgicalcourse_activity` VALUES (1,1,'2021-02-04 16:14:19.280179',1),(2,1,'2021-02-04 16:16:49.581330',261),(3,1,'2021-02-04 16:17:05.197206',270);

--
-- Table structure for table `frcpathp2surgicalcourse_annotation`
--

CREATE TABLE `frcpathp2surgicalcourse_annotation` (
  `id` int(11) NOT NULL AUTO_INCREMENT,
  `Json` longtext NOT NULL,
  `AnnotationText` longtext NOT NULL,
  `Type` varchar(10) NOT NULL,
  `Slide_Id_id` int(11) NOT NULL,
  PRIMARY KEY (`id`),
  KEY `frcpathp2surgicalcou_Slide_Id_id_c47d1cb1_fk_frcpathp2` (`Slide_Id_id`),
  CONSTRAINT `frcpathp2surgicalcou_Slide_Id_id_c47d1cb1_fk_frcpathp2` FOREIGN KEY (`Slide_Id_id`) REFERENCES `frcpathp2surgicalcourse_frcpathp2surgicalcourse` (`id`)
) ENGINE=InnoDB AUTO_INCREMENT=6 DEFAULT CHARSET=utf8 COLLATE=utf8_general_ci;

--
-- Dumping data for table `frcpathp2surgicalcourse_annotation`
--

INSERT INTO `frcpathp2surgicalcourse_annotation` VALUES (3,'[\"Shape\",{\"applyMatrix\":false,\"matrix\":[1,0,0,1,25812.6754,11264.7898],\"type\":\"circle\",\"size\":[16047.3118,16047.3118],\"radius\":8023.6559,\"fillColor\":[1,1,1,0.05],\"strokeColor\":[1,0,0],\"strokeWidth\":109.35568}]','','c',1),(4,'[\"Path\",{\"applyMatrix\":true,\"segments\":[[34491.01735,5144.47494],[39891.29491,17479.8458]],\"fillColor\":[1,0,0],\"strokeColor\":[1,0,0],\"strokeWidth\":109.35568}]','','l',1),(5,'[\"Shape\",{\"applyMatrix\":false,\"matrix\":[1,0,0,1,959.47963,1607.6734],\"type\":\"circle\",\"size\":[1678.1287,1678.1287],\"radius\":839.06435,\"fillColor\":[1,1,1,0.05],\"strokeColor\":[1,0,0],\"strokeWidth\":18.73102}]','','c',413);

--
-- Table structure for table `frcpathp2surgicalcourse_frcpathp2surgicalcourse`
--

CREATE TABLE `frcpathp2surgicalcourse_frcpathp2surgicalcourse` (
  `id` int(11) NOT NULL AUTO_INCREMENT,
  `Name` varchar(50) NOT NULL,
  `ScannedBy` varchar(50) NOT NULL,
  `ScannedDate` date NOT NULL,
  `InsertedBy` varchar(50) NOT NULL,
  `InsertedDate` date NOT NULL,
  `SlideType` int(11) NOT NULL,
  `UrlPath` varchar(500) NOT NULL,
  `Group` int(11) NOT NULL,
  `LabelUrlPath` varchar(500) NOT NULL,
  `Annotations` tinyint(1) NOT NULL,
  `GroupName` varchar(100) NOT NULL,
  PRIMARY KEY (`id`)
) ENGINE=InnoDB AUTO_INCREMENT=591 DEFAULT CHARSET=utf8 COLLATE=utf8_general_ci;

--
-- Dumping data for table `frcpathp2surgicalcourse_frcpathp2surgicalcourse`
--

INSERT INTO `frcpathp2surgicalcourse_frcpathp2surgicalcourse` VALUES (1,'H&E','Aamir','2021-01-11','Aamir','2021-01-11',2,'media/uploads/frcpathp2surgicalcourse/19HAMA0001SMITHA1HE_-_2020-07-30_16.06.17.ndpi',786,'/var/www/vhosts/uralensiswebapp.co.uk/slides.uralensiswebapp.co.uk/VirtualCasesApp/static/labels/1.png',1,'FRCPath Default Group'),(2,'SI_01','FA','2021-01-11','FA','2021-01-11',2,'media/uploads/frcpathp2surgicalcourse/SI_1.svs',2,'/var/www/vhosts/uralensiswebapp.co.uk/slides.uralensiswebapp.co.uk/VirtualCasesApp/static/labels/2.jpg',0,'FRCPath Default Group'),(3,'SI_02','FA','2021-01-11','FA','2021-01-11',2,'media/uploads/frcpathp2surgicalcourse/SI_2.svs',1,'/var/www/vhosts/uralensiswebapp.co.uk/slides.uralensiswebapp.co.uk/VirtualCasesApp/static/labels/placeholder.png',0,'FRCPath Default Group'),(4,'SI_03','FA','2021-01-11','FA','2021-01-11',2,'media/uploads/frcpathp2surgicalcourse/SI_3.svs',3,'/var/www/vhosts/uralensiswebapp.co.uk/slides.uralensiswebapp.co.uk/VirtualCasesApp/static/labels/placeholder.png',0,'FRCPath Default Group'),(5,'SI_05','FA','2021-01-11','FA','2021-01-11',2,'media/uploads/frcpathp2surgicalcourse/SI_5.svs',5,'/var/www/vhosts/uralensiswebapp.co.uk/slides.uralensiswebapp.co.uk/VirtualCasesApp/static/labels/placeholder.png',0,'FRCPath Default Group'),(6,'SI_06','FA','2021-01-11','FA','2021-01-11',2,'media/uploads/frcpathp2surgicalcourse/SI_6.svs',6,'/var/www/vhosts/uralensiswebapp.co.uk/slides.uralensiswebapp.co.uk/VirtualCasesApp/static/labels/placeholder.png',0,'FRCPath Default Group'),(7,'SI_07','FA','2021-01-11','FA','2021-01-11',2,'media/uploads/frcpathp2surgicalcourse/SI_8.svs',7,'/var/www/vhosts/uralensiswebapp.co.uk/slides.uralensiswebapp.co.uk/VirtualCasesApp/static/labels/placeholder.png',0,'FRCPath Default Group'),(8,'SI_10','FA','2021-01-11','FA','2021-01-11',2,'media/uploads/frcpathp2surgicalcourse/SI_10.svs',10,'/var/www/vhosts/uralensiswebapp.co.uk/slides.uralensiswebapp.co.uk/VirtualCasesApp/static/labels/placeholder.png',0,'FRCPath Default Group'),(9,'SI_09','FA','2021-01-11','FA','2021-01-11',2,'media/uploads/frcpathp2surgicalcourse/SI_9.svs',9,'/var/www/vhosts/uralensiswebapp.co.uk/slides.uralensiswebapp.co.uk/VirtualCasesApp/static/labels/placeholder.png',0,'FRCPath Default Group'),(10,'SI_11','FA','2021-01-11','FA','2021-01-11',2,'media/uploads/frcpathp2surgicalcourse/SI_11.svs',11,'/var/www/vhosts/uralensiswebapp.co.uk/slides.uralensiswebapp.co.uk/VirtualCasesApp/static/labels/placeholder.png',0,'FRCPath Default Group'),(11,'SI_04','FA','2021-01-11','FA','2021-01-11',2,'media/uploads/frcpathp2surgicalcourse/SI_4.svs',4,'/var/www/vhosts/uralensiswebapp.co.uk/slides.uralensiswebapp.co.uk/VirtualCasesApp/static/labels/placeholder.png',0,'FRCPath Default Group'),(12,'SI_08','FA','2021-01-11','FA','2021-01-11',2,'media/uploads/frcpathp2surgicalcourse/SI_8_Nu03QI2.svs',8,'/var/www/vhosts/uralensiswebapp.co.uk/slides.uralensiswebapp.co.uk/VirtualCasesApp/static/labels/placeholder.png',0,'FRCPath Default Group'),(13,'SI_13','FA','2021-01-11','FA','2021-01-11',2,'media/uploads/frcpathp2surgicalcourse/SI_13.svs',13,'/var/www/vhosts/uralensiswebapp.co.uk/slides.uralensiswebapp.co.uk/VirtualCasesApp/static/labels/placeholder.png',0,'FRCPath Default Group'),(14,'SI_14','FA','2021-01-11','FA','2021-01-11',2,'media/uploads/frcpathp2surgicalcourse/SI_14.svs',14,'/var/www/vhosts/uralensiswebapp.co.uk/slides.uralensiswebapp.co.uk/VirtualCasesApp/static/labels/placeholder.png',0,'FRCPath Default Group'),(15,'SI_12','FA','2021-01-11','FA','2021-01-11',2,'media/uploads/frcpathp2surgicalcourse/SI_12.svs',12,'/var/www/vhosts/uralensiswebapp.co.uk/slides.uralensiswebapp.co.uk/VirtualCasesApp/static/labels/placeholder.png',0,'FRCPath Default Group'),(16,'SI_18','FA','2021-01-11','FA','2021-01-11',2,'media/uploads/frcpathp2surgicalcourse/SI_18.svs',18,'/var/www/vhosts/uralensiswebapp.co.uk/slides.uralensiswebapp.co.uk/VirtualCasesApp/static/labels/placeholder.png',0,'FRCPath Default Group'),(17,'SI_19','FA','2021-01-11','FA','2021-01-11',2,'media/uploads/frcpathp2surgicalcourse/SI_19.svs',19,'/var/www/vhosts/uralensiswebapp.co.uk/slides.uralensiswebapp.co.uk/VirtualCasesApp/static/labels/placeholder.png',0,'FRCPath Default Group'),(18,'SI_20','FA','2021-01-11','FA','2021-01-11',2,'media/uploads/frcpathp2surgicalcourse/SI_20.svs',20,'/var/www/vhosts/uralensiswebapp.co.uk/slides.uralensiswebapp.co.uk/VirtualCasesApp/static/labels/placeholder.png',0,'FRCPath Default Group'),(19,'SI_17','FA','2021-01-11','FA','2021-01-11',2,'media/uploads/frcpathp2surgicalcourse/SI_17.svs',17,'/var/www/vhosts/uralensiswebapp.co.uk/slides.uralensiswebapp.co.uk/VirtualCasesApp/static/labels/placeholder.png',0,'FRCPath Default Group'),(20,'SI_21','FA','2021-01-11','FA','2021-01-11',2,'media/uploads/frcpathp2surgicalcourse/SI_21.svs',21,'/var/www/vhosts/uralensiswebapp.co.uk/slides.uralensiswebapp.co.uk/VirtualCasesApp/static/labels/placeholder.png',0,'FRCPath Default Group'),(21,'SI_25','FA','2021-01-11','FA','2021-01-11',2,'media/uploads/frcpathp2surgicalcourse/SI_25.svs',25,'/var/www/vhosts/uralensiswebapp.co.uk/slides.uralensiswebapp.co.uk/VirtualCasesApp/static/labels/placeholder.png',0,'FRCPath Default Group'),(22,'SI_22','FA','2021-01-11','FA','2021-01-11',2,'media/uploads/frcpathp2surgicalcourse/SI_22.svs',22,'/var/www/vhosts/uralensiswebapp.co.uk/slides.uralensiswebapp.co.uk/VirtualCasesApp/static/labels/placeholder.png',0,'FRCPath Default Group'),(23,'SI_15','FA','2021-01-11','FA','2021-01-11',2,'media/uploads/frcpathp2surgicalcourse/SI_15.svs',15,'/var/www/vhosts/uralensiswebapp.co.uk/slides.uralensiswebapp.co.uk/VirtualCasesApp/static/labels/placeholder.png',0,'FRCPath Default Group'),(24,'SI_27','FA','2021-01-11','FA','2021-01-11',2,'media/uploads/frcpathp2surgicalcourse/SI_27.svs',27,'/var/www/vhosts/uralensiswebapp.co.uk/slides.uralensiswebapp.co.uk/VirtualCasesApp/static/labels/placeholder.png',0,'FRCPath Default Group'),(25,'SI_29','FA','2021-01-11','FA','2021-01-11',2,'media/uploads/frcpathp2surgicalcourse/SI_29.svs',29,'/var/www/vhosts/uralensiswebapp.co.uk/slides.uralensiswebapp.co.uk/VirtualCasesApp/static/labels/placeholder.png',0,'FRCPath Default Group'),(26,'SI_23','FA','2021-01-11','FA','2021-01-11',2,'media/uploads/frcpathp2surgicalcourse/SI_23.svs',23,'/var/www/vhosts/uralensiswebapp.co.uk/slides.uralensiswebapp.co.uk/VirtualCasesApp/static/labels/placeholder.png',0,'FRCPath Default Group'),(27,'SI_30','FA','2021-01-11','FA','2021-01-11',2,'media/uploads/frcpathp2surgicalcourse/SI_30.svs',30,'/var/www/vhosts/uralensiswebapp.co.uk/slides.uralensiswebapp.co.uk/VirtualCasesApp/static/labels/placeholder.png',0,'FRCPath Default Group'),(28,'SI_26','FA','2021-01-11','FA','2021-01-11',2,'media/uploads/frcpathp2surgicalcourse/SI_26.svs',26,'/var/www/vhosts/uralensiswebapp.co.uk/slides.uralensiswebapp.co.uk/VirtualCasesApp/static/labels/placeholder.png',0,'FRCPath Default Group'),(29,'SI_24','FA','2021-01-11','FA','2021-01-11',2,'media/uploads/frcpathp2surgicalcourse/SI_24.svs',24,'/var/www/vhosts/uralensiswebapp.co.uk/slides.uralensiswebapp.co.uk/VirtualCasesApp/static/labels/placeholder.png',0,'FRCPath Default Group'),(30,'SI_28','FA','2021-01-11','FA','2021-01-11',2,'media/uploads/frcpathp2surgicalcourse/SI_28.svs',28,'/var/www/vhosts/uralensiswebapp.co.uk/slides.uralensiswebapp.co.uk/VirtualCasesApp/static/labels/placeholder.png',0,'FRCPath Default Group'),(31,'SI_16','FA','2021-01-11','FA','2021-01-11',2,'media/uploads/frcpathp2surgicalcourse/SI_16.svs',16,'/var/www/vhosts/uralensiswebapp.co.uk/slides.uralensiswebapp.co.uk/VirtualCasesApp/static/labels/placeholder.png',0,'FRCPath Default Group'),(32,'Spot_00001','IHC','2021-01-12','IHC','2021-01-12',2,'media/uploads/frcpathp2surgicalcourse/Spot_Diagnosis_PU20-10133_20PBHH_22403.svs',1000,'/var/www/vhosts/uralensiswebapp.co.uk/slides.uralensiswebapp.co.uk/VirtualCasesApp/static/labels/32.jpg',0,'FRCPath Default Group'),(33,'MGGSETA03','FA','2021-01-16','FA','2021-01-16',2,'media/uploads/frcpathp2surgicalcourse/MGGSETA3.svs',211,'/var/www/vhosts/uralensiswebapp.co.uk/slides.uralensiswebapp.co.uk/VirtualCasesApp/static/labels/placeholder.png',0,'FRCPath Default Group'),(34,'MGGSETA05','FA','2021-01-16','FA','2021-01-16',2,'media/uploads/frcpathp2surgicalcourse/MGGSETA5.svs',213,'/var/www/vhosts/uralensiswebapp.co.uk/slides.uralensiswebapp.co.uk/VirtualCasesApp/static/labels/placeholder.png',0,'FRCPath Default Group'),(35,'MGGSETA04','FA','2021-01-16','FA','2021-01-16',2,'media/uploads/frcpathp2surgicalcourse/MGGSETA4.svs',212,'/var/www/vhosts/uralensiswebapp.co.uk/slides.uralensiswebapp.co.uk/VirtualCasesApp/static/labels/placeholder.png',0,'FRCPath Default Group'),(36,'MGGSETA07','FA','2021-01-16','FA','2021-01-16',2,'media/uploads/frcpathp2surgicalcourse/MGGSETA7.svs',207,'/var/www/vhosts/uralensiswebapp.co.uk/slides.uralensiswebapp.co.uk/VirtualCasesApp/static/labels/placeholder.png',0,'FRCPath Default Group'),(37,'MGGSETA01','FA','2021-01-16','FA','2021-01-16',2,'media/uploads/frcpathp2surgicalcourse/MGGSETA1.svs',200,'/var/www/vhosts/uralensiswebapp.co.uk/slides.uralensiswebapp.co.uk/VirtualCasesApp/static/labels/placeholder.png',0,'FRCPath Default Group'),(38,'PAPSETA01','FA','2021-01-16','FA','2021-01-16',2,'media/uploads/frcpathp2surgicalcourse/PAPSETA1.svs',200,'/var/www/vhosts/uralensiswebapp.co.uk/slides.uralensiswebapp.co.uk/VirtualCasesApp/static/labels/placeholder.png',0,'FRCPath Default Group'),(39,'PAPSETA02','FA','2021-01-16','FA','2021-01-16',2,'media/uploads/frcpathp2surgicalcourse/PAPSETA2.svs',201,'/var/www/vhosts/uralensiswebapp.co.uk/slides.uralensiswebapp.co.uk/VirtualCasesApp/static/labels/placeholder.png',0,'FRCPath Default Group'),(40,'MGGSETA02','FA','2021-01-16','FA','2021-01-16',2,'media/uploads/frcpathp2surgicalcourse/MGGSETA2.svs',201,'/var/www/vhosts/uralensiswebapp.co.uk/slides.uralensiswebapp.co.uk/VirtualCasesApp/static/labels/placeholder.png',0,'FRCPath Default Group'),(41,'PAPSETA03','FA','2021-01-16','FA','2021-01-16',2,'media/uploads/frcpathp2surgicalcourse/PAPSETA3.svs',211,'/var/www/vhosts/uralensiswebapp.co.uk/slides.uralensiswebapp.co.uk/VirtualCasesApp/static/labels/placeholder.png',0,'FRCPath Default Group'),(42,'MGGSETA08','FA','2021-01-16','FA','2021-01-16',2,'media/uploads/frcpathp2surgicalcourse/MGGSETA8.svs',216,'/var/www/vhosts/uralensiswebapp.co.uk/slides.uralensiswebapp.co.uk/VirtualCasesApp/static/labels/placeholder.png',0,'FRCPath Default Group'),(43,'PAPSETA05','FA','2021-01-16','FA','2021-01-16',2,'media/uploads/frcpathp2surgicalcourse/PAPSETA5.svs',213,'/var/www/vhosts/uralensiswebapp.co.uk/slides.uralensiswebapp.co.uk/VirtualCasesApp/static/labels/placeholder.png',0,'FRCPath Default Group'),(44,'PAPSETA04','FA','2021-01-16','FA','2021-01-16',2,'media/uploads/frcpathp2surgicalcourse/PAPSETA4.svs',212,'/var/www/vhosts/uralensiswebapp.co.uk/slides.uralensiswebapp.co.uk/VirtualCasesApp/static/labels/placeholder.png',0,'FRCPath Default Group'),(45,'PAPSETA07','FA','2021-01-16','FA','2021-01-16',2,'media/uploads/frcpathp2surgicalcourse/PAPSETA7.svs',207,'/var/www/vhosts/uralensiswebapp.co.uk/slides.uralensiswebapp.co.uk/VirtualCasesApp/static/labels/placeholder.png',0,'FRCPath Default Group'),(46,'PAPSETA06','FA','2021-01-16','FA','2021-01-16',2,'media/uploads/frcpathp2surgicalcourse/PAPSETA6.svs',214,'/var/www/vhosts/uralensiswebapp.co.uk/slides.uralensiswebapp.co.uk/VirtualCasesApp/static/labels/placeholder.png',0,'FRCPath Default Group'),(47,'PAPSETA09','FA','2021-01-16','FA','2021-01-16',2,'media/uploads/frcpathp2surgicalcourse/PAPSETA9.svs',217,'/var/www/vhosts/uralensiswebapp.co.uk/slides.uralensiswebapp.co.uk/VirtualCasesApp/static/labels/placeholder.png',0,'FRCPath Default Group'),(48,'MGGSETA06','FA','2021-01-16','FA','2021-01-16',2,'media/uploads/frcpathp2surgicalcourse/MGGSETA6.svs',214,'/var/www/vhosts/uralensiswebapp.co.uk/slides.uralensiswebapp.co.uk/VirtualCasesApp/static/labels/placeholder.png',0,'FRCPath Default Group'),(49,'PAPSETA11','FA','2021-01-16','FA','2021-01-16',2,'media/uploads/frcpathp2surgicalcourse/PAPSETA11.svs',218,'/var/www/vhosts/uralensiswebapp.co.uk/slides.uralensiswebapp.co.uk/VirtualCasesApp/static/labels/placeholder.png',0,'FRCPath Default Group'),(50,'PAPSETA08','FA','2021-01-16','FA','2021-01-16',2,'media/uploads/frcpathp2surgicalcourse/PAPSETA8.svs',216,'/var/www/vhosts/uralensiswebapp.co.uk/slides.uralensiswebapp.co.uk/VirtualCasesApp/static/labels/placeholder.png',0,'FRCPath Default Group'),(51,'UR7 Mega','FA','2021-01-17','FA','2021-01-17',2,'media/uploads/frcpathp2surgicalcourse/MEGA2.svs',101,'/var/www/vhosts/uralensiswebapp.co.uk/slides.uralensiswebapp.co.uk/VirtualCasesApp/static/labels/placeholder.png',0,'FRCPath Default Group'),(53,'MGGSETA13','FA','2021-01-17','FA','2021-01-17',2,'media/uploads/frcpathp2surgicalcourse/MGGSETA13.svs',300,'/var/www/vhosts/uralensiswebapp.co.uk/slides.uralensiswebapp.co.uk/VirtualCasesApp/static/labels/placeholder.png',0,'FRCPath Default Group'),(54,'MGGSETA26','FA','2021-01-17','FA','2021-01-17',2,'media/uploads/frcpathp2surgicalcourse/MGGSETA26.svs',303,'/var/www/vhosts/uralensiswebapp.co.uk/slides.uralensiswebapp.co.uk/VirtualCasesApp/static/labels/placeholder.png',0,'FRCPath Default Group'),(55,'MGGSETA15','FA','2021-01-17','FA','2021-01-17',2,'media/uploads/frcpathp2surgicalcourse/MGGSETA15.svs',301,'/var/www/vhosts/uralensiswebapp.co.uk/slides.uralensiswebapp.co.uk/VirtualCasesApp/static/labels/placeholder.png',0,'FRCPath Default Group'),(56,'MGGSETA18','FA','2021-01-17','FA','2021-01-17',2,'media/uploads/frcpathp2surgicalcourse/MGGSETA18.svs',302,'/var/www/vhosts/uralensiswebapp.co.uk/slides.uralensiswebapp.co.uk/VirtualCasesApp/static/labels/placeholder.png',0,'FRCPath Default Group'),(57,'PAPSETA12','FA','2021-01-17','FA','2021-01-17',2,'media/uploads/frcpathp2surgicalcourse/PAPSETA12.svs',304,'/var/www/vhosts/uralensiswebapp.co.uk/slides.uralensiswebapp.co.uk/VirtualCasesApp/static/labels/placeholder.png',0,'FRCPath Default Group'),(58,'PAPSETA13','FA','2021-01-17','FA','2021-01-17',2,'media/uploads/frcpathp2surgicalcourse/PAPSETA13.svs',300,'/var/www/vhosts/uralensiswebapp.co.uk/slides.uralensiswebapp.co.uk/VirtualCasesApp/static/labels/placeholder.png',0,'FRCPath Default Group'),(59,'PAPSETA16','FA','2021-01-17','FA','2021-01-17',2,'media/uploads/frcpathp2surgicalcourse/PAPSETA16.svs',308,'/var/www/vhosts/uralensiswebapp.co.uk/slides.uralensiswebapp.co.uk/VirtualCasesApp/static/labels/placeholder.png',0,'FRCPath Default Group'),(60,'PAPSETA16','FA','2021-01-17','FA','2021-01-17',2,'media/uploads/frcpathp2surgicalcourse/PAPSETA16_AFLFLWg.svs',1307,'/var/www/vhosts/uralensiswebapp.co.uk/slides.uralensiswebapp.co.uk/VirtualCasesApp/static/labels/placeholder.png',0,'FRCPath Default Group'),(61,'PAPSETA14','FA','2021-01-17','FA','2021-01-17',2,'media/uploads/frcpathp2surgicalcourse/PAPSETA14.svs',306,'/var/www/vhosts/uralensiswebapp.co.uk/slides.uralensiswebapp.co.uk/VirtualCasesApp/static/labels/placeholder.png',0,'FRCPath Default Group'),(62,'PAPSETA15','FA','2021-01-17','FA','2021-01-17',2,'media/uploads/frcpathp2surgicalcourse/PAPSETA15.svs',301,'/var/www/vhosts/uralensiswebapp.co.uk/slides.uralensiswebapp.co.uk/VirtualCasesApp/static/labels/placeholder.png',0,'FRCPath Default Group'),(63,'PAPSETA18','FA','2021-01-17','FA','2021-01-17',2,'media/uploads/frcpathp2surgicalcourse/PAPSETA18.svs',310,'/var/www/vhosts/uralensiswebapp.co.uk/slides.uralensiswebapp.co.uk/VirtualCasesApp/static/labels/placeholder.png',0,'FRCPath Default Group'),(64,'PAPSETA20','FA','2021-01-17','FA','2021-01-17',2,'media/uploads/frcpathp2surgicalcourse/PAPSETA20.svs',312,'/var/www/vhosts/uralensiswebapp.co.uk/slides.uralensiswebapp.co.uk/VirtualCasesApp/static/labels/placeholder.png',0,'FRCPath Default Group'),(65,'PAPSETA17','FA','2021-01-17','FA','2021-01-17',2,'media/uploads/frcpathp2surgicalcourse/PAPSETA17.svs',309,'/var/www/vhosts/uralensiswebapp.co.uk/slides.uralensiswebapp.co.uk/VirtualCasesApp/static/labels/placeholder.png',0,'FRCPath Default Group'),(66,'PAPSETA21','FA','2021-01-17','FA','2021-01-17',2,'media/uploads/frcpathp2surgicalcourse/PAPSETA21.svs',313,'/var/www/vhosts/uralensiswebapp.co.uk/slides.uralensiswebapp.co.uk/VirtualCasesApp/static/labels/placeholder.png',0,'FRCPath Default Group'),(67,'PAPSETA19','FA','2021-01-17','FA','2021-01-17',2,'media/uploads/frcpathp2surgicalcourse/PAPSETA19.svs',311,'/var/www/vhosts/uralensiswebapp.co.uk/slides.uralensiswebapp.co.uk/VirtualCasesApp/static/labels/placeholder.png',0,'FRCPath Default Group'),(68,'PAPSETA22','FA','2021-01-17','FA','2021-01-17',2,'media/uploads/frcpathp2surgicalcourse/PAPSETA22.svs',314,'/var/www/vhosts/uralensiswebapp.co.uk/slides.uralensiswebapp.co.uk/VirtualCasesApp/static/labels/placeholder.png',0,'FRCPath Default Group'),(69,'PAPSETA25','FA','2021-01-17','FA','2021-01-17',2,'media/uploads/frcpathp2surgicalcourse/PAPSETA25.svs',317,'/var/www/vhosts/uralensiswebapp.co.uk/slides.uralensiswebapp.co.uk/VirtualCasesApp/static/labels/placeholder.png',0,'FRCPath Default Group'),(70,'PAPSETA24','FA','2021-01-17','FA','2021-01-17',2,'media/uploads/frcpathp2surgicalcourse/PAPSETA24.svs',316,'/var/www/vhosts/uralensiswebapp.co.uk/slides.uralensiswebapp.co.uk/VirtualCasesApp/static/labels/placeholder.png',0,'FRCPath Default Group'),(71,'PAPSETA23','FA','2021-01-17','FA','2021-01-17',2,'media/uploads/frcpathp2surgicalcourse/PAPSETA23.svs',315,'/var/www/vhosts/uralensiswebapp.co.uk/slides.uralensiswebapp.co.uk/VirtualCasesApp/static/labels/placeholder.png',0,'FRCPath Default Group'),(72,'PAPSETA26','FA','2021-01-17','FA','2021-01-17',2,'media/uploads/frcpathp2surgicalcourse/PAPSETA26.svs',303,'/var/www/vhosts/uralensiswebapp.co.uk/slides.uralensiswebapp.co.uk/VirtualCasesApp/static/labels/placeholder.png',0,'FRCPath Default Group'),(73,'PAPSETA29','FA','2021-01-17','FA','2021-01-17',2,'media/uploads/frcpathp2surgicalcourse/PAPSETA29.svs',319,'/var/www/vhosts/uralensiswebapp.co.uk/slides.uralensiswebapp.co.uk/VirtualCasesApp/static/labels/placeholder.png',0,'FRCPath Default Group'),(74,'GIT02','FA','2021-01-17','FA','2021-01-17',2,'media/uploads/frcpathp2surgicalcourse/GIT02.svs',400,'/var/www/vhosts/uralensiswebapp.co.uk/slides.uralensiswebapp.co.uk/VirtualCasesApp/static/labels/placeholder.png',0,'FRCPath Default Group'),(75,'GIT03','FA','2021-01-17','FA','2021-01-17',2,'media/uploads/frcpathp2surgicalcourse/GIT03.svs',401,'/var/www/vhosts/uralensiswebapp.co.uk/slides.uralensiswebapp.co.uk/VirtualCasesApp/static/labels/placeholder.png',0,'FRCPath Default Group'),(76,'GIT08','FA','2021-01-17','FA','2021-01-17',2,'media/uploads/frcpathp2surgicalcourse/GIT08.svs',406,'/var/www/vhosts/uralensiswebapp.co.uk/slides.uralensiswebapp.co.uk/VirtualCasesApp/static/labels/placeholder.png',0,'FRCPath Default Group'),(77,'GIT09','FA','2021-01-17','FA','2021-01-17',2,'media/uploads/frcpathp2surgicalcourse/GIT09.svs',407,'/var/www/vhosts/uralensiswebapp.co.uk/slides.uralensiswebapp.co.uk/VirtualCasesApp/static/labels/placeholder.png',0,'FRCPath Default Group'),(78,'GIT07','FA','2021-01-17','FA','2021-01-17',2,'media/uploads/frcpathp2surgicalcourse/GIT07.svs',405,'/var/www/vhosts/uralensiswebapp.co.uk/slides.uralensiswebapp.co.uk/VirtualCasesApp/static/labels/placeholder.png',0,'FRCPath Default Group'),(79,'GIT10','FA','2021-01-17','FA','2021-01-17',2,'media/uploads/frcpathp2surgicalcourse/GIT10.svs',408,'/var/www/vhosts/uralensiswebapp.co.uk/slides.uralensiswebapp.co.uk/VirtualCasesApp/static/labels/placeholder.png',0,'FRCPath Default Group'),(80,'GIT04','FA','2021-01-17','FA','2021-01-17',2,'media/uploads/frcpathp2surgicalcourse/GIT04.svs',402,'/var/www/vhosts/uralensiswebapp.co.uk/slides.uralensiswebapp.co.uk/VirtualCasesApp/static/labels/placeholder.png',0,'FRCPath Default Group'),(81,'GIT05','FA','2021-01-17','FA','2021-01-17',2,'media/uploads/frcpathp2surgicalcourse/GIT05.svs',403,'/var/www/vhosts/uralensiswebapp.co.uk/slides.uralensiswebapp.co.uk/VirtualCasesApp/static/labels/placeholder.png',0,'FRCPath Default Group'),(82,'GIT12','FA','2021-01-17','FA','2021-01-17',2,'media/uploads/frcpathp2surgicalcourse/GIT12.svs',410,'/var/www/vhosts/uralensiswebapp.co.uk/slides.uralensiswebapp.co.uk/VirtualCasesApp/static/labels/placeholder.png',0,'FRCPath Default Group'),(83,'MGG-1SETA31','FA','2021-01-17','FA','2021-01-17',2,'media/uploads/frcpathp2surgicalcourse/MGG-1SETA31.svs',412,'/var/www/vhosts/uralensiswebapp.co.uk/slides.uralensiswebapp.co.uk/VirtualCasesApp/static/labels/placeholder.png',0,'FRCPath Default Group'),(84,'GIT06','FA','2021-01-17','FA','2021-01-17',2,'media/uploads/frcpathp2surgicalcourse/GIT06.svs',404,'/var/www/vhosts/uralensiswebapp.co.uk/slides.uralensiswebapp.co.uk/VirtualCasesApp/static/labels/placeholder.png',0,'FRCPath Default Group'),(85,'MGG-2SETA31','FA','2021-01-17','FA','2021-01-17',2,'media/uploads/frcpathp2surgicalcourse/MGG-2SETA31.svs',412,'/var/www/vhosts/uralensiswebapp.co.uk/slides.uralensiswebapp.co.uk/VirtualCasesApp/static/labels/placeholder.png',0,'FRCPath Default Group'),(86,'MGGSETA28','FA','2021-01-17','FA','2021-01-17',2,'media/uploads/frcpathp2surgicalcourse/MGGSETA28.svs',414,'/var/www/vhosts/uralensiswebapp.co.uk/slides.uralensiswebapp.co.uk/VirtualCasesApp/static/labels/placeholder.png',0,'FRCPath Default Group'),(87,'PAPSETA30','FA','2021-01-17','FA','2021-01-17',2,'media/uploads/frcpathp2surgicalcourse/PAPSETA30.svs',416,'/var/www/vhosts/uralensiswebapp.co.uk/slides.uralensiswebapp.co.uk/VirtualCasesApp/static/labels/placeholder.png',0,'FRCPath Default Group'),(88,'PAPSETA27','FA','2021-01-17','FA','2021-01-17',2,'media/uploads/frcpathp2surgicalcourse/PAPSETA27.svs',415,'/var/www/vhosts/uralensiswebapp.co.uk/slides.uralensiswebapp.co.uk/VirtualCasesApp/static/labels/placeholder.png',0,'FRCPath Default Group'),(89,'GIT11','FA','2021-01-17','FA','2021-01-17',2,'media/uploads/frcpathp2surgicalcourse/GIT11.svs',409,'/var/www/vhosts/uralensiswebapp.co.uk/slides.uralensiswebapp.co.uk/VirtualCasesApp/static/labels/placeholder.png',0,'FRCPath Default Group'),(90,'GIT13','FA','2021-01-17','FA','2021-01-17',2,'media/uploads/frcpathp2surgicalcourse/GIT13.svs',411,'/var/www/vhosts/uralensiswebapp.co.uk/slides.uralensiswebapp.co.uk/VirtualCasesApp/static/labels/placeholder.png',0,'FRCPath Default Group'),(91,'GIT15','FA','2021-01-17','FA','2021-01-17',2,'media/uploads/frcpathp2surgicalcourse/GIT15.svs',500,'/var/www/vhosts/uralensiswebapp.co.uk/slides.uralensiswebapp.co.uk/VirtualCasesApp/static/labels/placeholder.png',0,'FRCPath Default Group'),(92,'GIT16','FA','2021-01-17','FA','2021-01-17',2,'media/uploads/frcpathp2surgicalcourse/GIT16.svs',501,'/var/www/vhosts/uralensiswebapp.co.uk/slides.uralensiswebapp.co.uk/VirtualCasesApp/static/labels/placeholder.png',0,'FRCPath Default Group'),(93,'GIT17','FA','2021-01-17','FA','2021-01-17',2,'media/uploads/frcpathp2surgicalcourse/GIT17.svs',502,'/var/www/vhosts/uralensiswebapp.co.uk/slides.uralensiswebapp.co.uk/VirtualCasesApp/static/labels/placeholder.png',0,'FRCPath Default Group'),(94,'GIT22','FA','2021-01-17','FA','2021-01-17',2,'media/uploads/frcpathp2surgicalcourse/GIT22.svs',508,'/var/www/vhosts/uralensiswebapp.co.uk/slides.uralensiswebapp.co.uk/VirtualCasesApp/static/labels/placeholder.png',0,'FRCPath Default Group'),(95,'GIT21','FA','2021-01-17','FA','2021-01-17',2,'media/uploads/frcpathp2surgicalcourse/GIT21.svs',507,'/var/www/vhosts/uralensiswebapp.co.uk/slides.uralensiswebapp.co.uk/VirtualCasesApp/static/labels/placeholder.png',0,'FRCPath Default Group'),(96,'GIT14','FA','2021-01-17','FA','2021-01-17',2,'media/uploads/frcpathp2surgicalcourse/SET3CASEGIT.svs',510,'/var/www/vhosts/uralensiswebapp.co.uk/slides.uralensiswebapp.co.uk/VirtualCasesApp/static/labels/placeholder.png',0,'FRCPath Default Group'),(97,'GIT23','FA','2021-01-17','FA','2021-01-17',2,'media/uploads/frcpathp2surgicalcourse/GIT23.svs',509,'/var/www/vhosts/uralensiswebapp.co.uk/slides.uralensiswebapp.co.uk/VirtualCasesApp/static/labels/placeholder.png',0,'FRCPath Default Group'),(98,'RN01','FA','2021-01-17','FA','2021-01-17',2,'media/uploads/frcpathp2surgicalcourse/SET6RN1.svs',511,'/var/www/vhosts/uralensiswebapp.co.uk/slides.uralensiswebapp.co.uk/VirtualCasesApp/static/labels/placeholder.png',0,'FRCPath Default Group'),(99,'RN04','FA','2021-01-17','FA','2021-01-17',2,'media/uploads/frcpathp2surgicalcourse/SET6RN4.svs',514,'/var/www/vhosts/uralensiswebapp.co.uk/slides.uralensiswebapp.co.uk/VirtualCasesApp/static/labels/placeholder.png',0,'FRCPath Default Group'),(100,'RN03','FA','2021-01-17','FA','2021-01-17',2,'media/uploads/frcpathp2surgicalcourse/SET6RN3.svs',512,'/var/www/vhosts/uralensiswebapp.co.uk/slides.uralensiswebapp.co.uk/VirtualCasesApp/static/labels/placeholder.png',0,'FRCPath Default Group'),(101,'RN05','FA','2021-01-17','FA','2021-01-17',2,'media/uploads/frcpathp2surgicalcourse/SET6RN5.svs',515,'/var/www/vhosts/uralensiswebapp.co.uk/slides.uralensiswebapp.co.uk/VirtualCasesApp/static/labels/placeholder.png',0,'FRCPath Default Group'),(102,'RN06','FA','2021-01-17','FA','2021-01-17',2,'media/uploads/frcpathp2surgicalcourse/SET6RN6.svs',516,'/var/www/vhosts/uralensiswebapp.co.uk/slides.uralensiswebapp.co.uk/VirtualCasesApp/static/labels/placeholder.png',0,'FRCPath Default Group'),(103,'RN07','FA','2021-01-17','FA','2021-01-17',2,'media/uploads/frcpathp2surgicalcourse/SET6RN7.svs',517,'/var/www/vhosts/uralensiswebapp.co.uk/slides.uralensiswebapp.co.uk/VirtualCasesApp/static/labels/placeholder.png',0,'FRCPath Default Group'),(104,'RN08','FA','2021-01-17','FA','2021-01-17',2,'media/uploads/frcpathp2surgicalcourse/SET7RN8.svs',518,'/var/www/vhosts/uralensiswebapp.co.uk/slides.uralensiswebapp.co.uk/VirtualCasesApp/static/labels/placeholder.png',0,'FRCPath Default Group'),(105,'RN09','FA','2021-01-17','FA','2021-01-17',2,'media/uploads/frcpathp2surgicalcourse/SET6RN9.svs',519,'/var/www/vhosts/uralensiswebapp.co.uk/slides.uralensiswebapp.co.uk/VirtualCasesApp/static/labels/placeholder.png',0,'FRCPath Default Group'),(106,'GIT19','FA','2021-01-17','FA','2021-01-17',2,'media/uploads/frcpathp2surgicalcourse/GIT19.svs',505,'/var/www/vhosts/uralensiswebapp.co.uk/slides.uralensiswebapp.co.uk/VirtualCasesApp/static/labels/placeholder.png',0,'FRCPath Default Group'),(107,'GIT18A','FA','2021-01-17','FA','2021-01-17',2,'media/uploads/frcpathp2surgicalcourse/GIT18A.svs',503,'/var/www/vhosts/uralensiswebapp.co.uk/slides.uralensiswebapp.co.uk/VirtualCasesApp/static/labels/placeholder.png',0,'FRCPath Default Group'),(108,'GIT20','FA','2021-01-17','FA','2021-01-17',2,'media/uploads/frcpathp2surgicalcourse/GIT20.svs',506,'/var/www/vhosts/uralensiswebapp.co.uk/slides.uralensiswebapp.co.uk/VirtualCasesApp/static/labels/placeholder.png',0,'FRCPath Default Group'),(109,'GIT18B','FA','2021-01-17','FA','2021-01-17',2,'media/uploads/frcpathp2surgicalcourse/GIT18B.svs',503,'/var/www/vhosts/uralensiswebapp.co.uk/slides.uralensiswebapp.co.uk/VirtualCasesApp/static/labels/placeholder.png',0,'FRCPath Default Group'),(110,'GIT01','FA','2021-01-17','FA','2021-01-17',2,'media/uploads/frcpathp2surgicalcourse/GIT01.svs',700,'/var/www/vhosts/uralensiswebapp.co.uk/slides.uralensiswebapp.co.uk/VirtualCasesApp/static/labels/placeholder.png',0,'FRCPath Default Group'),(111,'RN02','FA','2021-01-17','FA','2021-01-17',2,'media/uploads/frcpathp2surgicalcourse/SET6RN2.svs',800,'/var/www/vhosts/uralensiswebapp.co.uk/slides.uralensiswebapp.co.uk/VirtualCasesApp/static/labels/placeholder.png',0,'FRCPath Default Group'),(112,'RN10','FA','2021-01-17','FA','2021-01-17',2,'media/uploads/frcpathp2surgicalcourse/SET6RN10.svs',901,'/var/www/vhosts/uralensiswebapp.co.uk/slides.uralensiswebapp.co.uk/VirtualCasesApp/static/labels/placeholder.png',0,'FRCPath Default Group'),(113,'PAPSETA28','FA','2021-01-17','FA','2021-01-17',2,'media/uploads/frcpathp2surgicalcourse/PAPSETA28.svs',414,'/var/www/vhosts/uralensiswebapp.co.uk/slides.uralensiswebapp.co.uk/VirtualCasesApp/static/labels/placeholder.png',0,'FRCPath Default Group'),(114,'GY01','FA','2021-01-17','FA','2021-01-17',2,'media/uploads/frcpathp2surgicalcourse/GY1.svs',-2,'/var/www/vhosts/uralensiswebapp.co.uk/slides.uralensiswebapp.co.uk/VirtualCasesApp/static/labels/placeholder.png',0,'FRCPath Default Group'),(115,'BR16','FA','2021-01-17','FA','2021-01-17',2,'media/uploads/frcpathp2surgicalcourse/BR16.svs',1001,'/var/www/vhosts/uralensiswebapp.co.uk/slides.uralensiswebapp.co.uk/VirtualCasesApp/static/labels/placeholder.png',0,'FRCPath Default Group'),(116,'SN_30','MC','2021-01-06','MC','2021-01-06',2,'media/uploads/patient/SN_30.svs',1030,'/var/www/vhosts/uralensiswebapp.co.uk/slides.uralensiswebapp.co.uk/VirtualCasesApp/static/labels/placeholder.png',0,'FRCPath Default Group'),(117,'SN_29','MC','2021-01-06','MC','2021-01-06',2,'media/uploads/patient/SN_29.svs',1029,'/var/www/vhosts/uralensiswebapp.co.uk/slides.uralensiswebapp.co.uk/VirtualCasesApp/static/labels/placeholder.png',0,'FRCPath Default Group'),(118,'SN_28','MC','2021-01-06','MC','2021-01-06',2,'media/uploads/patient/SN_28.svs',1028,'/var/www/vhosts/uralensiswebapp.co.uk/slides.uralensiswebapp.co.uk/VirtualCasesApp/static/labels/placeholder.png',0,'FRCPath Default Group'),(119,'SN_27','MC','2021-01-06','MC','2021-01-06',2,'media/uploads/patient/SN_27.svs',1027,'/var/www/vhosts/uralensiswebapp.co.uk/slides.uralensiswebapp.co.uk/VirtualCasesApp/static/labels/placeholder.png',0,'FRCPath Default Group'),(120,'SN_26','MC','2021-01-06','MC','2021-01-06',2,'media/uploads/patient/SN_26.svs',1026,'/var/www/vhosts/uralensiswebapp.co.uk/slides.uralensiswebapp.co.uk/VirtualCasesApp/static/labels/placeholder.png',0,'FRCPath Default Group'),(121,'SN_25','MC','2021-01-06','MC','2021-01-06',2,'media/uploads/patient/SN_25.svs',1025,'/var/www/vhosts/uralensiswebapp.co.uk/slides.uralensiswebapp.co.uk/VirtualCasesApp/static/labels/placeholder.png',0,'FRCPath Default Group'),(122,'SN_24','MC','2021-01-06','MC','2021-01-06',2,'media/uploads/patient/SN_24.svs',1024,'/var/www/vhosts/uralensiswebapp.co.uk/slides.uralensiswebapp.co.uk/VirtualCasesApp/static/labels/placeholder.png',0,'FRCPath Default Group'),(123,'SN_23','MC','2021-01-06','MC','2021-01-06',2,'media/uploads/patient/SN_23.svs',1023,'/var/www/vhosts/uralensiswebapp.co.uk/slides.uralensiswebapp.co.uk/VirtualCasesApp/static/labels/placeholder.png',0,'FRCPath Default Group'),(124,'SN_22','MC','2021-01-06','MC','2021-01-06',2,'media/uploads/patient/SN_22.svs',1022,'/var/www/vhosts/uralensiswebapp.co.uk/slides.uralensiswebapp.co.uk/VirtualCasesApp/static/labels/placeholder.png',0,'FRCPath Default Group'),(125,'SN_22','MC','2021-01-06','MC','2021-01-06',2,'media/uploads/patient/SN_22_bmG6FfA.svs',1022,'/var/www/vhosts/uralensiswebapp.co.uk/slides.uralensiswebapp.co.uk/VirtualCasesApp/static/labels/placeholder.png',0,'FRCPath Default Group'),(126,'SN_21','MC','2021-01-06','MC','2021-01-06',2,'media/uploads/patient/SN_21.svs',1021,'/var/www/vhosts/uralensiswebapp.co.uk/slides.uralensiswebapp.co.uk/VirtualCasesApp/static/labels/placeholder.png',0,'FRCPath Default Group'),(127,'SN_20','MC','2021-01-06','MC','2021-01-06',2,'media/uploads/patient/SN_20.svs',1020,'/var/www/vhosts/uralensiswebapp.co.uk/slides.uralensiswebapp.co.uk/VirtualCasesApp/static/labels/placeholder.png',0,'FRCPath Default Group'),(128,'SN_19','MC','2021-01-06','MC','2021-01-06',2,'media/uploads/patient/SN_19.svs',1019,'/var/www/vhosts/uralensiswebapp.co.uk/slides.uralensiswebapp.co.uk/VirtualCasesApp/static/labels/placeholder.png',0,'FRCPath Default Group'),(129,'SN_18','MC','2021-01-06','MC','2021-01-06',2,'media/uploads/patient/SN_18.svs',1018,'/var/www/vhosts/uralensiswebapp.co.uk/slides.uralensiswebapp.co.uk/VirtualCasesApp/static/labels/placeholder.png',0,'FRCPath Default Group'),(130,'SN_17','MC','2021-01-06','MC','2021-01-06',2,'media/uploads/patient/SN_17.svs',1017,'/var/www/vhosts/uralensiswebapp.co.uk/slides.uralensiswebapp.co.uk/VirtualCasesApp/static/labels/placeholder.png',0,'FRCPath Default Group'),(131,'SN_16','MC','2021-01-06','MC','2021-01-06',2,'media/uploads/patient/SN_16.svs',1016,'/var/www/vhosts/uralensiswebapp.co.uk/slides.uralensiswebapp.co.uk/VirtualCasesApp/static/labels/placeholder.png',0,'FRCPath Default Group'),(132,'SN_15','MC','2021-01-06','MC','2021-01-06',2,'media/uploads/patient/SN_15.svs',1014,'/var/www/vhosts/uralensiswebapp.co.uk/slides.uralensiswebapp.co.uk/VirtualCasesApp/static/labels/placeholder.png',0,'FRCPath Default Group'),(133,'SN_14','MC','2021-01-06','MC','2021-01-06',2,'media/uploads/patient/SN_14.svs',1014,'/var/www/vhosts/uralensiswebapp.co.uk/slides.uralensiswebapp.co.uk/VirtualCasesApp/static/labels/placeholder.png',0,'FRCPath Default Group'),(134,'SN_13','MC','2021-01-06','MC','2021-01-06',2,'media/uploads/patient/SN_13.svs',1013,'/var/www/vhosts/uralensiswebapp.co.uk/slides.uralensiswebapp.co.uk/VirtualCasesApp/static/labels/placeholder.png',0,'FRCPath Default Group'),(135,'SN_12','MC','2021-01-06','MC','2021-01-06',2,'media/uploads/patient/SN_12.svs',1012,'/var/www/vhosts/uralensiswebapp.co.uk/slides.uralensiswebapp.co.uk/VirtualCasesApp/static/labels/placeholder.png',0,'FRCPath Default Group'),(136,'SN_11','MC','2021-01-06','MC','2021-01-06',2,'media/uploads/patient/SN_11.svs',1011,'/var/www/vhosts/uralensiswebapp.co.uk/slides.uralensiswebapp.co.uk/VirtualCasesApp/static/labels/placeholder.png',0,'FRCPath Default Group'),(137,'SN_10','MC','2021-01-06','MC','2021-01-06',2,'media/uploads/patient/SN_10.svs',1010,'/var/www/vhosts/uralensiswebapp.co.uk/slides.uralensiswebapp.co.uk/VirtualCasesApp/static/labels/placeholder.png',0,'FRCPath Default Group'),(138,'SN_09','MC','2021-01-06','MC','2021-01-06',2,'media/uploads/patient/SN_9.svs',1009,'/var/www/vhosts/uralensiswebapp.co.uk/slides.uralensiswebapp.co.uk/VirtualCasesApp/static/labels/placeholder.png',0,'FRCPath Default Group'),(139,'SN_08','MC','2021-01-06','MC','2021-01-06',2,'media/uploads/patient/SN_8.svs',1008,'/var/www/vhosts/uralensiswebapp.co.uk/slides.uralensiswebapp.co.uk/VirtualCasesApp/static/labels/placeholder.png',0,'FRCPath Default Group'),(140,'SN_07','MC','2021-01-06','MC','2021-01-06',2,'media/uploads/patient/SN_7.svs',1007,'/var/www/vhosts/uralensiswebapp.co.uk/slides.uralensiswebapp.co.uk/VirtualCasesApp/static/labels/placeholder.png',0,'FRCPath Default Group'),(141,'SN_06','MC','2021-01-06','MC','2021-01-06',2,'media/uploads/patient/SN_6.svs',1006,'/var/www/vhosts/uralensiswebapp.co.uk/slides.uralensiswebapp.co.uk/VirtualCasesApp/static/labels/placeholder.png',0,'FRCPath Default Group'),(142,'SN_05','MC','2021-01-06','MC','2021-01-06',2,'media/uploads/patient/SN_5.svs',1005,'/var/www/vhosts/uralensiswebapp.co.uk/slides.uralensiswebapp.co.uk/VirtualCasesApp/static/labels/placeholder.png',0,'FRCPath Default Group'),(143,'SN_04','MC','2021-01-06','MC','2021-01-06',2,'media/uploads/patient/SN_4.svs',-1,'/var/www/vhosts/uralensiswebapp.co.uk/slides.uralensiswebapp.co.uk/VirtualCasesApp/static/labels/placeholder.png',0,'FRCPath Default Group'),(144,'SN_03','MC','2021-01-06','MC','2021-01-06',2,'media/uploads/patient/SN_3.svs',1003,'/var/www/vhosts/uralensiswebapp.co.uk/slides.uralensiswebapp.co.uk/VirtualCasesApp/static/labels/placeholder.png',0,'FRCPath Default Group'),(145,'SN_02','MC','2021-01-05','MC','2021-01-05',2,'media/uploads/patient/SN_2.svs',91002,'/var/www/vhosts/uralensiswebapp.co.uk/slides.uralensiswebapp.co.uk/VirtualCasesApp/static/labels/placeholder.png',0,'FRCPath Default Group'),(146,'SN_01','MC','2021-01-05','MC','2021-01-05',2,'media/uploads/patient/SN_1.svs',91001,'/var/www/vhosts/uralensiswebapp.co.uk/slides.uralensiswebapp.co.uk/VirtualCasesApp/static/labels/placeholder.png',0,'FRCPath Default Group'),(147,'ST12','FA','2021-01-18','FA','2021-01-18',2,'media/uploads/frcpathp2surgicalcourse/ST12.svs',2002,'/var/www/vhosts/uralensiswebapp.co.uk/slides.uralensiswebapp.co.uk/VirtualCasesApp/static/labels/placeholder.png',0,'FRCPath Default Group'),(148,'ST11','FA','2021-01-18','FA','2021-01-18',2,'media/uploads/frcpathp2surgicalcourse/ST11.svs',2001,'/var/www/vhosts/uralensiswebapp.co.uk/slides.uralensiswebapp.co.uk/VirtualCasesApp/static/labels/placeholder.png',0,'FRCPath Default Group'),(149,'ST14','FA','2021-01-18','FA','2021-01-18',2,'media/uploads/frcpathp2surgicalcourse/ST14.svs',2004,'/var/www/vhosts/uralensiswebapp.co.uk/slides.uralensiswebapp.co.uk/VirtualCasesApp/static/labels/placeholder.png',0,'FRCPath Default Group'),(150,'ST15','FA','2021-01-18','FA','2021-01-18',2,'media/uploads/frcpathp2surgicalcourse/ST15.svs',2005,'/var/www/vhosts/uralensiswebapp.co.uk/slides.uralensiswebapp.co.uk/VirtualCasesApp/static/labels/placeholder.png',0,'FRCPath Default Group'),(151,'ST13','FA','2021-01-18','FA','2021-01-18',2,'media/uploads/frcpathp2surgicalcourse/ST13.svs',2003,'/var/www/vhosts/uralensiswebapp.co.uk/slides.uralensiswebapp.co.uk/VirtualCasesApp/static/labels/placeholder.png',0,'FRCPath Default Group'),(152,'ST1','FA','2021-01-18','FA','2021-01-18',2,'media/uploads/frcpathp2surgicalcourse/ST1.svs',2011,'/var/www/vhosts/uralensiswebapp.co.uk/slides.uralensiswebapp.co.uk/VirtualCasesApp/static/labels/placeholder.png',0,'FRCPath Default Group'),(153,'ST6','FA','2021-01-18','FA','2021-01-18',2,'media/uploads/frcpathp2surgicalcourse/ST6.svs',2017,'/var/www/vhosts/uralensiswebapp.co.uk/slides.uralensiswebapp.co.uk/VirtualCasesApp/static/labels/placeholder.png',0,'FRCPath Default Group'),(154,'ST7','FA','2021-01-18','FA','2021-01-18',2,'media/uploads/frcpathp2surgicalcourse/ST7.svs',2018,'/var/www/vhosts/uralensiswebapp.co.uk/slides.uralensiswebapp.co.uk/VirtualCasesApp/static/labels/placeholder.png',0,'FRCPath Default Group'),(155,'ST2','FA','2021-01-18','FA','2021-01-18',2,'media/uploads/frcpathp2surgicalcourse/ST2.svs',2012,'/var/www/vhosts/uralensiswebapp.co.uk/slides.uralensiswebapp.co.uk/VirtualCasesApp/static/labels/placeholder.png',0,'FRCPath Default Group'),(156,'ST2_9-1-2021_18-28-46','FA','2021-01-18','FA','2021-01-18',2,'media/uploads/frcpathp2surgicalcourse/ST2_9-1-2021_18-28-46.svs',2012,'/var/www/vhosts/uralensiswebapp.co.uk/slides.uralensiswebapp.co.uk/VirtualCasesApp/static/labels/placeholder.png',0,'FRCPath Default Group'),(157,'ST3','FA','2021-01-18','FA','2021-01-18',2,'media/uploads/frcpathp2surgicalcourse/ST3.svs',2014,'/var/www/vhosts/uralensiswebapp.co.uk/slides.uralensiswebapp.co.uk/VirtualCasesApp/static/labels/placeholder.png',0,'FRCPath Default Group'),(158,'ST10','FA','2021-01-18','FA','2021-01-18',2,'media/uploads/frcpathp2surgicalcourse/ST10.svs',2021,'/var/www/vhosts/uralensiswebapp.co.uk/slides.uralensiswebapp.co.uk/VirtualCasesApp/static/labels/placeholder.png',0,'FRCPath Default Group'),(159,'ST9','FA','2021-01-18','FA','2021-01-18',2,'media/uploads/frcpathp2surgicalcourse/ST9.svs',2020,'/var/www/vhosts/uralensiswebapp.co.uk/slides.uralensiswebapp.co.uk/VirtualCasesApp/static/labels/placeholder.png',0,'FRCPath Default Group'),(160,'ST4','FA','2021-01-18','FA','2021-01-18',2,'media/uploads/frcpathp2surgicalcourse/ST4.svs',2015,'/var/www/vhosts/uralensiswebapp.co.uk/slides.uralensiswebapp.co.uk/VirtualCasesApp/static/labels/placeholder.png',0,'FRCPath Default Group'),(161,'ST5','FA','2021-01-18','FA','2021-01-18',2,'media/uploads/frcpathp2surgicalcourse/ST5.svs',2016,'/var/www/vhosts/uralensiswebapp.co.uk/slides.uralensiswebapp.co.uk/VirtualCasesApp/static/labels/placeholder.png',0,'FRCPath Default Group'),(162,'ST8','FA','2021-01-18','FA','2021-01-18',2,'media/uploads/frcpathp2surgicalcourse/ST8.svs',2019,'/var/www/vhosts/uralensiswebapp.co.uk/slides.uralensiswebapp.co.uk/VirtualCasesApp/static/labels/placeholder.png',0,'FRCPath Default Group'),(163,'ST16','FA','2021-01-18','FA','2021-01-18',2,'media/uploads/frcpathp2surgicalcourse/ST16.svs',2022,'/var/www/vhosts/uralensiswebapp.co.uk/slides.uralensiswebapp.co.uk/VirtualCasesApp/static/labels/placeholder.png',0,'FRCPath Default Group'),(164,'ST18','FA','2021-01-18','FA','2021-01-18',2,'media/uploads/frcpathp2surgicalcourse/ST18.svs',2024,'/var/www/vhosts/uralensiswebapp.co.uk/slides.uralensiswebapp.co.uk/VirtualCasesApp/static/labels/placeholder.png',0,'FRCPath Default Group'),(165,'ST20','FA','2021-01-18','FA','2021-01-18',2,'media/uploads/frcpathp2surgicalcourse/ST20.svs',2026,'/var/www/vhosts/uralensiswebapp.co.uk/slides.uralensiswebapp.co.uk/VirtualCasesApp/static/labels/placeholder.png',0,'FRCPath Default Group'),(166,'ST19','FA','2021-01-18','FA','2021-01-18',2,'media/uploads/frcpathp2surgicalcourse/ST19.svs',2025,'/var/www/vhosts/uralensiswebapp.co.uk/slides.uralensiswebapp.co.uk/VirtualCasesApp/static/labels/placeholder.png',0,'FRCPath Default Group'),(167,'ST17','FA','2021-01-18','FA','2021-01-18',2,'media/uploads/frcpathp2surgicalcourse/ST17.svs',2023,'/var/www/vhosts/uralensiswebapp.co.uk/slides.uralensiswebapp.co.uk/VirtualCasesApp/static/labels/placeholder.png',0,'FRCPath Default Group'),(168,'ST22','FA','2021-01-18','FA','2021-01-18',2,'media/uploads/frcpathp2surgicalcourse/ST22.svs',2028,'/var/www/vhosts/uralensiswebapp.co.uk/slides.uralensiswebapp.co.uk/VirtualCasesApp/static/labels/placeholder.png',0,'FRCPath Default Group'),(169,'ST23','FA','2021-01-18','FA','2021-01-18',2,'media/uploads/frcpathp2surgicalcourse/ST23.svs',2029,'/var/www/vhosts/uralensiswebapp.co.uk/slides.uralensiswebapp.co.uk/VirtualCasesApp/static/labels/placeholder.png',0,'FRCPath Default Group'),(170,'ST24','FA','2021-01-18','FA','2021-01-18',2,'media/uploads/frcpathp2surgicalcourse/ST24.svs',2030,'/var/www/vhosts/uralensiswebapp.co.uk/slides.uralensiswebapp.co.uk/VirtualCasesApp/static/labels/placeholder.png',0,'FRCPath Default Group'),(171,'MGGSETA10','FA','2021-01-18','FA','2021-01-18',2,'media/uploads/frcpathp2surgicalcourse/MGGSETA10.svs',600,'/var/www/vhosts/uralensiswebapp.co.uk/slides.uralensiswebapp.co.uk/VirtualCasesApp/static/labels/placeholder.png',0,'FRCPath Default Group'),(172,'ST26','FA','2021-01-18','FA','2021-01-18',2,'media/uploads/frcpathp2surgicalcourse/ST26.svs',2032,'/var/www/vhosts/uralensiswebapp.co.uk/slides.uralensiswebapp.co.uk/VirtualCasesApp/static/labels/placeholder.png',0,'FRCPath Default Group'),(173,'ST21','FA','2021-01-18','FA','2021-01-18',2,'media/uploads/frcpathp2surgicalcourse/ST21.svs',2027,'/var/www/vhosts/uralensiswebapp.co.uk/slides.uralensiswebapp.co.uk/VirtualCasesApp/static/labels/placeholder.png',0,'FRCPath Default Group'),(174,'ST27','FA','2021-01-18','FA','2021-01-18',2,'media/uploads/frcpathp2surgicalcourse/ST27.svs',2033,'/var/www/vhosts/uralensiswebapp.co.uk/slides.uralensiswebapp.co.uk/VirtualCasesApp/static/labels/placeholder.png',0,'FRCPath Default Group'),(175,'ST29','FA','2021-01-18','FA','2021-01-18',2,'media/uploads/frcpathp2surgicalcourse/ST29.svs',2035,'/var/www/vhosts/uralensiswebapp.co.uk/slides.uralensiswebapp.co.uk/VirtualCasesApp/static/labels/placeholder.png',0,'FRCPath Default Group'),(176,'ST28','FA','2021-01-18','FA','2021-01-18',2,'media/uploads/frcpathp2surgicalcourse/ST28.svs',2034,'/var/www/vhosts/uralensiswebapp.co.uk/slides.uralensiswebapp.co.uk/VirtualCasesApp/static/labels/placeholder.png',0,'FRCPath Default Group'),(177,'ST25','FA','2021-01-18','FA','2021-01-18',2,'media/uploads/frcpathp2surgicalcourse/ST25.svs',2031,'/var/www/vhosts/uralensiswebapp.co.uk/slides.uralensiswebapp.co.uk/VirtualCasesApp/static/labels/placeholder.png',0,'FRCPath Default Group'),(178,'ST30','FA','2021-01-18','FA','2021-01-18',2,'media/uploads/frcpathp2surgicalcourse/ST30.svs',2036,'/var/www/vhosts/uralensiswebapp.co.uk/slides.uralensiswebapp.co.uk/VirtualCasesApp/static/labels/placeholder.png',0,'FRCPath Default Group'),(179,'LP06','FA','2021-01-19','FA','2021-01-19',2,'media/uploads/frcpathp2surgicalcourse/LP6.svs',3004,'/var/www/vhosts/uralensiswebapp.co.uk/slides.uralensiswebapp.co.uk/VirtualCasesApp/static/labels/placeholder.png',0,'FRCPath Default Group'),(180,'LP03','FA','2021-01-19','FA','2021-01-19',2,'media/uploads/frcpathp2surgicalcourse/LP3.svs',3001,'/var/www/vhosts/uralensiswebapp.co.uk/slides.uralensiswebapp.co.uk/VirtualCasesApp/static/labels/placeholder.png',0,'FRCPath Default Group'),(181,'LP08','FA','2021-01-19','FA','2021-01-19',2,'media/uploads/frcpathp2surgicalcourse/LP8.svs',3006,'/var/www/vhosts/uralensiswebapp.co.uk/slides.uralensiswebapp.co.uk/VirtualCasesApp/static/labels/placeholder.png',0,'FRCPath Default Group'),(182,'LP10','FA','2021-01-19','FA','2021-01-19',2,'media/uploads/frcpathp2surgicalcourse/LP10.svs',3008,'/var/www/vhosts/uralensiswebapp.co.uk/slides.uralensiswebapp.co.uk/VirtualCasesApp/static/labels/placeholder.png',0,'FRCPath Default Group'),(183,'LP11','FA','2021-01-19','FA','2021-01-19',2,'media/uploads/frcpathp2surgicalcourse/LP11.svs',3009,'/var/www/vhosts/uralensiswebapp.co.uk/slides.uralensiswebapp.co.uk/VirtualCasesApp/static/labels/placeholder.png',0,'FRCPath Default Group'),(184,'LP12','FA','2021-01-19','FA','2021-01-19',2,'media/uploads/frcpathp2surgicalcourse/LP12_oqfsIqg.svs',3010,'/var/www/vhosts/uralensiswebapp.co.uk/slides.uralensiswebapp.co.uk/VirtualCasesApp/static/labels/placeholder.png',0,'FRCPath Default Group'),(185,'LP04','FA','2021-01-19','FA','2021-01-19',2,'media/uploads/frcpathp2surgicalcourse/LP4.svs',3002,'/var/www/vhosts/uralensiswebapp.co.uk/slides.uralensiswebapp.co.uk/VirtualCasesApp/static/labels/placeholder.png',0,'FRCPath Default Group'),(186,'LP07','FA','2021-01-19','FA','2021-01-19',2,'media/uploads/frcpathp2surgicalcourse/LP7.svs',3005,'/var/www/vhosts/uralensiswebapp.co.uk/slides.uralensiswebapp.co.uk/VirtualCasesApp/static/labels/placeholder.png',0,'FRCPath Default Group'),(187,'LP02','FA','2021-01-19','FA','2021-01-19',2,'media/uploads/frcpathp2surgicalcourse/LP2.svs',3000,'/var/www/vhosts/uralensiswebapp.co.uk/slides.uralensiswebapp.co.uk/VirtualCasesApp/static/labels/placeholder.png',0,'FRCPath Default Group'),(188,'LP09','FA','2021-01-19','FA','2021-01-19',2,'media/uploads/frcpathp2surgicalcourse/LP9.svs',3007,'/var/www/vhosts/uralensiswebapp.co.uk/slides.uralensiswebapp.co.uk/VirtualCasesApp/static/labels/placeholder.png',0,'FRCPath Default Group'),(189,'LP05','FA','2021-01-19','FA','2021-01-19',2,'media/uploads/frcpathp2surgicalcourse/LP5.svs',3003,'/var/www/vhosts/uralensiswebapp.co.uk/slides.uralensiswebapp.co.uk/VirtualCasesApp/static/labels/placeholder.png',0,'FRCPath Default Group'),(190,'UR6','FA','2021-01-19','FA','2021-01-19',2,'media/uploads/frcpathp2surgicalcourse/CASE6.svs',1002,'/var/www/vhosts/uralensiswebapp.co.uk/slides.uralensiswebapp.co.uk/VirtualCasesApp/static/labels/placeholder.png',0,'FRCPath Default Group'),(192,'LP01','FA','2021-01-19','FA','2021-01-19',2,'media/uploads/frcpathp2surgicalcourse/LP1_ME4m82g.svs',3011,'/var/www/vhosts/uralensiswebapp.co.uk/slides.uralensiswebapp.co.uk/VirtualCasesApp/static/labels/placeholder.png',0,'FRCPath Default Group'),(193,'GY02','FA','2021-01-19','FA','2021-01-19',2,'media/uploads/frcpathp2surgicalcourse/GY2.svs',-3,'/var/www/vhosts/uralensiswebapp.co.uk/slides.uralensiswebapp.co.uk/VirtualCasesApp/static/labels/placeholder.png',0,'FRCPath Default Group'),(194,'GY04','FA','2021-01-19','FA','2021-01-19',2,'media/uploads/frcpathp2surgicalcourse/GY4.svs',225,'/var/www/vhosts/uralensiswebapp.co.uk/slides.uralensiswebapp.co.uk/VirtualCasesApp/static/labels/placeholder.png',0,'FRCPath Default Group'),(195,'HN22','FA','2021-01-19','FA','2021-01-19',2,'media/uploads/frcpathp2surgicalcourse/HN22.svs',220,'/var/www/vhosts/uralensiswebapp.co.uk/slides.uralensiswebapp.co.uk/VirtualCasesApp/static/labels/placeholder.png',0,'FRCPath Default Group'),(196,'LP13_9-1-2021_14-06-22','FA','2021-01-19','FA','2021-01-19',2,'media/uploads/frcpathp2surgicalcourse/LP13_9-1-2021_14-06-22.svs',3013,'/var/www/vhosts/uralensiswebapp.co.uk/slides.uralensiswebapp.co.uk/VirtualCasesApp/static/labels/placeholder.png',1,'FRCPath Default Group'),(197,'LP14','FA','2021-01-19','FA','2021-01-19',2,'media/uploads/frcpathp2surgicalcourse/LP14.svs',3014,'/var/www/vhosts/uralensiswebapp.co.uk/slides.uralensiswebapp.co.uk/VirtualCasesApp/static/labels/placeholder.png',0,'FRCPath Default Group'),(198,'HN23','FA','2021-01-19','FA','2021-01-19',2,'media/uploads/frcpathp2surgicalcourse/HN23.svs',221,'/var/www/vhosts/uralensiswebapp.co.uk/slides.uralensiswebapp.co.uk/VirtualCasesApp/static/labels/placeholder.png',0,'FRCPath Default Group'),(199,'LP15','FA','2021-01-19','FA','2021-01-19',2,'media/uploads/frcpathp2surgicalcourse/LP15.svs',3015,'/var/www/vhosts/uralensiswebapp.co.uk/slides.uralensiswebapp.co.uk/VirtualCasesApp/static/labels/placeholder.png',0,'FRCPath Default Group'),(200,'LP17','FA','2021-01-19','FA','2021-01-19',2,'media/uploads/frcpathp2surgicalcourse/LP17.svs',3017,'/var/www/vhosts/uralensiswebapp.co.uk/slides.uralensiswebapp.co.uk/VirtualCasesApp/static/labels/placeholder.png',0,'FRCPath Default Group'),(201,'LP13','FA','2021-01-19','FA','2021-01-19',2,'media/uploads/frcpathp2surgicalcourse/LP13.svs',3013,'/var/www/vhosts/uralensiswebapp.co.uk/slides.uralensiswebapp.co.uk/VirtualCasesApp/static/labels/placeholder.png',0,'FRCPath Default Group'),(202,'LP18_9-1-2021_14-13-41','FA','2021-01-19','FA','2021-01-19',2,'media/uploads/frcpathp2surgicalcourse/LP18_9-1-2021_14-13-41.svs',3018,'/var/www/vhosts/uralensiswebapp.co.uk/slides.uralensiswebapp.co.uk/VirtualCasesApp/static/labels/placeholder.png',0,'FRCPath Default Group'),(203,'LP19','FA','2021-01-19','FA','2021-01-19',2,'media/uploads/frcpathp2surgicalcourse/LP19.svs',3020,'/var/www/vhosts/uralensiswebapp.co.uk/slides.uralensiswebapp.co.uk/VirtualCasesApp/static/labels/placeholder.png',0,'FRCPath Default Group'),(204,'LP20','FA','2021-01-19','FA','2021-01-19',2,'media/uploads/frcpathp2surgicalcourse/LP20.svs',3021,'/var/www/vhosts/uralensiswebapp.co.uk/slides.uralensiswebapp.co.uk/VirtualCasesApp/static/labels/placeholder.png',0,'FRCPath Default Group'),(205,'HN24','FA','2021-01-19','FA','2021-01-19',2,'media/uploads/frcpathp2surgicalcourse/HN24.svs',222,'/var/www/vhosts/uralensiswebapp.co.uk/slides.uralensiswebapp.co.uk/VirtualCasesApp/static/labels/placeholder.png',0,'FRCPath Default Group'),(206,'LP21','FA','2021-01-19','FA','2021-01-19',2,'media/uploads/frcpathp2surgicalcourse/LP21.svs',3022,'/var/www/vhosts/uralensiswebapp.co.uk/slides.uralensiswebapp.co.uk/VirtualCasesApp/static/labels/placeholder.png',0,'FRCPath Default Group'),(207,'LP23','FA','2021-01-19','FA','2021-01-19',2,'media/uploads/frcpathp2surgicalcourse/LP23.svs',3025,'/var/www/vhosts/uralensiswebapp.co.uk/slides.uralensiswebapp.co.uk/VirtualCasesApp/static/labels/placeholder.png',0,'FRCPath Default Group'),(208,'LP24','FA','2021-01-19','FA','2021-01-19',2,'media/uploads/frcpathp2surgicalcourse/LP24.svs',3026,'/var/www/vhosts/uralensiswebapp.co.uk/slides.uralensiswebapp.co.uk/VirtualCasesApp/static/labels/placeholder.png',0,'FRCPath Default Group'),(209,'LP25','FA','2021-01-19','FA','2021-01-19',2,'media/uploads/frcpathp2surgicalcourse/LP25.svs',3027,'/var/www/vhosts/uralensiswebapp.co.uk/slides.uralensiswebapp.co.uk/VirtualCasesApp/static/labels/placeholder.png',0,'FRCPath Default Group'),(210,'LP18','FA','2021-01-19','FA','2021-01-19',2,'media/uploads/frcpathp2surgicalcourse/LP18.svs',3018,'/var/www/vhosts/uralensiswebapp.co.uk/slides.uralensiswebapp.co.uk/VirtualCasesApp/static/labels/placeholder.png',0,'FRCPath Default Group'),(211,'LP16','FA','2021-01-19','FA','2021-01-19',2,'media/uploads/frcpathp2surgicalcourse/LP16.svs',3016,'/var/www/vhosts/uralensiswebapp.co.uk/slides.uralensiswebapp.co.uk/VirtualCasesApp/static/labels/placeholder.png',0,'FRCPath Default Group'),(212,'HN25','FA','2021-01-19','FA','2021-01-19',2,'media/uploads/frcpathp2surgicalcourse/HN25.svs',223,'/var/www/vhosts/uralensiswebapp.co.uk/slides.uralensiswebapp.co.uk/VirtualCasesApp/static/labels/placeholder.png',0,'FRCPath Default Group'),(213,'LP22','FA','2021-01-19','FA','2021-01-19',2,'media/uploads/frcpathp2surgicalcourse/LP22.svs',3023,'/var/www/vhosts/uralensiswebapp.co.uk/slides.uralensiswebapp.co.uk/VirtualCasesApp/static/labels/placeholder.png',0,'FRCPath Default Group'),(214,'LP22_9-1-2021_14-20-04','FA','2021-01-19','FA','2021-01-19',2,'media/uploads/frcpathp2surgicalcourse/LP22_9-1-2021_14-20-04.svs',3023,'/var/www/vhosts/uralensiswebapp.co.uk/slides.uralensiswebapp.co.uk/VirtualCasesApp/static/labels/placeholder.png',0,'FRCPath Default Group'),(215,'RSN06','FA','2021-01-19','FA','2021-01-19',2,'media/uploads/frcpathp2surgicalcourse/RN6.svs',4002,'/var/www/vhosts/uralensiswebapp.co.uk/slides.uralensiswebapp.co.uk/VirtualCasesApp/static/labels/placeholder.png',0,'FRCPath Default Group'),(216,'RSN05','FA','2021-01-19','FA','2021-01-19',2,'media/uploads/frcpathp2surgicalcourse/RN5.svs',4001,'/var/www/vhosts/uralensiswebapp.co.uk/slides.uralensiswebapp.co.uk/VirtualCasesApp/static/labels/placeholder.png',0,'FRCPath Default Group'),(217,'RSN09','FA','2021-01-19','FA','2021-01-19',2,'media/uploads/frcpathp2surgicalcourse/RN9.svs',4005,'/var/www/vhosts/uralensiswebapp.co.uk/slides.uralensiswebapp.co.uk/VirtualCasesApp/static/labels/placeholder.png',0,'FRCPath Default Group'),(218,'RSN04','FA','2021-01-19','FA','2021-01-19',2,'media/uploads/frcpathp2surgicalcourse/RN4.svs',4000,'/var/www/vhosts/uralensiswebapp.co.uk/slides.uralensiswebapp.co.uk/VirtualCasesApp/static/labels/placeholder.png',0,'FRCPath Default Group'),(219,'RSN08','FA','2021-01-19','FA','2021-01-19',2,'media/uploads/frcpathp2surgicalcourse/RN8.svs',4004,'/var/www/vhosts/uralensiswebapp.co.uk/slides.uralensiswebapp.co.uk/VirtualCasesApp/static/labels/placeholder.png',0,'FRCPath Default Group'),(220,'RSN07','FA','2021-01-19','FA','2021-01-19',2,'media/uploads/frcpathp2surgicalcourse/RN7.svs',4003,'/var/www/vhosts/uralensiswebapp.co.uk/slides.uralensiswebapp.co.uk/VirtualCasesApp/static/labels/placeholder.png',0,'FRCPath Default Group'),(221,'RSN14','FA','2021-01-19','FA','2021-01-19',2,'media/uploads/frcpathp2surgicalcourse/RN14.svs',4010,'/var/www/vhosts/uralensiswebapp.co.uk/slides.uralensiswebapp.co.uk/VirtualCasesApp/static/labels/placeholder.png',0,'FRCPath Default Group'),(222,'RSN10','FA','2021-01-19','FA','2021-01-19',2,'media/uploads/frcpathp2surgicalcourse/RN10.svs',4006,'/var/www/vhosts/uralensiswebapp.co.uk/slides.uralensiswebapp.co.uk/VirtualCasesApp/static/labels/placeholder.png',0,'FRCPath Default Group'),(223,'RSN13','FA','2021-01-19','FA','2021-01-19',2,'media/uploads/frcpathp2surgicalcourse/RN13.svs',4009,'/var/www/vhosts/uralensiswebapp.co.uk/slides.uralensiswebapp.co.uk/VirtualCasesApp/static/labels/placeholder.png',0,'FRCPath Default Group'),(224,'RSN11','FA','2021-01-19','FA','2021-01-19',2,'media/uploads/frcpathp2surgicalcourse/RN11.svs',4007,'/var/www/vhosts/uralensiswebapp.co.uk/slides.uralensiswebapp.co.uk/VirtualCasesApp/static/labels/placeholder.png',0,'FRCPath Default Group'),(225,'RSN12','FA','2021-01-19','FA','2021-01-19',2,'media/uploads/frcpathp2surgicalcourse/RN12.svs',4008,'/var/www/vhosts/uralensiswebapp.co.uk/slides.uralensiswebapp.co.uk/VirtualCasesApp/static/labels/placeholder.png',0,'FRCPath Default Group'),(226,'RSN16','FA','2021-01-19','FA','2021-01-19',2,'media/uploads/frcpathp2surgicalcourse/RN16.svs',4012,'/var/www/vhosts/uralensiswebapp.co.uk/slides.uralensiswebapp.co.uk/VirtualCasesApp/static/labels/placeholder.png',0,'FRCPath Default Group'),(227,'RSN03','FA','2021-01-19','FA','2021-01-19',2,'media/uploads/frcpathp2surgicalcourse/RN3.svs',4014,'/var/www/vhosts/uralensiswebapp.co.uk/slides.uralensiswebapp.co.uk/VirtualCasesApp/static/labels/placeholder.png',0,'FRCPath Default Group'),(228,'BR18','FA','2021-01-19','FA','2021-01-19',2,'media/uploads/frcpathp2surgicalcourse/BR18.svs',5001,'/var/www/vhosts/uralensiswebapp.co.uk/slides.uralensiswebapp.co.uk/VirtualCasesApp/static/labels/placeholder.png',0,'FRCPath Default Group'),(229,'RSN02','FA','2021-01-19','FA','2021-01-19',2,'media/uploads/frcpathp2surgicalcourse/RN2.svs',4013,'/var/www/vhosts/uralensiswebapp.co.uk/slides.uralensiswebapp.co.uk/VirtualCasesApp/static/labels/placeholder.png',0,'FRCPath Default Group'),(230,'BR17','FA','2021-01-19','FA','2021-01-19',2,'media/uploads/frcpathp2surgicalcourse/BR17.svs',5000,'/var/www/vhosts/uralensiswebapp.co.uk/slides.uralensiswebapp.co.uk/VirtualCasesApp/static/labels/placeholder.png',0,'FRCPath Default Group'),(231,'RSN15','FA','2021-01-19','FA','2021-01-19',2,'media/uploads/frcpathp2surgicalcourse/RN15.svs',4011,'/var/www/vhosts/uralensiswebapp.co.uk/slides.uralensiswebapp.co.uk/VirtualCasesApp/static/labels/placeholder.png',0,'FRCPath Default Group'),(232,'EN02','FA','2021-01-19','FA','2021-01-19',2,'media/uploads/frcpathp2surgicalcourse/EN2.svs',6001,'/var/www/vhosts/uralensiswebapp.co.uk/slides.uralensiswebapp.co.uk/VirtualCasesApp/static/labels/placeholder.png',0,'FRCPath Default Group'),(233,'BR19','FA','2021-01-19','FA','2021-01-19',2,'media/uploads/frcpathp2surgicalcourse/BR19.svs',5002,'/var/www/vhosts/uralensiswebapp.co.uk/slides.uralensiswebapp.co.uk/VirtualCasesApp/static/labels/placeholder.png',0,'FRCPath Default Group'),(234,'EN04','FA','2021-01-19','FA','2021-01-19',2,'media/uploads/frcpathp2surgicalcourse/EN4.svs',6003,'/var/www/vhosts/uralensiswebapp.co.uk/slides.uralensiswebapp.co.uk/VirtualCasesApp/static/labels/placeholder.png',0,'FRCPath Default Group'),(235,'EN05','FA','2021-01-19','FA','2021-01-19',2,'media/uploads/frcpathp2surgicalcourse/EN5.svs',6004,'/var/www/vhosts/uralensiswebapp.co.uk/slides.uralensiswebapp.co.uk/VirtualCasesApp/static/labels/placeholder.png',0,'FRCPath Default Group'),(236,'EN03','FA','2021-01-19','FA','2021-01-19',2,'media/uploads/frcpathp2surgicalcourse/EN3.svs',6002,'/var/www/vhosts/uralensiswebapp.co.uk/slides.uralensiswebapp.co.uk/VirtualCasesApp/static/labels/placeholder.png',0,'FRCPath Default Group'),(237,'EN01','FA','2021-01-19','FA','2021-01-19',2,'media/uploads/frcpathp2surgicalcourse/EN1.svs',6000,'/var/www/vhosts/uralensiswebapp.co.uk/slides.uralensiswebapp.co.uk/VirtualCasesApp/static/labels/placeholder.png',0,'FRCPath Default Group'),(238,'EN10','FA','2021-01-19','FA','2021-01-19',2,'media/uploads/frcpathp2surgicalcourse/EN10.svs',6009,'/var/www/vhosts/uralensiswebapp.co.uk/slides.uralensiswebapp.co.uk/VirtualCasesApp/static/labels/placeholder.png',0,'FRCPath Default Group'),(239,'EN09','FA','2021-01-19','FA','2021-01-19',2,'media/uploads/frcpathp2surgicalcourse/EN9.svs',6008,'/var/www/vhosts/uralensiswebapp.co.uk/slides.uralensiswebapp.co.uk/VirtualCasesApp/static/labels/placeholder.png',0,'FRCPath Default Group'),(240,'EN06','FA','2021-01-19','FA','2021-01-19',2,'media/uploads/frcpathp2surgicalcourse/EN6.svs',6005,'/var/www/vhosts/uralensiswebapp.co.uk/slides.uralensiswebapp.co.uk/VirtualCasesApp/static/labels/placeholder.png',0,'FRCPath Default Group'),(241,'EN07','FA','2021-01-19','FA','2021-01-19',2,'media/uploads/frcpathp2surgicalcourse/EN7.svs',6006,'/var/www/vhosts/uralensiswebapp.co.uk/slides.uralensiswebapp.co.uk/VirtualCasesApp/static/labels/placeholder.png',0,'FRCPath Default Group'),(242,'EN12','FA','2021-01-19','FA','2021-01-19',2,'media/uploads/frcpathp2surgicalcourse/EN12.svs',6011,'/var/www/vhosts/uralensiswebapp.co.uk/slides.uralensiswebapp.co.uk/VirtualCasesApp/static/labels/placeholder.png',0,'FRCPath Default Group'),(243,'EN08','FA','2021-01-19','FA','2021-01-19',2,'media/uploads/frcpathp2surgicalcourse/EN8.svs',6007,'/var/www/vhosts/uralensiswebapp.co.uk/slides.uralensiswebapp.co.uk/VirtualCasesApp/static/labels/placeholder.png',0,'FRCPath Default Group'),(244,'EN11','FA','2021-01-19','FA','2021-01-19',2,'media/uploads/frcpathp2surgicalcourse/EN11.svs',6010,'/var/www/vhosts/uralensiswebapp.co.uk/slides.uralensiswebapp.co.uk/VirtualCasesApp/static/labels/placeholder.png',0,'FRCPath Default Group'),(245,'EN13','FA','2021-01-19','FA','2021-01-19',2,'media/uploads/frcpathp2surgicalcourse/EN13.svs',6012,'/var/www/vhosts/uralensiswebapp.co.uk/slides.uralensiswebapp.co.uk/VirtualCasesApp/static/labels/placeholder.png',0,'FRCPath Default Group'),(246,'RI02','FA','2021-01-20','FA','2021-01-20',2,'media/uploads/frcpathp2surgicalcourse/RI2.svs',7001,'/var/www/vhosts/uralensiswebapp.co.uk/slides.uralensiswebapp.co.uk/VirtualCasesApp/static/labels/placeholder.png',0,'FRCPath Default Group'),(247,'RI06','FA','2021-01-20','FA','2021-01-20',2,'media/uploads/frcpathp2surgicalcourse/RI6.svs',7005,'/var/www/vhosts/uralensiswebapp.co.uk/slides.uralensiswebapp.co.uk/VirtualCasesApp/static/labels/placeholder.png',0,'FRCPath Default Group'),(248,'RI04','FA','2021-01-20','FA','2021-01-20',2,'media/uploads/frcpathp2surgicalcourse/RI4.svs',7003,'/var/www/vhosts/uralensiswebapp.co.uk/slides.uralensiswebapp.co.uk/VirtualCasesApp/static/labels/placeholder.png',0,'FRCPath Default Group'),(249,'RI05','FA','2021-01-20','FA','2021-01-20',2,'media/uploads/frcpathp2surgicalcourse/RI5.svs',7004,'/var/www/vhosts/uralensiswebapp.co.uk/slides.uralensiswebapp.co.uk/VirtualCasesApp/static/labels/placeholder.png',0,'FRCPath Default Group'),(250,'RI03','FA','2021-01-20','FA','2021-01-20',2,'media/uploads/frcpathp2surgicalcourse/RI3.svs',7002,'/var/www/vhosts/uralensiswebapp.co.uk/slides.uralensiswebapp.co.uk/VirtualCasesApp/static/labels/placeholder.png',0,'FRCPath Default Group'),(251,'RI01','FA','2021-01-20','FA','2021-01-20',2,'media/uploads/frcpathp2surgicalcourse/RI1.svs',7001,'/var/www/vhosts/uralensiswebapp.co.uk/slides.uralensiswebapp.co.uk/VirtualCasesApp/static/labels/placeholder.png',0,'FRCPath Default Group'),(252,'RI09','FA','2021-01-20','FA','2021-01-20',2,'media/uploads/frcpathp2surgicalcourse/RI9.svs',7008,'/var/www/vhosts/uralensiswebapp.co.uk/slides.uralensiswebapp.co.uk/VirtualCasesApp/static/labels/placeholder.png',0,'FRCPath Default Group'),(253,'RI11','FA','2021-01-20','FA','2021-01-20',2,'media/uploads/frcpathp2surgicalcourse/RI11.svs',7010,'/var/www/vhosts/uralensiswebapp.co.uk/slides.uralensiswebapp.co.uk/VirtualCasesApp/static/labels/placeholder.png',0,'FRCPath Default Group'),(254,'RI07','FA','2021-01-20','FA','2021-01-20',2,'media/uploads/frcpathp2surgicalcourse/RI7.svs',7006,'/var/www/vhosts/uralensiswebapp.co.uk/slides.uralensiswebapp.co.uk/VirtualCasesApp/static/labels/placeholder.png',0,'FRCPath Default Group'),(255,'RI08','FA','2021-01-20','FA','2021-01-20',2,'media/uploads/frcpathp2surgicalcourse/RI8.svs',7007,'/var/www/vhosts/uralensiswebapp.co.uk/slides.uralensiswebapp.co.uk/VirtualCasesApp/static/labels/placeholder.png',0,'FRCPath Default Group'),(256,'RI10','FA','2021-01-20','FA','2021-01-20',2,'media/uploads/frcpathp2surgicalcourse/RI10.svs',7009,'/var/www/vhosts/uralensiswebapp.co.uk/slides.uralensiswebapp.co.uk/VirtualCasesApp/static/labels/placeholder.png',0,'FRCPath Default Group'),(257,'RI12','FA','2021-01-20','FA','2021-01-20',2,'media/uploads/frcpathp2surgicalcourse/RI12.svs',7011,'/var/www/vhosts/uralensiswebapp.co.uk/slides.uralensiswebapp.co.uk/VirtualCasesApp/static/labels/placeholder.png',0,'FRCPath Default Group'),(258,'RN12','FA','2021-01-20','FA','2021-01-20',2,'media/uploads/frcpathp2surgicalcourse/SET6RN12.svs',522,'/var/www/vhosts/uralensiswebapp.co.uk/slides.uralensiswebapp.co.uk/VirtualCasesApp/static/labels/placeholder.png',0,'FRCPath Default Group'),(259,'RN09','FA','2021-01-20','FA','2021-01-20',2,'media/uploads/frcpathp2surgicalcourse/SET6RN9_y0ZvV7P.svs',521,'/var/www/vhosts/uralensiswebapp.co.uk/slides.uralensiswebapp.co.uk/VirtualCasesApp/static/labels/placeholder.png',0,'FRCPath Default Group'),(260,'RN11','FA','2021-01-20','FA','2021-01-20',2,'media/uploads/frcpathp2surgicalcourse/SET4RN11.svs',520,'/var/www/vhosts/uralensiswebapp.co.uk/slides.uralensiswebapp.co.uk/VirtualCasesApp/static/labels/placeholder.png',0,'FRCPath Default Group'),(261,'BP01','FA','2021-01-20','FA','2021-01-20',2,'media/uploads/frcpathp2surgicalcourse/BP1.svs',8000,'/var/www/vhosts/uralensiswebapp.co.uk/slides.uralensiswebapp.co.uk/VirtualCasesApp/static/labels/placeholder.png',0,'FRCPath Default Group'),(262,'BP02','FA','2021-01-20','FA','2021-01-20',2,'media/uploads/frcpathp2surgicalcourse/BP2.svs',8001,'/var/www/vhosts/uralensiswebapp.co.uk/slides.uralensiswebapp.co.uk/VirtualCasesApp/static/labels/placeholder.png',0,'FRCPath Default Group'),(263,'BP03','FA','2021-01-20','FA','2021-01-20',2,'media/uploads/frcpathp2surgicalcourse/BP3.svs',8002,'/var/www/vhosts/uralensiswebapp.co.uk/slides.uralensiswebapp.co.uk/VirtualCasesApp/static/labels/placeholder.png',0,'FRCPath Default Group'),(264,'BP05','FA','2021-01-20','FA','2021-01-20',2,'media/uploads/frcpathp2surgicalcourse/BP5.svs',8004,'/var/www/vhosts/uralensiswebapp.co.uk/slides.uralensiswebapp.co.uk/VirtualCasesApp/static/labels/placeholder.png',0,'FRCPath Default Group'),(265,'BP07','FA','2021-01-20','FA','2021-01-20',2,'media/uploads/frcpathp2surgicalcourse/BP7.svs',8006,'/var/www/vhosts/uralensiswebapp.co.uk/slides.uralensiswebapp.co.uk/VirtualCasesApp/static/labels/placeholder.png',0,'FRCPath Default Group'),(266,'BP06','FA','2021-01-20','FA','2021-01-20',2,'media/uploads/frcpathp2surgicalcourse/BP6.svs',8005,'/var/www/vhosts/uralensiswebapp.co.uk/slides.uralensiswebapp.co.uk/VirtualCasesApp/static/labels/placeholder.png',0,'FRCPath Default Group'),(267,'BP04','FA','2021-01-20','FA','2021-01-20',2,'media/uploads/frcpathp2surgicalcourse/BP4.svs',8003,'/var/www/vhosts/uralensiswebapp.co.uk/slides.uralensiswebapp.co.uk/VirtualCasesApp/static/labels/placeholder.png',0,'FRCPath Default Group'),(268,'BP09','FA','2021-01-20','FA','2021-01-20',2,'media/uploads/frcpathp2surgicalcourse/BP9.svs',8008,'/var/www/vhosts/uralensiswebapp.co.uk/slides.uralensiswebapp.co.uk/VirtualCasesApp/static/labels/placeholder.png',0,'FRCPath Default Group'),(269,'BP08','FA','2021-01-20','FA','2021-01-20',2,'media/uploads/frcpathp2surgicalcourse/BP8.svs',8007,'/var/www/vhosts/uralensiswebapp.co.uk/slides.uralensiswebapp.co.uk/VirtualCasesApp/static/labels/placeholder.png',0,'FRCPath Default Group'),(270,'BP10','FA','2021-01-20','FA','2021-01-20',2,'media/uploads/frcpathp2surgicalcourse/BP10.svs',786,'/var/www/vhosts/uralensiswebapp.co.uk/slides.uralensiswebapp.co.uk/VirtualCasesApp/static/labels/placeholder.png',0,'FRCPath Default Group'),(271,'BP12','FA','2021-01-20','FA','2021-01-20',2,'media/uploads/frcpathp2surgicalcourse/BP12.svs',8011,'/var/www/vhosts/uralensiswebapp.co.uk/slides.uralensiswebapp.co.uk/VirtualCasesApp/static/labels/placeholder.png',0,'FRCPath Default Group'),(272,'BP11','FA','2021-01-20','FA','2021-01-20',2,'media/uploads/frcpathp2surgicalcourse/BP11.svs',8010,'/var/www/vhosts/uralensiswebapp.co.uk/slides.uralensiswebapp.co.uk/VirtualCasesApp/static/labels/placeholder.png',0,'FRCPath Default Group'),(273,'BP14','FA','2021-01-20','FA','2021-01-20',2,'media/uploads/frcpathp2surgicalcourse/BP14.svs',8013,'/var/www/vhosts/uralensiswebapp.co.uk/slides.uralensiswebapp.co.uk/VirtualCasesApp/static/labels/placeholder.png',0,'FRCPath Default Group'),(274,'BP13','FA','2021-01-20','FA','2021-01-20',2,'media/uploads/frcpathp2surgicalcourse/BP13.svs',8012,'/var/www/vhosts/uralensiswebapp.co.uk/slides.uralensiswebapp.co.uk/VirtualCasesApp/static/labels/placeholder.png',0,'FRCPath Default Group'),(275,'BP15','FA','2021-01-20','FA','2021-01-20',2,'media/uploads/frcpathp2surgicalcourse/BP15.svs',8014,'/var/www/vhosts/uralensiswebapp.co.uk/slides.uralensiswebapp.co.uk/VirtualCasesApp/static/labels/placeholder.png',0,'FRCPath Default Group'),(276,'BP16','FA','2021-01-20','FA','2021-01-20',2,'media/uploads/frcpathp2surgicalcourse/BP16.svs',8015,'/var/www/vhosts/uralensiswebapp.co.uk/slides.uralensiswebapp.co.uk/VirtualCasesApp/static/labels/placeholder.png',0,'FRCPath Default Group'),(277,'BP17','FA','2021-01-20','FA','2021-01-20',2,'media/uploads/frcpathp2surgicalcourse/BP17.svs',8016,'/var/www/vhosts/uralensiswebapp.co.uk/slides.uralensiswebapp.co.uk/VirtualCasesApp/static/labels/placeholder.png',0,'FRCPath Default Group'),(278,'MP01','FA','2021-01-20','FA','2021-01-20',2,'media/uploads/frcpathp2surgicalcourse/MP1.svs',-10,'/var/www/vhosts/uralensiswebapp.co.uk/slides.uralensiswebapp.co.uk/VirtualCasesApp/static/labels/placeholder.png',0,'FRCPath Default Group'),(279,'HN19','FA','2021-01-20','FA','2021-01-20',2,'media/uploads/frcpathp2surgicalcourse/HN19.svs',224,'/var/www/vhosts/uralensiswebapp.co.uk/slides.uralensiswebapp.co.uk/VirtualCasesApp/static/labels/placeholder.png',0,'FRCPath Default Group'),(280,'MP03','FA','2021-01-20','FA','2021-01-20',2,'media/uploads/frcpathp2surgicalcourse/MP3.svs',-11,'/var/www/vhosts/uralensiswebapp.co.uk/slides.uralensiswebapp.co.uk/VirtualCasesApp/static/labels/placeholder.png',0,'FRCPath Default Group'),(281,'MP02','FA','2021-01-20','FA','2021-01-20',2,'media/uploads/frcpathp2surgicalcourse/MP2.svs',9001,'/var/www/vhosts/uralensiswebapp.co.uk/slides.uralensiswebapp.co.uk/VirtualCasesApp/static/labels/placeholder.png',0,'FRCPath Default Group'),(282,'GY06','FA','2021-01-20','FA','2021-01-20',2,'media/uploads/frcpathp2surgicalcourse/GY6.svs',9004,'/var/www/vhosts/uralensiswebapp.co.uk/slides.uralensiswebapp.co.uk/VirtualCasesApp/static/labels/placeholder.png',0,'FRCPath Default Group'),(283,'GY05','FA','2021-01-20','FA','2021-01-20',2,'media/uploads/frcpathp2surgicalcourse/GY5.svs',9003,'/var/www/vhosts/uralensiswebapp.co.uk/slides.uralensiswebapp.co.uk/VirtualCasesApp/static/labels/placeholder.png',0,'FRCPath Default Group'),(284,'GY07','FA','2021-01-20','FA','2021-01-20',2,'media/uploads/frcpathp2surgicalcourse/GY7.svs',9005,'/var/www/vhosts/uralensiswebapp.co.uk/slides.uralensiswebapp.co.uk/VirtualCasesApp/static/labels/placeholder.png',0,'FRCPath Default Group'),(285,'GY08','FA','2021-01-20','FA','2021-01-20',2,'media/uploads/frcpathp2surgicalcourse/GY8.svs',9006,'/var/www/vhosts/uralensiswebapp.co.uk/slides.uralensiswebapp.co.uk/VirtualCasesApp/static/labels/placeholder.png',0,'FRCPath Default Group'),(286,'GY09','FA','2021-01-20','FA','2021-01-20',2,'media/uploads/frcpathp2surgicalcourse/GY9.svs',9007,'/var/www/vhosts/uralensiswebapp.co.uk/slides.uralensiswebapp.co.uk/VirtualCasesApp/static/labels/placeholder.png',0,'FRCPath Default Group'),(287,'GY12','FA','2021-01-20','FA','2021-01-20',2,'media/uploads/frcpathp2surgicalcourse/GY12.svs',9010,'/var/www/vhosts/uralensiswebapp.co.uk/slides.uralensiswebapp.co.uk/VirtualCasesApp/static/labels/placeholder.png',0,'FRCPath Default Group'),(288,'GY13','FA','2021-01-20','FA','2021-01-20',2,'media/uploads/frcpathp2surgicalcourse/GY13.svs',9011,'/var/www/vhosts/uralensiswebapp.co.uk/slides.uralensiswebapp.co.uk/VirtualCasesApp/static/labels/placeholder.png',0,'FRCPath Default Group'),(289,'GY11','FA','2021-01-20','FA','2021-01-20',2,'media/uploads/frcpathp2surgicalcourse/GY11.svs',9009,'/var/www/vhosts/uralensiswebapp.co.uk/slides.uralensiswebapp.co.uk/VirtualCasesApp/static/labels/placeholder.png',0,'FRCPath Default Group'),(290,'GY10','FA','2021-01-20','FA','2021-01-20',2,'media/uploads/frcpathp2surgicalcourse/GY10.svs',9008,'/var/www/vhosts/uralensiswebapp.co.uk/slides.uralensiswebapp.co.uk/VirtualCasesApp/static/labels/placeholder.png',0,'FRCPath Default Group'),(291,'GY16','FA','2021-01-20','FA','2021-01-20',2,'media/uploads/frcpathp2surgicalcourse/GY16.svs',9014,'/var/www/vhosts/uralensiswebapp.co.uk/slides.uralensiswebapp.co.uk/VirtualCasesApp/static/labels/placeholder.png',0,'FRCPath Default Group'),(292,'GY17','FA','2021-01-20','FA','2021-01-20',2,'media/uploads/frcpathp2surgicalcourse/GY17.svs',9015,'/var/www/vhosts/uralensiswebapp.co.uk/slides.uralensiswebapp.co.uk/VirtualCasesApp/static/labels/placeholder.png',0,'FRCPath Default Group'),(293,'GY14','FA','2021-01-20','FA','2021-01-20',2,'media/uploads/frcpathp2surgicalcourse/GY14.svs',9012,'/var/www/vhosts/uralensiswebapp.co.uk/slides.uralensiswebapp.co.uk/VirtualCasesApp/static/labels/placeholder.png',0,'FRCPath Default Group'),(294,'GY15','FA','2021-01-20','FA','2021-01-20',2,'media/uploads/frcpathp2surgicalcourse/GY15.svs',9013,'/var/www/vhosts/uralensiswebapp.co.uk/slides.uralensiswebapp.co.uk/VirtualCasesApp/static/labels/placeholder.png',0,'FRCPath Default Group'),(295,'GY19','FA','2021-01-20','FA','2021-01-20',2,'media/uploads/frcpathp2surgicalcourse/GY19.svs',9017,'/var/www/vhosts/uralensiswebapp.co.uk/slides.uralensiswebapp.co.uk/VirtualCasesApp/static/labels/placeholder.png',0,'FRCPath Default Group'),(296,'GY20','FA','2021-01-20','FA','2021-01-20',2,'media/uploads/frcpathp2surgicalcourse/GY20.svs',9018,'/var/www/vhosts/uralensiswebapp.co.uk/slides.uralensiswebapp.co.uk/VirtualCasesApp/static/labels/placeholder.png',0,'FRCPath Default Group'),(297,'GY21','FA','2021-01-20','FA','2021-01-20',2,'media/uploads/frcpathp2surgicalcourse/GY21.svs',9019,'/var/www/vhosts/uralensiswebapp.co.uk/slides.uralensiswebapp.co.uk/VirtualCasesApp/static/labels/placeholder.png',0,'FRCPath Default Group'),(298,'GY18','FA','2021-01-20','FA','2021-01-20',2,'media/uploads/frcpathp2surgicalcourse/GY18.svs',9016,'/var/www/vhosts/uralensiswebapp.co.uk/slides.uralensiswebapp.co.uk/VirtualCasesApp/static/labels/placeholder.png',0,'FRCPath Default Group'),(299,'GY24','FA','2021-01-20','FA','2021-01-20',2,'media/uploads/frcpathp2surgicalcourse/GY24.svs',9022,'/var/www/vhosts/uralensiswebapp.co.uk/slides.uralensiswebapp.co.uk/VirtualCasesApp/static/labels/placeholder.png',0,'FRCPath Default Group'),(300,'GY22','FA','2021-01-20','FA','2021-01-20',2,'media/uploads/frcpathp2surgicalcourse/GY22.svs',9020,'/var/www/vhosts/uralensiswebapp.co.uk/slides.uralensiswebapp.co.uk/VirtualCasesApp/static/labels/placeholder.png',0,'FRCPath Default Group'),(301,'GY27','FA','2021-01-20','FA','2021-01-20',2,'media/uploads/frcpathp2surgicalcourse/GY27.svs',9025,'/var/www/vhosts/uralensiswebapp.co.uk/slides.uralensiswebapp.co.uk/VirtualCasesApp/static/labels/placeholder.png',0,'FRCPath Default Group'),(302,'GY28','FA','2021-01-20','FA','2021-01-20',2,'media/uploads/frcpathp2surgicalcourse/GY28.svs',9026,'/var/www/vhosts/uralensiswebapp.co.uk/slides.uralensiswebapp.co.uk/VirtualCasesApp/static/labels/placeholder.png',0,'FRCPath Default Group'),(303,'GY30','FA','2021-01-20','FA','2021-01-20',2,'media/uploads/frcpathp2surgicalcourse/GY30.svs',9028,'/var/www/vhosts/uralensiswebapp.co.uk/slides.uralensiswebapp.co.uk/VirtualCasesApp/static/labels/placeholder.png',0,'FRCPath Default Group'),(304,'GY23','FA','2021-01-20','FA','2021-01-20',2,'media/uploads/frcpathp2surgicalcourse/GY23.svs',9021,'/var/www/vhosts/uralensiswebapp.co.uk/slides.uralensiswebapp.co.uk/VirtualCasesApp/static/labels/placeholder.png',0,'FRCPath Default Group'),(305,'GY25','FA','2021-01-20','FA','2021-01-20',2,'media/uploads/frcpathp2surgicalcourse/GY25.svs',9023,'/var/www/vhosts/uralensiswebapp.co.uk/slides.uralensiswebapp.co.uk/VirtualCasesApp/static/labels/placeholder.png',0,'FRCPath Default Group'),(306,'GY26','FA','2021-01-20','FA','2021-01-20',2,'media/uploads/frcpathp2surgicalcourse/GY26.svs',9024,'/var/www/vhosts/uralensiswebapp.co.uk/slides.uralensiswebapp.co.uk/VirtualCasesApp/static/labels/placeholder.png',0,'FRCPath Default Group'),(307,'GY29','FA','2021-01-20','FA','2021-01-20',2,'media/uploads/frcpathp2surgicalcourse/GY29.svs',9027,'/var/www/vhosts/uralensiswebapp.co.uk/slides.uralensiswebapp.co.uk/VirtualCasesApp/static/labels/placeholder.png',0,'FRCPath Default Group'),(308,'UR03','FA','2021-01-21','FA','2021-01-21',2,'media/uploads/frcpathp2surgicalcourse/CASE3.svs',9031,'/var/www/vhosts/uralensiswebapp.co.uk/slides.uralensiswebapp.co.uk/VirtualCasesApp/static/labels/placeholder.png',0,'FRCPath Default Group'),(309,'UR02','FA','2021-01-21','FA','2021-01-21',2,'media/uploads/frcpathp2surgicalcourse/CASE2.svs',9030,'/var/www/vhosts/uralensiswebapp.co.uk/slides.uralensiswebapp.co.uk/VirtualCasesApp/static/labels/placeholder.png',0,'FRCPath Default Group'),(310,'UR01','FA','2021-01-21','FA','2021-01-21',2,'media/uploads/frcpathp2surgicalcourse/CASE1.svs',9029,'/var/www/vhosts/uralensiswebapp.co.uk/slides.uralensiswebapp.co.uk/VirtualCasesApp/static/labels/placeholder.png',0,'FRCPath Default Group'),(311,'UR05','FA','2021-01-21','FA','2021-01-21',2,'media/uploads/frcpathp2surgicalcourse/CASE5.svs',9033,'/var/www/vhosts/uralensiswebapp.co.uk/slides.uralensiswebapp.co.uk/VirtualCasesApp/static/labels/placeholder.png',0,'FRCPath Default Group'),(312,'UR04','FA','2021-01-21','FA','2021-01-21',2,'media/uploads/frcpathp2surgicalcourse/CASE4.svs',9032,'/var/www/vhosts/uralensiswebapp.co.uk/slides.uralensiswebapp.co.uk/VirtualCasesApp/static/labels/placeholder.png',0,'FRCPath Default Group'),(313,'UR5_9-1-2021_15-54-56','FA','2021-01-21','FA','2021-01-21',2,'media/uploads/frcpathp2surgicalcourse/CASE5_9-1-2021_15-54-56.svs',9034,'/var/www/vhosts/uralensiswebapp.co.uk/slides.uralensiswebapp.co.uk/VirtualCasesApp/static/labels/placeholder.png',0,'FRCPath Default Group'),(314,'UR08','FA','2021-01-21','FA','2021-01-21',2,'media/uploads/frcpathp2surgicalcourse/CASE8.svs',9035,'/var/www/vhosts/uralensiswebapp.co.uk/slides.uralensiswebapp.co.uk/VirtualCasesApp/static/labels/placeholder.png',0,'FRCPath Default Group'),(315,'UR09','FA','2021-01-21','FA','2021-01-21',2,'media/uploads/frcpathp2surgicalcourse/CASE9.svs',9036,'/var/www/vhosts/uralensiswebapp.co.uk/slides.uralensiswebapp.co.uk/VirtualCasesApp/static/labels/placeholder.png',0,'FRCPath Default Group'),(316,'UR11','FA','2021-01-21','FA','2021-01-21',2,'media/uploads/frcpathp2surgicalcourse/CASE11.svs',9039,'/var/www/vhosts/uralensiswebapp.co.uk/slides.uralensiswebapp.co.uk/VirtualCasesApp/static/labels/placeholder.png',0,'FRCPath Default Group'),(317,'UR10_9-1-2021_16-09-21','FA','2021-01-21','FA','2021-01-21',2,'media/uploads/frcpathp2surgicalcourse/CASE10_9-1-2021_16-09-21.svs',9038,'/var/www/vhosts/uralensiswebapp.co.uk/slides.uralensiswebapp.co.uk/VirtualCasesApp/static/labels/placeholder.png',0,'FRCPath Default Group'),(318,'UR13','FA','2021-01-21','FA','2021-01-21',2,'media/uploads/frcpathp2surgicalcourse/CASE13.svs',9041,'/var/www/vhosts/uralensiswebapp.co.uk/slides.uralensiswebapp.co.uk/VirtualCasesApp/static/labels/placeholder.png',0,'FRCPath Default Group'),(319,'UR10','FA','2021-01-21','FA','2021-01-21',2,'media/uploads/frcpathp2surgicalcourse/CASE10.svs',9037,'/var/www/vhosts/uralensiswebapp.co.uk/slides.uralensiswebapp.co.uk/VirtualCasesApp/static/labels/placeholder.png',0,'FRCPath Default Group'),(320,'UR12','FA','2021-01-21','FA','2021-01-21',2,'media/uploads/frcpathp2surgicalcourse/CASE12.svs',9040,'/var/www/vhosts/uralensiswebapp.co.uk/slides.uralensiswebapp.co.uk/VirtualCasesApp/static/labels/placeholder.png',0,'FRCPath Default Group'),(321,'UR16','FA','2021-01-21','FA','2021-01-21',2,'media/uploads/frcpathp2surgicalcourse/CASE16.svs',9044,'/var/www/vhosts/uralensiswebapp.co.uk/slides.uralensiswebapp.co.uk/VirtualCasesApp/static/labels/placeholder.png',0,'FRCPath Default Group'),(322,'UR14','FA','2021-01-21','FA','2021-01-21',2,'media/uploads/frcpathp2surgicalcourse/CASE14.svs',9042,'/var/www/vhosts/uralensiswebapp.co.uk/slides.uralensiswebapp.co.uk/VirtualCasesApp/static/labels/placeholder.png',0,'FRCPath Default Group'),(323,'UR15','FA','2021-01-21','FA','2021-01-21',2,'media/uploads/frcpathp2surgicalcourse/CASE15.svs',9043,'/var/www/vhosts/uralensiswebapp.co.uk/slides.uralensiswebapp.co.uk/VirtualCasesApp/static/labels/placeholder.png',0,'FRCPath Default Group'),(324,'UR18','FA','2021-01-21','FA','2021-01-21',2,'media/uploads/frcpathp2surgicalcourse/CASE18.svs',9046,'/var/www/vhosts/uralensiswebapp.co.uk/slides.uralensiswebapp.co.uk/VirtualCasesApp/static/labels/placeholder.png',0,'FRCPath Default Group'),(325,'UR17','FA','2021-01-21','FA','2021-01-21',2,'media/uploads/frcpathp2surgicalcourse/CASE17.svs',9045,'/var/www/vhosts/uralensiswebapp.co.uk/slides.uralensiswebapp.co.uk/VirtualCasesApp/static/labels/placeholder.png',0,'FRCPath Default Group'),(326,'UR24','FA','2021-01-21','FA','2021-01-21',2,'media/uploads/frcpathp2surgicalcourse/CASE24.svs',9052,'/var/www/vhosts/uralensiswebapp.co.uk/slides.uralensiswebapp.co.uk/VirtualCasesApp/static/labels/placeholder.png',0,'FRCPath Default Group'),(327,'UR19','FA','2021-01-21','FA','2021-01-21',2,'media/uploads/frcpathp2surgicalcourse/CASE19.svs',9047,'/var/www/vhosts/uralensiswebapp.co.uk/slides.uralensiswebapp.co.uk/VirtualCasesApp/static/labels/placeholder.png',0,'FRCPath Default Group'),(328,'UR21','FA','2021-01-21','FA','2021-01-21',2,'media/uploads/frcpathp2surgicalcourse/CASE21.svs',9049,'/var/www/vhosts/uralensiswebapp.co.uk/slides.uralensiswebapp.co.uk/VirtualCasesApp/static/labels/placeholder.png',0,'FRCPath Default Group'),(329,'UR20','FA','2021-01-21','FA','2021-01-21',2,'media/uploads/frcpathp2surgicalcourse/CASE20.svs',9048,'/var/www/vhosts/uralensiswebapp.co.uk/slides.uralensiswebapp.co.uk/VirtualCasesApp/static/labels/placeholder.png',0,'FRCPath Default Group'),(330,'UR25','FA','2021-01-21','FA','2021-01-21',2,'media/uploads/frcpathp2surgicalcourse/CASE25.svs',9053,'/var/www/vhosts/uralensiswebapp.co.uk/slides.uralensiswebapp.co.uk/VirtualCasesApp/static/labels/placeholder.png',0,'FRCPath Default Group'),(331,'UR22','FA','2021-01-21','FA','2021-01-21',2,'media/uploads/frcpathp2surgicalcourse/CASE22.svs',9050,'/var/www/vhosts/uralensiswebapp.co.uk/slides.uralensiswebapp.co.uk/VirtualCasesApp/static/labels/placeholder.png',0,'FRCPath Default Group'),(332,'UR28','FA','2021-01-21','FA','2021-01-21',2,'media/uploads/frcpathp2surgicalcourse/CASE28.svs',9058,'/var/www/vhosts/uralensiswebapp.co.uk/slides.uralensiswebapp.co.uk/VirtualCasesApp/static/labels/placeholder.png',0,'FRCPath Default Group'),(333,'UR23','FA','2021-01-21','FA','2021-01-21',2,'media/uploads/frcpathp2surgicalcourse/CASE23.svs',9051,'/var/www/vhosts/uralensiswebapp.co.uk/slides.uralensiswebapp.co.uk/VirtualCasesApp/static/labels/placeholder.png',0,'FRCPath Default Group'),(334,'UR26C','FA','2021-01-21','FA','2021-01-21',2,'media/uploads/frcpathp2surgicalcourse/CASE26C.svs',9056,'/var/www/vhosts/uralensiswebapp.co.uk/slides.uralensiswebapp.co.uk/VirtualCasesApp/static/labels/placeholder.png',0,'FRCPath Default Group'),(335,'UR26A','FA','2021-01-21','FA','2021-01-21',2,'media/uploads/frcpathp2surgicalcourse/CASE26A.svs',9054,'/var/www/vhosts/uralensiswebapp.co.uk/slides.uralensiswebapp.co.uk/VirtualCasesApp/static/labels/placeholder.png',0,'FRCPath Default Group'),(336,'UR26B','FA','2021-01-21','FA','2021-01-21',2,'media/uploads/frcpathp2surgicalcourse/CASE26B.svs',9055,'/var/www/vhosts/uralensiswebapp.co.uk/slides.uralensiswebapp.co.uk/VirtualCasesApp/static/labels/placeholder.png',0,'FRCPath Default Group'),(337,'UR30','FA','2021-01-21','FA','2021-01-21',2,'media/uploads/frcpathp2surgicalcourse/CASE30.svs',9060,'/var/www/vhosts/uralensiswebapp.co.uk/slides.uralensiswebapp.co.uk/VirtualCasesApp/static/labels/placeholder.png',0,'FRCPath Default Group'),(338,'UR27','FA','2021-01-21','FA','2021-01-21',2,'media/uploads/frcpathp2surgicalcourse/CASE27.svs',9057,'/var/www/vhosts/uralensiswebapp.co.uk/slides.uralensiswebapp.co.uk/VirtualCasesApp/static/labels/placeholder.png',0,'FRCPath Default Group'),(339,'UR29','FA','2021-01-21','FA','2021-01-21',2,'media/uploads/frcpathp2surgicalcourse/CASE29.svs',9059,'/var/www/vhosts/uralensiswebapp.co.uk/slides.uralensiswebapp.co.uk/VirtualCasesApp/static/labels/placeholder.png',0,'FRCPath Default Group'),(340,'HN04','FA','2021-01-22','FA','2021-01-22',2,'media/uploads/frcpathp2surgicalcourse/HN4.svs',232,'/var/www/vhosts/uralensiswebapp.co.uk/slides.uralensiswebapp.co.uk/VirtualCasesApp/static/labels/placeholder.png',0,'FRCPath Default Group'),(341,'HN05','FA','2021-01-22','FA','2021-01-22',2,'media/uploads/frcpathp2surgicalcourse/HN5.svs',233,'/var/www/vhosts/uralensiswebapp.co.uk/slides.uralensiswebapp.co.uk/VirtualCasesApp/static/labels/placeholder.png',0,'FRCPath Default Group'),(342,'HN03','FA','2021-01-22','FA','2021-01-22',2,'media/uploads/frcpathp2surgicalcourse/HN3.svs',231,'/var/www/vhosts/uralensiswebapp.co.uk/slides.uralensiswebapp.co.uk/VirtualCasesApp/static/labels/placeholder.png',0,'FRCPath Default Group'),(343,'HN07','FA','2021-01-22','FA','2021-01-22',2,'media/uploads/frcpathp2surgicalcourse/HN7.svs',235,'/var/www/vhosts/uralensiswebapp.co.uk/slides.uralensiswebapp.co.uk/VirtualCasesApp/static/labels/placeholder.png',0,'FRCPath Default Group'),(344,'HN09','FA','2021-01-22','FA','2021-01-22',2,'media/uploads/frcpathp2surgicalcourse/HN9.svs',237,'/var/www/vhosts/uralensiswebapp.co.uk/slides.uralensiswebapp.co.uk/VirtualCasesApp/static/labels/placeholder.png',0,'FRCPath Default Group'),(345,'HN11','FA','2021-01-22','FA','2021-01-22',2,'media/uploads/frcpathp2surgicalcourse/HN11.svs',239,'/var/www/vhosts/uralensiswebapp.co.uk/slides.uralensiswebapp.co.uk/VirtualCasesApp/static/labels/placeholder.png',0,'FRCPath Default Group'),(346,'HN06','FA','2021-01-22','FA','2021-01-22',2,'media/uploads/frcpathp2surgicalcourse/HN6.svs',234,'/var/www/vhosts/uralensiswebapp.co.uk/slides.uralensiswebapp.co.uk/VirtualCasesApp/static/labels/placeholder.png',0,'FRCPath Default Group'),(347,'HN02','FA','2021-01-22','FA','2021-01-22',2,'media/uploads/frcpathp2surgicalcourse/HN2.svs',230,'/var/www/vhosts/uralensiswebapp.co.uk/slides.uralensiswebapp.co.uk/VirtualCasesApp/static/labels/placeholder.png',0,'FRCPath Default Group'),(348,'HN08','FA','2021-01-22','FA','2021-01-22',2,'media/uploads/frcpathp2surgicalcourse/HN8.svs',236,'/var/www/vhosts/uralensiswebapp.co.uk/slides.uralensiswebapp.co.uk/VirtualCasesApp/static/labels/placeholder.png',0,'FRCPath Default Group'),(349,'HN10','FA','2021-01-22','FA','2021-01-22',2,'media/uploads/frcpathp2surgicalcourse/HN10.svs',238,'/var/www/vhosts/uralensiswebapp.co.uk/slides.uralensiswebapp.co.uk/VirtualCasesApp/static/labels/placeholder.png',0,'FRCPath Default Group'),(350,'HN15','FA','2021-01-22','FA','2021-01-22',2,'media/uploads/frcpathp2surgicalcourse/HN15.svs',243,'/var/www/vhosts/uralensiswebapp.co.uk/slides.uralensiswebapp.co.uk/VirtualCasesApp/static/labels/placeholder.png',0,'FRCPath Default Group'),(351,'HN16','FA','2021-01-22','FA','2021-01-22',2,'media/uploads/frcpathp2surgicalcourse/HN16.svs',244,'/var/www/vhosts/uralensiswebapp.co.uk/slides.uralensiswebapp.co.uk/VirtualCasesApp/static/labels/placeholder.png',0,'FRCPath Default Group'),(352,'HN17','FA','2021-01-22','FA','2021-01-22',2,'media/uploads/frcpathp2surgicalcourse/HN17.svs',245,'/var/www/vhosts/uralensiswebapp.co.uk/slides.uralensiswebapp.co.uk/VirtualCasesApp/static/labels/placeholder.png',0,'FRCPath Default Group'),(353,'HN12','FA','2021-01-22','FA','2021-01-22',2,'media/uploads/frcpathp2surgicalcourse/HN12.svs',240,'/var/www/vhosts/uralensiswebapp.co.uk/slides.uralensiswebapp.co.uk/VirtualCasesApp/static/labels/placeholder.png',0,'FRCPath Default Group'),(354,'HN14','FA','2021-01-22','FA','2021-01-22',2,'media/uploads/frcpathp2surgicalcourse/HN14.svs',242,'/var/www/vhosts/uralensiswebapp.co.uk/slides.uralensiswebapp.co.uk/VirtualCasesApp/static/labels/placeholder.png',0,'FRCPath Default Group'),(355,'HN18','FA','2021-01-22','FA','2021-01-22',2,'media/uploads/frcpathp2surgicalcourse/HN18.svs',246,'/var/www/vhosts/uralensiswebapp.co.uk/slides.uralensiswebapp.co.uk/VirtualCasesApp/static/labels/placeholder.png',0,'FRCPath Default Group'),(356,'HN13','FA','2021-01-22','FA','2021-01-22',2,'media/uploads/frcpathp2surgicalcourse/HN13.svs',241,'/var/www/vhosts/uralensiswebapp.co.uk/slides.uralensiswebapp.co.uk/VirtualCasesApp/static/labels/placeholder.png',0,'FRCPath Default Group'),(357,'HN21','FA','2021-01-22','FA','2021-01-22',2,'media/uploads/frcpathp2surgicalcourse/HN21.svs',248,'/var/www/vhosts/uralensiswebapp.co.uk/slides.uralensiswebapp.co.uk/VirtualCasesApp/static/labels/placeholder.png',0,'FRCPath Default Group'),(358,'HN20','FA','2021-01-22','FA','2021-01-22',2,'media/uploads/frcpathp2surgicalcourse/HN20.svs',247,'/var/www/vhosts/uralensiswebapp.co.uk/slides.uralensiswebapp.co.uk/VirtualCasesApp/static/labels/placeholder.png',0,'FRCPath Default Group'),(359,'LYMPHO21','FA','2021-01-22','FA','2021-01-22',2,'media/uploads/frcpathp2surgicalcourse/LYMPHO21.svs',249,'/var/www/vhosts/uralensiswebapp.co.uk/slides.uralensiswebapp.co.uk/VirtualCasesApp/static/labels/placeholder.png',0,'FRCPath Default Group'),(361,'LR02','FA','2021-01-22','FA','2021-01-22',2,'media/uploads/frcpathp2surgicalcourse/SET5LR2.svs',1101,'/var/www/vhosts/uralensiswebapp.co.uk/slides.uralensiswebapp.co.uk/VirtualCasesApp/static/labels/placeholder.png',0,'FRCPath Default Group'),(362,'LR03','FA','2021-01-22','FA','2021-01-22',2,'media/uploads/frcpathp2surgicalcourse/SET5LR3.svs',1102,'/var/www/vhosts/uralensiswebapp.co.uk/slides.uralensiswebapp.co.uk/VirtualCasesApp/static/labels/placeholder.png',0,'FRCPath Default Group'),(363,'LR06','FA','2021-01-22','FA','2021-01-22',2,'media/uploads/frcpathp2surgicalcourse/SET5LR6.svs',1105,'/var/www/vhosts/uralensiswebapp.co.uk/slides.uralensiswebapp.co.uk/VirtualCasesApp/static/labels/placeholder.png',0,'FRCPath Default Group'),(364,'LR05','FA','2021-01-22','FA','2021-01-22',2,'media/uploads/frcpathp2surgicalcourse/SET5LR5.svs',1104,'/var/www/vhosts/uralensiswebapp.co.uk/slides.uralensiswebapp.co.uk/VirtualCasesApp/static/labels/placeholder.png',0,'FRCPath Default Group'),(365,'LR04','FA','2021-01-22','FA','2021-01-22',2,'media/uploads/frcpathp2surgicalcourse/SET5LR4.svs',1103,'/var/www/vhosts/uralensiswebapp.co.uk/slides.uralensiswebapp.co.uk/VirtualCasesApp/static/labels/placeholder.png',0,'FRCPath Default Group'),(366,'LR15','FA','2021-01-22','FA','2021-01-22',2,'media/uploads/frcpathp2surgicalcourse/SET5LR15.svs',1107,'/var/www/vhosts/uralensiswebapp.co.uk/slides.uralensiswebapp.co.uk/VirtualCasesApp/static/labels/placeholder.png',0,'FRCPath Default Group'),(367,'LR18','FA','2021-01-22','FA','2021-01-22',2,'media/uploads/frcpathp2surgicalcourse/SET5LR18.svs',1110,'/var/www/vhosts/uralensiswebapp.co.uk/slides.uralensiswebapp.co.uk/VirtualCasesApp/static/labels/placeholder.png',0,'FRCPath Default Group'),(368,'LR17','FA','2021-01-22','FA','2021-01-22',2,'media/uploads/frcpathp2surgicalcourse/SET5LR17.svs',1109,'/var/www/vhosts/uralensiswebapp.co.uk/slides.uralensiswebapp.co.uk/VirtualCasesApp/static/labels/placeholder.png',0,'FRCPath Default Group'),(369,'LR01','FA','2021-01-22','FA','2021-01-22',2,'media/uploads/frcpathp2surgicalcourse/SET5LR1.svs',1100,'/var/www/vhosts/uralensiswebapp.co.uk/slides.uralensiswebapp.co.uk/VirtualCasesApp/static/labels/placeholder.png',0,'FRCPath Default Group'),(370,'LR16','FA','2021-01-22','FA','2021-01-22',2,'media/uploads/frcpathp2surgicalcourse/SET5LR16.svs',1108,'/var/www/vhosts/uralensiswebapp.co.uk/slides.uralensiswebapp.co.uk/VirtualCasesApp/static/labels/placeholder.png',0,'FRCPath Default Group'),(371,'LR10','FA','2021-01-22','FA','2021-01-22',2,'media/uploads/frcpathp2surgicalcourse/SET5LR10.svs',1106,'/var/www/vhosts/uralensiswebapp.co.uk/slides.uralensiswebapp.co.uk/VirtualCasesApp/static/labels/placeholder.png',0,'FRCPath Default Group'),(372,'LR19','FA','2021-01-22','FA','2021-01-22',2,'media/uploads/frcpathp2surgicalcourse/SET5LR19.svs',1111,'/var/www/vhosts/uralensiswebapp.co.uk/slides.uralensiswebapp.co.uk/VirtualCasesApp/static/labels/placeholder.png',0,'FRCPath Default Group'),(373,'LR09','FA','2021-01-22','FA','2021-01-22',2,'media/uploads/frcpathp2surgicalcourse/SET5R9.svs',1113,'/var/www/vhosts/uralensiswebapp.co.uk/slides.uralensiswebapp.co.uk/VirtualCasesApp/static/labels/placeholder.png',0,'FRCPath Default Group'),(374,'LR20','FA','2021-01-22','FA','2021-01-22',2,'media/uploads/frcpathp2surgicalcourse/SET5LR20.svs',1112,'/var/www/vhosts/uralensiswebapp.co.uk/slides.uralensiswebapp.co.uk/VirtualCasesApp/static/labels/placeholder.png',0,'FRCPath Default Group'),(375,'LR08','FA','2021-01-22','FA','2021-01-22',2,'media/uploads/frcpathp2surgicalcourse/SET6LR8.svs',1115,'/var/www/vhosts/uralensiswebapp.co.uk/slides.uralensiswebapp.co.uk/VirtualCasesApp/static/labels/placeholder.png',0,'FRCPath Default Group'),(376,'LR07','FA','2021-01-22','FA','2021-01-22',2,'media/uploads/frcpathp2surgicalcourse/SET6LR7.svs',1114,'/var/www/vhosts/uralensiswebapp.co.uk/slides.uralensiswebapp.co.uk/VirtualCasesApp/static/labels/placeholder.png',0,'FRCPath Default Group'),(377,'LR14','FA','2021-01-22','FA','2021-01-22',2,'media/uploads/frcpathp2surgicalcourse/SET6LR14.svs',1118,'/var/www/vhosts/uralensiswebapp.co.uk/slides.uralensiswebapp.co.uk/VirtualCasesApp/static/labels/placeholder.png',0,'FRCPath Default Group'),(378,'EX01','FA','2021-01-22','FA','2021-01-22',2,'media/uploads/frcpathp2surgicalcourse/EX1.svs',1200,'/var/www/vhosts/uralensiswebapp.co.uk/slides.uralensiswebapp.co.uk/VirtualCasesApp/static/labels/placeholder.png',0,'FRCPath Default Group'),(379,'EX06','FA','2021-01-22','FA','2021-01-22',2,'media/uploads/frcpathp2surgicalcourse/EX6.svs',1205,'/var/www/vhosts/uralensiswebapp.co.uk/slides.uralensiswebapp.co.uk/VirtualCasesApp/static/labels/placeholder.png',0,'FRCPath Default Group'),(380,'EX03','FA','2021-01-22','FA','2021-01-22',2,'media/uploads/frcpathp2surgicalcourse/EX3.svs',1202,'/var/www/vhosts/uralensiswebapp.co.uk/slides.uralensiswebapp.co.uk/VirtualCasesApp/static/labels/placeholder.png',0,'FRCPath Default Group'),(381,'EX08','FA','2021-01-22','FA','2021-01-22',2,'media/uploads/frcpathp2surgicalcourse/EX8.svs',1207,'/var/www/vhosts/uralensiswebapp.co.uk/slides.uralensiswebapp.co.uk/VirtualCasesApp/static/labels/placeholder.png',0,'FRCPath Default Group'),(382,'EX04','FA','2021-01-22','FA','2021-01-22',2,'media/uploads/frcpathp2surgicalcourse/EX4.svs',1203,'/var/www/vhosts/uralensiswebapp.co.uk/slides.uralensiswebapp.co.uk/VirtualCasesApp/static/labels/placeholder.png',0,'FRCPath Default Group'),(383,'EX02','FA','2021-01-22','FA','2021-01-22',2,'media/uploads/frcpathp2surgicalcourse/EX2.svs',1201,'/var/www/vhosts/uralensiswebapp.co.uk/slides.uralensiswebapp.co.uk/VirtualCasesApp/static/labels/placeholder.png',0,'FRCPath Default Group'),(384,'EX11','FA','2021-01-22','FA','2021-01-22',2,'media/uploads/frcpathp2surgicalcourse/EX11.svs',1210,'/var/www/vhosts/uralensiswebapp.co.uk/slides.uralensiswebapp.co.uk/VirtualCasesApp/static/labels/placeholder.png',0,'FRCPath Default Group'),(385,'EX07','FA','2021-01-22','FA','2021-01-22',2,'media/uploads/frcpathp2surgicalcourse/EX7.svs',1206,'/var/www/vhosts/uralensiswebapp.co.uk/slides.uralensiswebapp.co.uk/VirtualCasesApp/static/labels/placeholder.png',0,'FRCPath Default Group'),(386,'EX05','FA','2021-01-22','FA','2021-01-22',2,'media/uploads/frcpathp2surgicalcourse/EX5.svs',1204,'/var/www/vhosts/uralensiswebapp.co.uk/slides.uralensiswebapp.co.uk/VirtualCasesApp/static/labels/placeholder.png',0,'FRCPath Default Group'),(387,'EX10','FA','2021-01-22','FA','2021-01-22',2,'media/uploads/frcpathp2surgicalcourse/EX10.svs',1209,'/var/www/vhosts/uralensiswebapp.co.uk/slides.uralensiswebapp.co.uk/VirtualCasesApp/static/labels/placeholder.png',0,'FRCPath Default Group'),(388,'EX12','FA','2021-01-22','FA','2021-01-22',2,'media/uploads/frcpathp2surgicalcourse/EX12.svs',1211,'/var/www/vhosts/uralensiswebapp.co.uk/slides.uralensiswebapp.co.uk/VirtualCasesApp/static/labels/placeholder.png',0,'FRCPath Default Group'),(389,'EX09','FA','2021-01-22','FA','2021-01-22',2,'media/uploads/frcpathp2surgicalcourse/EX9.svs',1208,'/var/www/vhosts/uralensiswebapp.co.uk/slides.uralensiswebapp.co.uk/VirtualCasesApp/static/labels/placeholder.png',0,'FRCPath Default Group'),(390,'EX16','FA','2021-01-22','FA','2021-01-22',2,'media/uploads/frcpathp2surgicalcourse/EX16.svs',1215,'/var/www/vhosts/uralensiswebapp.co.uk/slides.uralensiswebapp.co.uk/VirtualCasesApp/static/labels/placeholder.png',0,'FRCPath Default Group'),(391,'EX13','FA','2021-01-22','FA','2021-01-22',2,'media/uploads/frcpathp2surgicalcourse/EX13.svs',1212,'/var/www/vhosts/uralensiswebapp.co.uk/slides.uralensiswebapp.co.uk/VirtualCasesApp/static/labels/placeholder.png',0,'FRCPath Default Group'),(392,'LGT17','FA','2021-01-22','FA','2021-01-22',2,'media/uploads/frcpathp2surgicalcourse/LGT17.svs',1300,'/var/www/vhosts/uralensiswebapp.co.uk/slides.uralensiswebapp.co.uk/VirtualCasesApp/static/labels/placeholder.png',0,'FRCPath Default Group'),(393,'EX14','FA','2021-01-22','FA','2021-01-22',2,'media/uploads/frcpathp2surgicalcourse/EX14.svs',1213,'/var/www/vhosts/uralensiswebapp.co.uk/slides.uralensiswebapp.co.uk/VirtualCasesApp/static/labels/placeholder.png',0,'FRCPath Default Group'),(394,'EX15','FA','2021-01-22','FA','2021-01-22',2,'media/uploads/frcpathp2surgicalcourse/EX15.svs',1214,'/var/www/vhosts/uralensiswebapp.co.uk/slides.uralensiswebapp.co.uk/VirtualCasesApp/static/labels/placeholder.png',0,'FRCPath Default Group'),(395,'LGT19','FA','2021-01-22','FA','2021-01-22',2,'media/uploads/frcpathp2surgicalcourse/LGT19.svs',1302,'/var/www/vhosts/uralensiswebapp.co.uk/slides.uralensiswebapp.co.uk/VirtualCasesApp/static/labels/placeholder.png',0,'FRCPath Default Group'),(396,'LGT20','FA','2021-01-22','FA','2021-01-22',2,'media/uploads/frcpathp2surgicalcourse/LGT20.svs',1303,'/var/www/vhosts/uralensiswebapp.co.uk/slides.uralensiswebapp.co.uk/VirtualCasesApp/static/labels/placeholder.png',0,'FRCPath Default Group'),(397,'LGT18','FA','2021-01-22','FA','2021-01-22',2,'media/uploads/frcpathp2surgicalcourse/LGT18.svs',1301,'/var/www/vhosts/uralensiswebapp.co.uk/slides.uralensiswebapp.co.uk/VirtualCasesApp/static/labels/placeholder.png',0,'FRCPath Default Group'),(398,'LGT02','FA','2021-01-23','FA','2021-01-23',2,'media/uploads/frcpathp2surgicalcourse/LGT2.svs',1402,'/var/www/vhosts/uralensiswebapp.co.uk/slides.uralensiswebapp.co.uk/VirtualCasesApp/static/labels/placeholder.png',0,'FRCPath Default Group'),(399,'LGT07','FA','2021-01-23','FA','2021-01-23',2,'media/uploads/frcpathp2surgicalcourse/LGT7.svs',1406,'/var/www/vhosts/uralensiswebapp.co.uk/slides.uralensiswebapp.co.uk/VirtualCasesApp/static/labels/placeholder.png',0,'FRCPath Default Group'),(400,'LGT06','FA','2021-01-23','FA','2021-01-23',2,'media/uploads/frcpathp2surgicalcourse/LGT6.svs',1405,'/var/www/vhosts/uralensiswebapp.co.uk/slides.uralensiswebapp.co.uk/VirtualCasesApp/static/labels/placeholder.png',0,'FRCPath Default Group'),(401,'LGT09','FA','2021-01-23','FA','2021-01-23',2,'media/uploads/frcpathp2surgicalcourse/LGT9.svs',1408,'/var/www/vhosts/uralensiswebapp.co.uk/slides.uralensiswebapp.co.uk/VirtualCasesApp/static/labels/placeholder.png',0,'FRCPath Default Group'),(402,'LGT08','FA','2021-01-23','FA','2021-01-23',2,'media/uploads/frcpathp2surgicalcourse/LGT8.svs',1407,'/var/www/vhosts/uralensiswebapp.co.uk/slides.uralensiswebapp.co.uk/VirtualCasesApp/static/labels/placeholder.png',0,'FRCPath Default Group'),(403,'LGT10','FA','2021-01-23','FA','2021-01-23',2,'media/uploads/frcpathp2surgicalcourse/LGT10.svs',1409,'/var/www/vhosts/uralensiswebapp.co.uk/slides.uralensiswebapp.co.uk/VirtualCasesApp/static/labels/placeholder.png',0,'FRCPath Default Group'),(404,'LGT11','FA','2021-01-23','FA','2021-01-23',2,'media/uploads/frcpathp2surgicalcourse/LGT11.svs',1410,'/var/www/vhosts/uralensiswebapp.co.uk/slides.uralensiswebapp.co.uk/VirtualCasesApp/static/labels/placeholder.png',0,'FRCPath Default Group'),(405,'LGT12','FA','2021-01-23','FA','2021-01-23',2,'media/uploads/frcpathp2surgicalcourse/LGT12.svs',1411,'/var/www/vhosts/uralensiswebapp.co.uk/slides.uralensiswebapp.co.uk/VirtualCasesApp/static/labels/placeholder.png',0,'FRCPath Default Group'),(406,'LGT04','FA','2021-01-23','FA','2021-01-23',2,'media/uploads/frcpathp2surgicalcourse/LGT4.svs',1404,'/var/www/vhosts/uralensiswebapp.co.uk/slides.uralensiswebapp.co.uk/VirtualCasesApp/static/labels/placeholder.png',0,'FRCPath Default Group'),(407,'LGT14','FA','2021-01-23','FA','2021-01-23',2,'media/uploads/frcpathp2surgicalcourse/LGT14.svs',1413,'/var/www/vhosts/uralensiswebapp.co.uk/slides.uralensiswebapp.co.uk/VirtualCasesApp/static/labels/placeholder.png',0,'FRCPath Default Group'),(408,'LGT13','FA','2021-01-23','FA','2021-01-23',2,'media/uploads/frcpathp2surgicalcourse/LGT13.svs',1412,'/var/www/vhosts/uralensiswebapp.co.uk/slides.uralensiswebapp.co.uk/VirtualCasesApp/static/labels/placeholder.png',0,'FRCPath Default Group'),(409,'LGT01','FA','2021-01-23','FA','2021-01-23',2,'media/uploads/frcpathp2surgicalcourse/LGT1.svs',1401,'/var/www/vhosts/uralensiswebapp.co.uk/slides.uralensiswebapp.co.uk/VirtualCasesApp/static/labels/placeholder.png',0,'FRCPath Default Group'),(410,'LGT03','FA','2021-01-23','FA','2021-01-23',2,'media/uploads/frcpathp2surgicalcourse/LGT3.svs',1403,'/var/www/vhosts/uralensiswebapp.co.uk/slides.uralensiswebapp.co.uk/VirtualCasesApp/static/labels/placeholder.png',0,'FRCPath Default Group'),(411,'LGT15','FA','2021-01-23','FA','2021-01-23',2,'media/uploads/frcpathp2surgicalcourse/LGT15.svs',1414,'/var/www/vhosts/uralensiswebapp.co.uk/slides.uralensiswebapp.co.uk/VirtualCasesApp/static/labels/placeholder.png',0,'FRCPath Default Group'),(412,'LGT16','FA','2021-01-23','FA','2021-01-23',2,'media/uploads/frcpathp2surgicalcourse/LGT16.svs',1415,'/var/www/vhosts/uralensiswebapp.co.uk/slides.uralensiswebapp.co.uk/VirtualCasesApp/static/labels/placeholder.png',0,'FRCPath Default Group'),(413,'Dicom','IHC','2021-01-24','IHC','2021-01-24',1,'media/uploads/frcpathp2surgicalcourse/0027.RIGHT_CC.dcm',786,'/var/www/vhosts/uralensiswebapp.co.uk/slides.uralensiswebapp.co.uk/VirtualCasesApp/static/labels/placeholder.png',1,'FRCPath Default Group'),(414,'BR02','FA','2021-01-25','FA','2021-01-25',2,'media/uploads/frcpathp2surgicalcourse/BR2.svs',1501,'/var/www/vhosts/uralensiswebapp.co.uk/slides.uralensiswebapp.co.uk/VirtualCasesApp/static/labels/placeholder.png',0,'FRCPath Default Group'),(415,'BR03','FA','2021-01-25','FA','2021-01-25',2,'media/uploads/frcpathp2surgicalcourse/BR3.svs',1502,'/var/www/vhosts/uralensiswebapp.co.uk/slides.uralensiswebapp.co.uk/VirtualCasesApp/static/labels/placeholder.png',0,'FRCPath Default Group'),(416,'BR05','FA','2021-01-25','FA','2021-01-25',2,'media/uploads/frcpathp2surgicalcourse/BR5.svs',1504,'/var/www/vhosts/uralensiswebapp.co.uk/slides.uralensiswebapp.co.uk/VirtualCasesApp/static/labels/placeholder.png',0,'FRCPath Default Group'),(417,'BR06','FA','2021-01-25','FA','2021-01-25',2,'media/uploads/frcpathp2surgicalcourse/BR6.svs',1505,'/var/www/vhosts/uralensiswebapp.co.uk/slides.uralensiswebapp.co.uk/VirtualCasesApp/static/labels/placeholder.png',0,'FRCPath Default Group'),(418,'BR07','FA','2021-01-25','FA','2021-01-25',2,'media/uploads/frcpathp2surgicalcourse/BR7.svs',1506,'/var/www/vhosts/uralensiswebapp.co.uk/slides.uralensiswebapp.co.uk/VirtualCasesApp/static/labels/placeholder.png',0,'FRCPath Default Group'),(419,'BR04','FA','2021-01-25','FA','2021-01-25',2,'media/uploads/frcpathp2surgicalcourse/BR4.svs',1503,'/var/www/vhosts/uralensiswebapp.co.uk/slides.uralensiswebapp.co.uk/VirtualCasesApp/static/labels/placeholder.png',0,'FRCPath Default Group'),(420,'BR01','FA','2021-01-25','FA','2021-01-25',2,'media/uploads/frcpathp2surgicalcourse/BR1.svs',1500,'/var/www/vhosts/uralensiswebapp.co.uk/slides.uralensiswebapp.co.uk/VirtualCasesApp/static/labels/placeholder.png',0,'FRCPath Default Group'),(421,'BR09','FA','2021-01-25','FA','2021-01-25',2,'media/uploads/frcpathp2surgicalcourse/BR9.svs',1508,'/var/www/vhosts/uralensiswebapp.co.uk/slides.uralensiswebapp.co.uk/VirtualCasesApp/static/labels/7d05107e4af44640a7a918dce654f16c.jpg',0,'FRCPath Default Group'),(422,'BR08','FA','2021-01-25','FA','2021-01-25',2,'media/uploads/frcpathp2surgicalcourse/BR8.svs',1507,'/var/www/vhosts/uralensiswebapp.co.uk/slides.uralensiswebapp.co.uk/VirtualCasesApp/static/labels/placeholder.png',0,'FRCPath Default Group'),(423,'BR11','FA','2021-01-25','FA','2021-01-25',2,'media/uploads/frcpathp2surgicalcourse/BR11.svs',1510,'/var/www/vhosts/uralensiswebapp.co.uk/slides.uralensiswebapp.co.uk/VirtualCasesApp/static/labels/placeholder.png',0,'FRCPath Default Group'),(424,'BR13','FA','2021-01-25','FA','2021-01-25',2,'media/uploads/frcpathp2surgicalcourse/BR13.svs',1512,'/var/www/vhosts/uralensiswebapp.co.uk/slides.uralensiswebapp.co.uk/VirtualCasesApp/static/labels/placeholder.png',0,'FRCPath Default Group'),(425,'BR12','FA','2021-01-25','FA','2021-01-25',2,'media/uploads/frcpathp2surgicalcourse/BR12.svs',1511,'/var/www/vhosts/uralensiswebapp.co.uk/slides.uralensiswebapp.co.uk/VirtualCasesApp/static/labels/placeholder.png',0,'FRCPath Default Group'),(426,'BR10','FA','2021-01-25','FA','2021-01-25',2,'media/uploads/frcpathp2surgicalcourse/BR10.svs',1509,'/var/www/vhosts/uralensiswebapp.co.uk/slides.uralensiswebapp.co.uk/VirtualCasesApp/static/labels/placeholder.png',1,'FRCPath Default Group'),(427,'EX18','FA','2021-01-25','FA','2021-01-25',2,'media/uploads/frcpathp2surgicalcourse/EX18.svs',1217,'/var/www/vhosts/uralensiswebapp.co.uk/slides.uralensiswebapp.co.uk/VirtualCasesApp/static/labels/placeholder.png',0,'FRCPath Default Group'),(428,'EX20','FA','2021-01-25','FA','2021-01-25',2,'media/uploads/frcpathp2surgicalcourse/EX20.svs',1219,'/var/www/vhosts/uralensiswebapp.co.uk/slides.uralensiswebapp.co.uk/VirtualCasesApp/static/labels/placeholder.png',0,'FRCPath Default Group'),(429,'EX17','FA','2021-01-25','FA','2021-01-25',2,'media/uploads/frcpathp2surgicalcourse/EX17.svs',1216,'/var/www/vhosts/uralensiswebapp.co.uk/slides.uralensiswebapp.co.uk/VirtualCasesApp/static/labels/placeholder.png',0,'FRCPath Default Group'),(430,'BR14','FA','2021-01-25','FA','2021-01-25',2,'media/uploads/frcpathp2surgicalcourse/BR14.svs',1513,'/var/www/vhosts/uralensiswebapp.co.uk/slides.uralensiswebapp.co.uk/VirtualCasesApp/static/labels/placeholder.png',0,'FRCPath Default Group'),(431,'BR15_12-1-2021_10-54-35','FA','2021-01-25','FA','2021-01-25',2,'media/uploads/frcpathp2surgicalcourse/BR15_12-1-2021_10-54-35.svs',1514,'/var/www/vhosts/uralensiswebapp.co.uk/slides.uralensiswebapp.co.uk/VirtualCasesApp/static/labels/placeholder.png',0,'FRCPath Default Group'),(432,'BR15','FA','2021-01-25','FA','2021-01-25',2,'media/uploads/frcpathp2surgicalcourse/BR15.svs',1514,'/var/www/vhosts/uralensiswebapp.co.uk/slides.uralensiswebapp.co.uk/VirtualCasesApp/static/labels/placeholder.png',0,'FRCPath Default Group'),(433,'EX19','FA','2021-01-25','FA','2021-01-25',2,'media/uploads/frcpathp2surgicalcourse/EX19.svs',1218,'/var/www/vhosts/uralensiswebapp.co.uk/slides.uralensiswebapp.co.uk/VirtualCasesApp/static/labels/placeholder.png',0,'FRCPath Default Group'),(434,'FR02B','FA','2021-01-27','FA','2021-01-27',2,'media/uploads/frcpathp2surgicalcourse/F2_2B.svs',1601,'/var/www/vhosts/uralensiswebapp.co.uk/slides.uralensiswebapp.co.uk/VirtualCasesApp/static/labels/placeholder.png',0,'FRCPath Default Group'),(435,'FR05','FA','2021-01-27','FA','2021-01-27',2,'media/uploads/frcpathp2surgicalcourse/F2_5.svs',1605,'/var/www/vhosts/uralensiswebapp.co.uk/slides.uralensiswebapp.co.uk/VirtualCasesApp/static/labels/placeholder.png',0,'FRCPath Default Group'),(436,'FR07','FA','2021-01-27','FA','2021-01-27',2,'media/uploads/frcpathp2surgicalcourse/F2_7.svs',1607,'/var/www/vhosts/uralensiswebapp.co.uk/slides.uralensiswebapp.co.uk/VirtualCasesApp/static/labels/placeholder.png',0,'FRCPath Default Group'),(437,'FR02A','FA','2021-01-27','FA','2021-01-27',2,'media/uploads/frcpathp2surgicalcourse/F2_2A.svs',1601,'/var/www/vhosts/uralensiswebapp.co.uk/slides.uralensiswebapp.co.uk/VirtualCasesApp/static/labels/placeholder.png',0,'FRCPath Default Group'),(438,'FR01','FA','2021-01-27','FA','2021-01-27',2,'media/uploads/frcpathp2surgicalcourse/F2_1.svs',1600,'/var/www/vhosts/uralensiswebapp.co.uk/slides.uralensiswebapp.co.uk/VirtualCasesApp/static/labels/placeholder.png',0,'FRCPath Default Group'),(439,'FR06','FA','2021-01-27','FA','2021-01-27',2,'media/uploads/frcpathp2surgicalcourse/F2_6.svs',1606,'/var/www/vhosts/uralensiswebapp.co.uk/slides.uralensiswebapp.co.uk/VirtualCasesApp/static/labels/placeholder.png',0,'FRCPath Default Group'),(440,'FR09','FA','2021-01-27','FA','2021-01-27',2,'media/uploads/frcpathp2surgicalcourse/F2_9.svs',1609,'/var/www/vhosts/uralensiswebapp.co.uk/slides.uralensiswebapp.co.uk/VirtualCasesApp/static/labels/placeholder.png',0,'FRCPath Default Group'),(441,'FR03','FA','2021-01-27','FA','2021-01-27',2,'media/uploads/frcpathp2surgicalcourse/F2_3.svs',1603,'/var/www/vhosts/uralensiswebapp.co.uk/slides.uralensiswebapp.co.uk/VirtualCasesApp/static/labels/placeholder.png',0,'FRCPath Default Group'),(442,'FR10','FA','2021-01-27','FA','2021-01-27',2,'media/uploads/frcpathp2surgicalcourse/F2_10.svs',1610,'/var/www/vhosts/uralensiswebapp.co.uk/slides.uralensiswebapp.co.uk/VirtualCasesApp/static/labels/placeholder.png',0,'FRCPath Default Group'),(443,'FR04','FA','2021-01-27','FA','2021-01-27',2,'media/uploads/frcpathp2surgicalcourse/F2_4.svs',1604,'/var/www/vhosts/uralensiswebapp.co.uk/slides.uralensiswebapp.co.uk/VirtualCasesApp/static/labels/placeholder.png',0,'FRCPath Default Group'),(444,'FR11','FA','2021-01-27','FA','2021-01-27',2,'media/uploads/frcpathp2surgicalcourse/F2_11.svs',1611,'/var/www/vhosts/uralensiswebapp.co.uk/slides.uralensiswebapp.co.uk/VirtualCasesApp/static/labels/placeholder.png',0,'FRCPath Default Group'),(445,'RN01','FA','2021-01-27','FA','2021-01-27',2,'media/uploads/frcpathp2surgicalcourse/RN1.svs',1615,'/var/www/vhosts/uralensiswebapp.co.uk/slides.uralensiswebapp.co.uk/VirtualCasesApp/static/labels/placeholder.png',0,'FRCPath Default Group'),(446,'FR08','FA','2021-01-27','FA','2021-01-27',2,'media/uploads/frcpathp2surgicalcourse/F2_8.svs',1608,'/var/www/vhosts/uralensiswebapp.co.uk/slides.uralensiswebapp.co.uk/VirtualCasesApp/static/labels/placeholder.png',0,'FRCPath Default Group'),(447,'SET3RN01','FA','2021-01-27','FA','2021-01-27',2,'media/uploads/frcpathp2surgicalcourse/SET3_RN1.svs',1616,'/var/www/vhosts/uralensiswebapp.co.uk/slides.uralensiswebapp.co.uk/VirtualCasesApp/static/labels/placeholder.png',0,'FRCPath Default Group'),(448,'FR12','FA','2021-01-27','FA','2021-01-27',2,'media/uploads/frcpathp2surgicalcourse/F2_12.svs',1612,'/var/www/vhosts/uralensiswebapp.co.uk/slides.uralensiswebapp.co.uk/VirtualCasesApp/static/labels/placeholder.png',0,'FRCPath Default Group'),(449,'GY03','FA','2021-01-27','FA','2021-01-27',2,'media/uploads/frcpathp2surgicalcourse/GY3.svs',1613,'/var/www/vhosts/uralensiswebapp.co.uk/slides.uralensiswebapp.co.uk/VirtualCasesApp/static/labels/placeholder.png',0,'FRCPath Default Group'),(450,'HN01','FA','2021-01-27','FA','2021-01-27',2,'media/uploads/frcpathp2surgicalcourse/HN1.svs',1617,'/var/www/vhosts/uralensiswebapp.co.uk/slides.uralensiswebapp.co.uk/VirtualCasesApp/static/labels/placeholder.png',0,'FRCPath Default Group'),(451,'LGT05','FA','2021-01-27','FA','2021-01-27',2,'media/uploads/frcpathp2surgicalcourse/LGT5_J8MWIpx.svs',1614,'/var/www/vhosts/uralensiswebapp.co.uk/slides.uralensiswebapp.co.uk/VirtualCasesApp/static/labels/placeholder.png',0,'FRCPath Default Group'),(452,'HN29','FA','2021-01-28','FA','2021-01-28',2,'media/uploads/frcpathp2surgicalcourse/HN29.svs',227,'/var/www/vhosts/uralensiswebapp.co.uk/slides.uralensiswebapp.co.uk/VirtualCasesApp/static/labels/placeholder.png',0,'FRCPath Default Group'),(453,'HN28','FA','2021-01-28','FA','2021-01-28',2,'media/uploads/frcpathp2surgicalcourse/HN28.svs',226,'/var/www/vhosts/uralensiswebapp.co.uk/slides.uralensiswebapp.co.uk/VirtualCasesApp/static/labels/placeholder.png',0,'FRCPath Default Group'),(454,'HN26','FA','2021-01-28','FA','2021-01-28',2,'media/uploads/frcpathp2surgicalcourse/HN26.svs',224,'/var/www/vhosts/uralensiswebapp.co.uk/slides.uralensiswebapp.co.uk/VirtualCasesApp/static/labels/placeholder.png',0,'FRCPath Default Group'),(455,'HN30','FA','2021-01-28','FA','2021-01-28',2,'media/uploads/frcpathp2surgicalcourse/HN30.svs',10222,'/var/www/vhosts/uralensiswebapp.co.uk/slides.uralensiswebapp.co.uk/VirtualCasesApp/static/labels/placeholder.png',0,'FRCPath Default Group'),(456,'HN27','FA','2021-01-28','FA','2021-01-28',2,'media/uploads/frcpathp2surgicalcourse/HN27.svs',225,'/var/www/vhosts/uralensiswebapp.co.uk/slides.uralensiswebapp.co.uk/VirtualCasesApp/static/labels/placeholder.png',0,'FRCPath Default Group'),(457,'ST_LN_EP01','SA','2021-02-18','SA','2021-02-18',2,'media/uploads/frcpathp2surgicalcourse/00EP1.svs',9000,'/var/www/vhosts/uralensiswebapp.co.uk/slides.uralensiswebapp.co.uk/VirtualCasesApp/static/labels/placeholder.png',0,'FRCPath Default Group'),(458,'ST_LN_EP03','SA','2021-02-18','SA','2021-02-18',2,'media/uploads/frcpathp2surgicalcourse/00EP3.svs',9003,'/var/www/vhosts/uralensiswebapp.co.uk/slides.uralensiswebapp.co.uk/VirtualCasesApp/static/labels/placeholder.png',0,'FRCPath Default Group'),(459,'ST_LN_SR05','SA','2021-02-18','SA','2021-02-18',2,'media/uploads/frcpathp2surgicalcourse/00SR5.svs',9006,'/var/www/vhosts/uralensiswebapp.co.uk/slides.uralensiswebapp.co.uk/VirtualCasesApp/static/labels/placeholder.png',0,'FRCPath Default Group'),(460,'ST_LN_SR04','SA','2021-02-18','SA','2021-02-18',2,'media/uploads/frcpathp2surgicalcourse/00SR4.svs',21005,'/var/www/vhosts/uralensiswebapp.co.uk/slides.uralensiswebapp.co.uk/VirtualCasesApp/static/labels/placeholder.png',0,'FRCPath Default Group'),(461,'ST_LN_EP05','SA','2021-02-18','SA','2021-02-18',2,'media/uploads/frcpathp2surgicalcourse/00EP5.svs',19005,'/var/www/vhosts/uralensiswebapp.co.uk/slides.uralensiswebapp.co.uk/VirtualCasesApp/static/labels/placeholder.png',0,'FRCPath Default Group'),(462,'ST_LN_SR02','SA','2021-02-18','SA','2021-02-18',2,'media/uploads/frcpathp2surgicalcourse/00SR2.svs',9002,'/var/www/vhosts/uralensiswebapp.co.uk/slides.uralensiswebapp.co.uk/VirtualCasesApp/static/labels/placeholder.png',0,'FRCPath Default Group'),(463,'ST_LN_EP06','SA','2021-02-18','SA','2021-02-18',2,'media/uploads/frcpathp2surgicalcourse/00EP6.svs',9008,'/var/www/vhosts/uralensiswebapp.co.uk/slides.uralensiswebapp.co.uk/VirtualCasesApp/static/labels/placeholder.png',0,'FRCPath Default Group'),(464,'ST_LN_SR03','SA','2021-02-18','SA','2021-02-18',2,'media/uploads/frcpathp2surgicalcourse/00SR3.svs',9004,'/var/www/vhosts/uralensiswebapp.co.uk/slides.uralensiswebapp.co.uk/VirtualCasesApp/static/labels/placeholder.png',0,'FRCPath Default Group'),(465,'ST_LN_SR01','MC','2021-02-20','MC','2021-02-20',2,'media/uploads/frcpathp2surgicalcourse/00SR1.svs',19001,'/var/www/vhosts/uralensiswebapp.co.uk/slides.uralensiswebapp.co.uk/VirtualCasesApp/static/labels/placeholder.png',0,'FRCPath Default Group'),(466,'ST_LN_SR06','MC','2021-02-20','MC','2021-02-20',2,'media/uploads/frcpathp2surgicalcourse/00SR6.svs',190066,'/var/www/vhosts/uralensiswebapp.co.uk/slides.uralensiswebapp.co.uk/VirtualCasesApp/static/labels/placeholder.png',0,'FRCPath Default Group'),(467,'ST_LN_EP04','MC','2021-02-20','MC','2021-02-20',2,'media/uploads/frcpathp2surgicalcourse/00EP4.svs',190044,'/var/www/vhosts/uralensiswebapp.co.uk/slides.uralensiswebapp.co.uk/VirtualCasesApp/static/labels/placeholder.png',0,'FRCPath Default Group'),(468,'ST_LN_EP08','MC','2021-02-20','MC','2021-02-20',2,'media/uploads/frcpathp2surgicalcourse/00EP8.svs',19008,'/var/www/vhosts/uralensiswebapp.co.uk/slides.uralensiswebapp.co.uk/VirtualCasesApp/static/labels/placeholder.png',0,'FRCPath Default Group'),(469,'ST_LN_EP07','MC','2021-02-20','MC','2021-02-20',2,'media/uploads/frcpathp2surgicalcourse/00EP7.svs',190077,'/var/www/vhosts/uralensiswebapp.co.uk/slides.uralensiswebapp.co.uk/VirtualCasesApp/static/labels/placeholder.png',0,'FRCPath Default Group'),(470,'ST_LN_EP02','MC','2021-02-20','MC','2021-02-20',2,'media/uploads/frcpathp2surgicalcourse/00EP2.svs',190022,'/var/www/vhosts/uralensiswebapp.co.uk/slides.uralensiswebapp.co.uk/VirtualCasesApp/static/labels/placeholder.png',0,'FRCPath Default Group'),(471,'Exam-MA21_Frozen_01','MC','2021-02-20','MC','2021-02-20',2,'media/uploads/frcpathp2surgicalcourse/CASE01.svs',190001,'/var/www/vhosts/uralensiswebapp.co.uk/slides.uralensiswebapp.co.uk/VirtualCasesApp/static/labels/placeholder.png',0,'FRCPath Default Group'),(472,'Exam-MA21_Frozen_Case3','MC','2021-02-20','MC','2021-02-20',2,'media/uploads/frcpathp2surgicalcourse/CASE03.svs',190003,'/var/www/vhosts/uralensiswebapp.co.uk/slides.uralensiswebapp.co.uk/VirtualCasesApp/static/labels/placeholder.png',0,'FRCPath Default Group'),(473,'Exam-MA21_Frozen_Case2','MC','2021-02-20','MC','2021-02-20',2,'media/uploads/frcpathp2surgicalcourse/CASE02.svs',190002,'/var/www/vhosts/uralensiswebapp.co.uk/slides.uralensiswebapp.co.uk/VirtualCasesApp/static/labels/placeholder.png',0,'FRCPath Default Group'),(474,'Exam-MA21_Frozen_Case4','MC','2021-02-20','MC','2021-02-20',2,'media/uploads/frcpathp2surgicalcourse/CASE04.svs',190004,'/var/www/vhosts/uralensiswebapp.co.uk/slides.uralensiswebapp.co.uk/VirtualCasesApp/static/labels/placeholder.png',0,'FRCPath Default Group'),(475,'Exam-MA21_Frozen_05','MC','2021-02-20','MC','2021-02-20',2,'media/uploads/frcpathp2surgicalcourse/CASE05.svs',190005,'/var/www/vhosts/uralensiswebapp.co.uk/slides.uralensiswebapp.co.uk/VirtualCasesApp/static/labels/placeholder.png',0,'FRCPath Default Group'),(476,'Exam-MA21_Frozen_Case6','MC','2021-02-20','MC','2021-02-20',2,'media/uploads/frcpathp2surgicalcourse/CASE06.svs',190006,'/var/www/vhosts/uralensiswebapp.co.uk/slides.uralensiswebapp.co.uk/VirtualCasesApp/static/labels/placeholder.png',0,'FRCPath Default Group'),(477,'Ex-MA21_LC1_CD3','MC','2021-02-20','MC','2021-02-20',2,'media/uploads/frcpathp2surgicalcourse/000L1.svs',123456,'/var/www/vhosts/uralensiswebapp.co.uk/slides.uralensiswebapp.co.uk/VirtualCasesApp/static/labels/placeholder.png',0,'FRCPath Default Group'),(478,'Ex-MA21_LC1_CD10','MC','2021-02-20','MC','2021-02-20',2,'media/uploads/frcpathp2surgicalcourse/000L1_20210219120102226.svs',123456,'/var/www/vhosts/uralensiswebapp.co.uk/slides.uralensiswebapp.co.uk/VirtualCasesApp/static/labels/placeholder.png',0,'FRCPath Default Group'),(479,'Ex-MA21_LC1_PD-1','MC','2021-02-20','MC','2021-02-20',2,'media/uploads/frcpathp2surgicalcourse/000L1_20210219120218502.svs',123456,'/var/www/vhosts/uralensiswebapp.co.uk/slides.uralensiswebapp.co.uk/VirtualCasesApp/static/labels/placeholder.png',0,'FRCPath Default Group'),(480,'Ex-MA21_LC1_CD8','MC','2021-02-20','MC','2021-02-20',2,'media/uploads/frcpathp2surgicalcourse/000L1_20210219120501046.svs',123456,'/var/www/vhosts/uralensiswebapp.co.uk/slides.uralensiswebapp.co.uk/VirtualCasesApp/static/labels/placeholder.png',0,'FRCPath Default Group'),(481,'Ex-MA21_LC1_CD2','MC','2021-02-20','MC','2021-02-20',2,'media/uploads/frcpathp2surgicalcourse/000L1_20210219120336510.svs',123456,'/var/www/vhosts/uralensiswebapp.co.uk/slides.uralensiswebapp.co.uk/VirtualCasesApp/static/labels/placeholder.png',0,'FRCPath Default Group'),(482,'Ex-MA21_LC1_CD5','MC','2021-02-20','MC','2021-02-20',2,'media/uploads/frcpathp2surgicalcourse/000L1_20210219120611474.svs',123456,'/var/www/vhosts/uralensiswebapp.co.uk/slides.uralensiswebapp.co.uk/VirtualCasesApp/static/labels/placeholder.png',0,'FRCPath Default Group'),(483,'Ex-MA21_LC1_BCL-6','MC','2021-02-20','MC','2021-02-20',2,'media/uploads/frcpathp2surgicalcourse/000L1_20210219120730596.svs',123456,'/var/www/vhosts/uralensiswebapp.co.uk/slides.uralensiswebapp.co.uk/VirtualCasesApp/static/labels/placeholder.png',0,'FRCPath Default Group'),(484,'Ex-MA21_LC1_L26','MC','2021-02-20','MC','2021-02-20',2,'media/uploads/frcpathp2surgicalcourse/000L1_20210219120853920.svs',123456,'/var/www/vhosts/uralensiswebapp.co.uk/slides.uralensiswebapp.co.uk/VirtualCasesApp/static/labels/placeholder.png',0,'FRCPath Default Group'),(485,'Ex-MA21_LC1_BF-1','MC','2021-02-20','MC','2021-02-20',2,'media/uploads/frcpathp2surgicalcourse/000L1_20210219121016086.svs',123456,'/var/www/vhosts/uralensiswebapp.co.uk/slides.uralensiswebapp.co.uk/VirtualCasesApp/static/labels/placeholder.png',0,'FRCPath Default Group'),(486,'Ex-MA21_LC1_CD21','MC','2021-02-20','MC','2021-02-20',2,'media/uploads/frcpathp2surgicalcourse/000L1_20210219121301769.svs',123456,'/var/www/vhosts/uralensiswebapp.co.uk/slides.uralensiswebapp.co.uk/VirtualCasesApp/static/labels/placeholder.png',0,'FRCPath Default Group'),(487,'Ex-MA21_LC1_CD4','MC','2021-02-20','MC','2021-02-20',2,'media/uploads/frcpathp2surgicalcourse/000L1_20210219121134145.svs',123456,'/var/www/vhosts/uralensiswebapp.co.uk/slides.uralensiswebapp.co.uk/VirtualCasesApp/static/labels/placeholder.png',0,'FRCPath Default Group'),(489,'Exam-MA21_Cytology_12-PAP','MC','2021-02-21','MC','2021-02-21',2,'media/uploads/frcpathp2surgicalcourse/CASE12_PAP.svs',8781,'/var/www/vhosts/uralensiswebapp.co.uk/slides.uralensiswebapp.co.uk/VirtualCasesApp/static/labels/placeholder.png',0,'FRCPath Default Group'),(490,'Exam-MA21_Cytology_12-MGG','MC','2021-02-21','MC','2021-02-21',2,'media/uploads/frcpathp2surgicalcourse/CASE12_MGG.svs',8781,'/var/www/vhosts/uralensiswebapp.co.uk/slides.uralensiswebapp.co.uk/VirtualCasesApp/static/labels/placeholder.png',0,'FRCPath Default Group'),(491,'Exam-MA21_Cytology_09-PAP','MC','2021-02-21','MC','2021-02-21',2,'media/uploads/frcpathp2surgicalcourse/CASE09_PAP.svs',8784,'/var/www/vhosts/uralensiswebapp.co.uk/slides.uralensiswebapp.co.uk/VirtualCasesApp/static/labels/placeholder.png',0,'FRCPath Default Group'),(492,'Exam-MA21_Cytology_09-MGG','MC','2021-02-21','MC','2021-02-21',2,'media/uploads/frcpathp2surgicalcourse/CASE09_MGG.svs',8784,'/var/www/vhosts/uralensiswebapp.co.uk/slides.uralensiswebapp.co.uk/VirtualCasesApp/static/labels/placeholder.png',0,'FRCPath Default Group'),(493,'Exam-MA21_Cytology_08-PAP','MC','2021-02-21','MC','2021-02-21',2,'media/uploads/frcpathp2surgicalcourse/CASE08_PAP.svs',8785,'/var/www/vhosts/uralensiswebapp.co.uk/slides.uralensiswebapp.co.uk/VirtualCasesApp/static/labels/placeholder.png',0,'FRCPath Default Group'),(494,'Exam-MA21_Cytology_11-MGG','MC','2021-02-21','MC','2021-02-21',2,'media/uploads/frcpathp2surgicalcourse/CASE11_MGG.svs',8782,'/var/www/vhosts/uralensiswebapp.co.uk/slides.uralensiswebapp.co.uk/VirtualCasesApp/static/labels/placeholder.png',0,'FRCPath Default Group'),(495,'Exam-MA21_Cytology_10-MGG','MC','2021-02-21','MC','2021-02-21',2,'media/uploads/frcpathp2surgicalcourse/CASE10_MGG.svs',8783,'/var/www/vhosts/uralensiswebapp.co.uk/slides.uralensiswebapp.co.uk/VirtualCasesApp/static/labels/placeholder.png',0,'FRCPath Default Group'),(496,'Exam-MA21_Cytology_08-MGG','MC','2021-02-21','MC','2021-02-21',2,'media/uploads/frcpathp2surgicalcourse/CASE08_MGG.svs',8785,'/var/www/vhosts/uralensiswebapp.co.uk/slides.uralensiswebapp.co.uk/VirtualCasesApp/static/labels/placeholder.png',0,'FRCPath Default Group'),(497,'Exam-MA21_Cytology_11-PAP','MC','2021-02-21','MC','2021-02-21',2,'media/uploads/frcpathp2surgicalcourse/CASE11_PAP.svs',8782,'/var/www/vhosts/uralensiswebapp.co.uk/slides.uralensiswebapp.co.uk/VirtualCasesApp/static/labels/placeholder.png',0,'FRCPath Default Group'),(498,'Exam-MA21_Cytology_07-PAP','MC','2021-02-21','MC','2021-02-21',2,'media/uploads/frcpathp2surgicalcourse/CASE07_PAP.svs',8786,'/var/www/vhosts/uralensiswebapp.co.uk/slides.uralensiswebapp.co.uk/VirtualCasesApp/static/labels/placeholder.png',0,'FRCPath Default Group'),(499,'Exam-MA21_Cytology_07-MGG','MC','2021-02-21','MC','2021-02-21',2,'media/uploads/frcpathp2surgicalcourse/CASE07_MGG.svs',8786,'/var/www/vhosts/uralensiswebapp.co.uk/slides.uralensiswebapp.co.uk/VirtualCasesApp/static/labels/placeholder.png',0,'FRCPath Default Group'),(500,'Exam-MA21_Cytology_03-PAP','MC','2021-02-21','MC','2021-02-21',2,'media/uploads/frcpathp2surgicalcourse/CASE03_CYTOSPIN_PAP.svs',8790,'/var/www/vhosts/uralensiswebapp.co.uk/slides.uralensiswebapp.co.uk/VirtualCasesApp/static/labels/placeholder.png',0,'FRCPath Default Group'),(501,'Exam-MA21_Cytology_02-ThinPrep','MC','2021-02-21','MC','2021-02-21',2,'media/uploads/frcpathp2surgicalcourse/CASE02_THIN-PREP.svs',8791,'/var/www/vhosts/uralensiswebapp.co.uk/slides.uralensiswebapp.co.uk/VirtualCasesApp/static/labels/placeholder.png',0,'FRCPath Default Group'),(502,'Exam-MA21_Cytology_06-MGG','MC','2021-02-21','MC','2021-02-21',2,'media/uploads/frcpathp2surgicalcourse/CASE06_MGG.svs',8787,'/var/www/vhosts/uralensiswebapp.co.uk/slides.uralensiswebapp.co.uk/VirtualCasesApp/static/labels/placeholder.png',0,'FRCPath Default Group'),(503,'Exam-MA21_Cytology_04-MGG','MC','2021-02-21','MC','2021-02-21',2,'media/uploads/frcpathp2surgicalcourse/CASE04_MGG.svs',8789,'/var/www/vhosts/uralensiswebapp.co.uk/slides.uralensiswebapp.co.uk/VirtualCasesApp/static/labels/placeholder.png',0,'FRCPath Default Group'),(504,'Exam-MA21_Cytology_05-PAP','MC','2021-02-21','MC','2021-02-21',2,'media/uploads/frcpathp2surgicalcourse/CASE05_PAP.svs',8788,'/var/www/vhosts/uralensiswebapp.co.uk/slides.uralensiswebapp.co.uk/VirtualCasesApp/static/labels/placeholder.png',0,'FRCPath Default Group'),(505,'Exam-MA21_Cytology_05-MGG','MC','2021-02-21','MC','2021-02-21',2,'media/uploads/frcpathp2surgicalcourse/CASE05_MGG.svs',8788,'/var/www/vhosts/uralensiswebapp.co.uk/slides.uralensiswebapp.co.uk/VirtualCasesApp/static/labels/placeholder.png',0,'FRCPath Default Group'),(506,'Exam-MA21_Cytology_06-PAP','MC','2021-02-21','MC','2021-02-21',2,'media/uploads/frcpathp2surgicalcourse/CASE06_PAP.svs',8787,'/var/www/vhosts/uralensiswebapp.co.uk/slides.uralensiswebapp.co.uk/VirtualCasesApp/static/labels/placeholder.png',0,'FRCPath Default Group'),(507,'Exam-MA21_Cytology_01-PAP','MC','2021-02-21','MC','2021-02-21',2,'media/uploads/frcpathp2surgicalcourse/CASE01_PAP.svs',8792,'/var/www/vhosts/uralensiswebapp.co.uk/slides.uralensiswebapp.co.uk/VirtualCasesApp/static/labels/placeholder.png',0,'FRCPath Default Group'),(508,'Exam-MA21_Cytology_01-MGG','MC','2021-02-21','MC','2021-02-21',2,'media/uploads/frcpathp2surgicalcourse/CASE01_MGG.svs',8792,'/var/www/vhosts/uralensiswebapp.co.uk/slides.uralensiswebapp.co.uk/VirtualCasesApp/static/labels/placeholder.png',0,'FRCPath Default Group'),(509,'Exam-MA21_Surg_04','Mo','2021-02-21','Mo','2021-02-21',2,'media/uploads/frcpathp2surgicalcourse/MA001_CASE04.svs',34128,'/var/www/vhosts/uralensiswebapp.co.uk/slides.uralensiswebapp.co.uk/VirtualCasesApp/static/labels/placeholder.png',0,'FRCPath Default Group'),(510,'Exam-MA21_Surg_07','Mo','2021-02-21','Mo','2021-02-21',2,'media/uploads/frcpathp2surgicalcourse/MA001_CASE07.svs',32128,'/var/www/vhosts/uralensiswebapp.co.uk/slides.uralensiswebapp.co.uk/VirtualCasesApp/static/labels/placeholder.png',0,'FRCPath Default Group'),(511,'Exam-MA21_Surg_03','Mo','2021-02-21','Mo','2021-02-21',2,'media/uploads/frcpathp2surgicalcourse/MA001_CASE03.svs',31128,'/var/www/vhosts/uralensiswebapp.co.uk/slides.uralensiswebapp.co.uk/VirtualCasesApp/static/labels/placeholder.png',0,'FRCPath Default Group'),(512,'Exam-MA21_Surg_01','Mo','2021-02-21','Mo','2021-02-21',2,'media/uploads/frcpathp2surgicalcourse/MA001_CASE01.svs',29128,'/var/www/vhosts/uralensiswebapp.co.uk/slides.uralensiswebapp.co.uk/VirtualCasesApp/static/labels/placeholder.png',0,'FRCPath Default Group'),(513,'Exam-MA21_Surg_05','Mo','2021-02-21','Mo','2021-02-21',2,'media/uploads/frcpathp2surgicalcourse/MA001_CASE05.svs',28128,'/var/www/vhosts/uralensiswebapp.co.uk/slides.uralensiswebapp.co.uk/VirtualCasesApp/static/labels/placeholder.png',0,'FRCPath Default Group'),(514,'Exam-MA21_Surg_06','Mo','2021-02-21','Mo','2021-02-21',2,'media/uploads/frcpathp2surgicalcourse/MA001_CASE06.svs',27128,'/var/www/vhosts/uralensiswebapp.co.uk/slides.uralensiswebapp.co.uk/VirtualCasesApp/static/labels/placeholder.png',0,'FRCPath Default Group'),(515,'Exam-MA21_Surg_02','Mo','2021-02-21','Mo','2021-02-21',2,'media/uploads/frcpathp2surgicalcourse/MA001_CASE02.svs',26128,'/var/www/vhosts/uralensiswebapp.co.uk/slides.uralensiswebapp.co.uk/VirtualCasesApp/static/labels/placeholder.png',0,'FRCPath Default Group'),(516,'Exam-MA21_Surg_08','Mo','2021-02-21','Mo','2021-02-21',2,'media/uploads/frcpathp2surgicalcourse/MA001_CASE08.svs',25128,'/var/www/vhosts/uralensiswebapp.co.uk/slides.uralensiswebapp.co.uk/VirtualCasesApp/static/labels/placeholder.png',0,'FRCPath Default Group'),(517,'Exam-MA21_Surg_10','Mo','2021-02-21','Mo','2021-02-21',2,'media/uploads/frcpathp2surgicalcourse/MA001_CASE18.svs',24128,'/var/www/vhosts/uralensiswebapp.co.uk/slides.uralensiswebapp.co.uk/VirtualCasesApp/static/labels/placeholder.png',0,'FRCPath Default Group'),(518,'Exam-MA21_Surg_11','Mo','2021-02-22','Mo','2021-02-22',2,'media/uploads/frcpathp2surgicalcourse/CASE11_aENQ9rl.svs',22128,'/var/www/vhosts/uralensiswebapp.co.uk/slides.uralensiswebapp.co.uk/VirtualCasesApp/static/labels/placeholder.png',0,'FRCPath Default Group'),(519,'Exam-MA21_Surg_13','Mo','2021-02-22','Mo','2021-02-22',2,'media/uploads/frcpathp2surgicalcourse/CASE13_QGnAqWz.svs',21128,'/var/www/vhosts/uralensiswebapp.co.uk/slides.uralensiswebapp.co.uk/VirtualCasesApp/static/labels/placeholder.png',0,'FRCPath Default Group'),(520,'Exam-MA21_Surg_17','Mo','2021-02-22','Mo','2021-02-22',2,'media/uploads/frcpathp2surgicalcourse/CASE17_YrogyRg.svs',20188,'/var/www/vhosts/uralensiswebapp.co.uk/slides.uralensiswebapp.co.uk/VirtualCasesApp/static/labels/placeholder.png',0,'FRCPath Default Group'),(521,'Exam-MA21_Surg_09','Mo','2021-02-21','Mo','2021-02-21',2,'media/uploads/frcpathp2surgicalcourse/MA001_CASE09.svs',23128,'/var/www/vhosts/uralensiswebapp.co.uk/slides.uralensiswebapp.co.uk/VirtualCasesApp/static/labels/placeholder.png',0,'FRCPath Default Group'),(522,'Exam-MA21_Surg_12','Mo','2021-02-22','Mo','2021-02-22',2,'media/uploads/frcpathp2surgicalcourse/CASE12_b3Ggx9y.svs',20178,'/var/www/vhosts/uralensiswebapp.co.uk/slides.uralensiswebapp.co.uk/VirtualCasesApp/static/labels/placeholder.png',0,'FRCPath Default Group'),(523,'Exam-MA21_Surg_14','Mo','2021-02-22','Mo','2021-02-22',2,'media/uploads/frcpathp2surgicalcourse/CASE14_tUCNHe8.svs',20168,'/var/www/vhosts/uralensiswebapp.co.uk/slides.uralensiswebapp.co.uk/VirtualCasesApp/static/labels/placeholder.png',0,'FRCPath Default Group'),(524,'Exam-MA21_Surg_15','Mo','2021-02-22','Mo','2021-02-22',2,'media/uploads/frcpathp2surgicalcourse/CASE15_LLJRuXa.svs',20158,'/var/www/vhosts/uralensiswebapp.co.uk/slides.uralensiswebapp.co.uk/VirtualCasesApp/static/labels/placeholder.png',0,'FRCPath Default Group'),(525,'Exam-MA21_Surg_20','Mo','2021-02-22','Mo','2021-02-22',2,'media/uploads/frcpathp2surgicalcourse/CASE20_si5M0gC.svs',20148,'/var/www/vhosts/uralensiswebapp.co.uk/slides.uralensiswebapp.co.uk/VirtualCasesApp/static/labels/placeholder.png',0,'FRCPath Default Group'),(526,'Exam-MA21_Surg_16','Mo','2021-02-22','Mo','2021-02-22',2,'media/uploads/frcpathp2surgicalcourse/CASE16_CTfveBr.svs',20138,'/var/www/vhosts/uralensiswebapp.co.uk/slides.uralensiswebapp.co.uk/VirtualCasesApp/static/labels/placeholder.png',0,'FRCPath Default Group'),(527,'Ex-MA21_LC2_R15_7026','MC','2021-02-22','MC','2021-02-22',2,'media/uploads/frcpathp2surgicalcourse/000L2.svs',32145,'/var/www/vhosts/uralensiswebapp.co.uk/slides.uralensiswebapp.co.uk/VirtualCasesApp/static/labels/placeholder.png',0,'FRCPath Default Group'),(528,'Ex-MA21_LC2_U103_ERG','MC','2021-02-22','MC','2021-02-22',2,'media/uploads/frcpathp2surgicalcourse/000L2_20210222192433940.svs',32145,'/var/www/vhosts/uralensiswebapp.co.uk/slides.uralensiswebapp.co.uk/VirtualCasesApp/static/labels/placeholder.png',0,'FRCPath Default Group'),(529,'Ex-MA21_LC2_R15_7026','MC','2021-02-22','MC','2021-02-22',2,'media/uploads/frcpathp2surgicalcourse/000L2_20210222192114981.svs',32145,'/var/www/vhosts/uralensiswebapp.co.uk/slides.uralensiswebapp.co.uk/VirtualCasesApp/static/labels/placeholder.png',0,'FRCPath Default Group'),(530,'Ex-MA21_LC2_R15_7026','MC','2021-02-22','MC','2021-02-22',2,'media/uploads/frcpathp2surgicalcourse/000L2_20210222191749389.svs',32145,'/var/www/vhosts/uralensiswebapp.co.uk/slides.uralensiswebapp.co.uk/VirtualCasesApp/static/labels/placeholder.png',0,'FRCPath Default Group'),(531,'Ex-MA21_LC2_U178_STAT6','MC','2021-02-22','MC','2021-02-22',2,'media/uploads/frcpathp2surgicalcourse/000L2_20210222191932004.svs',32145,'/var/www/vhosts/uralensiswebapp.co.uk/slides.uralensiswebapp.co.uk/VirtualCasesApp/static/labels/placeholder.png',0,'FRCPath Default Group'),(532,'Ex-MA21_LC2_R15_7026','MC','2021-02-22','MC','2021-02-22',2,'media/uploads/frcpathp2surgicalcourse/000L2_20210222192255017.svs',32145,'/var/www/vhosts/uralensiswebapp.co.uk/slides.uralensiswebapp.co.uk/VirtualCasesApp/static/labels/placeholder.png',0,'FRCPath Default Group'),(533,'Ex-MA21_LC2_H&E','MC','2021-02-22','MC','2021-02-22',2,'media/uploads/frcpathp2surgicalcourse/000L2_20210222192559878.svs',32145,'/var/www/vhosts/uralensiswebapp.co.uk/slides.uralensiswebapp.co.uk/VirtualCasesApp/static/labels/placeholder.png',0,'FRCPath Default Group'),(534,'Ex-MA21_LC1_H&E','MC','2021-02-22','MC','2021-02-22',2,'media/uploads/frcpathp2surgicalcourse/000L1_20210222193923574.svs',123456,'/var/www/vhosts/uralensiswebapp.co.uk/slides.uralensiswebapp.co.uk/VirtualCasesApp/static/labels/placeholder.png',0,'FRCPath Default Group'),(535,'MDT Case 2 Slide 1','Trevor','2021-05-18','Trevor','2021-05-18',2,'media/uploads/frcpathp2surgicalcourse/P20_42673_HE.tif',0,'/var/www/vhosts/uralensiswebapp.co.uk/slides.uralensiswebapp.co.uk/VirtualCasesApp/static/labels/5569dfb736014dc2a4222ef71622b83d.png',0,'FRCPath Default Group'),(536,'MDT Case 2 Slide 2','Trevor','2021-05-18','Trevor','2021-05-18',2,'media/uploads/frcpathp2surgicalcourse/P20_42673_GATA3.tif',0,'/var/www/vhosts/uralensiswebapp.co.uk/slides.uralensiswebapp.co.uk/VirtualCasesApp/static/labels/bbffceb7b74e4146bdd077b56f9c9d06.png',0,'FRCPath Default Group'),(537,'MDT Case 2 Slide 3','Trevor','2021-05-18','Trevor','2021-05-18',2,'media/uploads/frcpathp2surgicalcourse/18C005289_A14_HE.tif',0,'/var/www/vhosts/uralensiswebapp.co.uk/slides.uralensiswebapp.co.uk/VirtualCasesApp/static/labels/1703f34086654765820d234ade75206d.png',0,'FRCPath Default Group'),(538,'MDT Case 2 Slide 4','Trevor','2021-05-18','Trevor','2021-05-18',2,'media/uploads/frcpathp2surgicalcourse/16S004048_A1_HE.tif',0,'/var/www/vhosts/uralensiswebapp.co.uk/slides.uralensiswebapp.co.uk/VirtualCasesApp/static/labels/c925c652afd54efbb3763667a71c161a.png',0,'FRCPath Default Group'),(539,'MDT Case 2 Slide 5','Trevor','2021-05-18','Trevor','2021-05-18',2,'media/uploads/frcpathp2surgicalcourse/16S004048_A1_GATA_3.tif',0,'/var/www/vhosts/uralensiswebapp.co.uk/slides.uralensiswebapp.co.uk/VirtualCasesApp/static/labels/1ee76d2109214316a68109ce729c4e09.png',0,'FRCPath Default Group'),(540,'Case 2 Slide 3','Trevor','2021-05-19','Trevor','2021-05-19',2,'media/uploads/frcpathp2surgicalcourse/B2-NE_20210518230649278.svs',-52,'/var/www/vhosts/uralensiswebapp.co.uk/slides.uralensiswebapp.co.uk/VirtualCasesApp/static/labels/78d6715c23b445b18d17bd4beb6ae4b5.png',0,'FRCPath Default Group'),(541,'Case 2 Slide 2','Trevor','2021-05-19','Trevor','2021-05-19',2,'media/uploads/frcpathp2surgicalcourse/B2-NE.svs',-50,'/var/www/vhosts/uralensiswebapp.co.uk/slides.uralensiswebapp.co.uk/VirtualCasesApp/static/labels/7001040384094f50baccd6f99175867f.png',0,'FRCPath Default Group'),(542,'Case 10 Slide 1','Trevor','2021-05-19','Trevor','2021-05-19',2,'media/uploads/frcpathp2surgicalcourse/B2-NE_20210518230204549.svs',-51,'/var/www/vhosts/uralensiswebapp.co.uk/slides.uralensiswebapp.co.uk/VirtualCasesApp/static/labels/a12e62fea6a04a2ab782072a15888eaf.jpg',0,'FRCPath Default Group'),(543,'Case 16 Slide 1','Trevor','2021-05-19','Trevor','2021-05-19',2,'media/uploads/frcpathp2surgicalcourse/000B3_20210518223722783.svs',-100,'/var/www/vhosts/uralensiswebapp.co.uk/slides.uralensiswebapp.co.uk/VirtualCasesApp/static/labels/b1cae1ab1a47458482faa9a84387bf6f.jpg',0,'FRCPath Default Group'),(544,'Case 3 Slide 2','Trevor','2021-05-19','Trevor','2021-05-19',2,'media/uploads/frcpathp2surgicalcourse/000B3.svs',10008,'/var/www/vhosts/uralensiswebapp.co.uk/slides.uralensiswebapp.co.uk/VirtualCasesApp/static/labels/506a33383b3044278551f3bdce0ba8cb.png',0,'FRCPath Default Group'),(545,'Case 1 Slide 2','Trevor','2021-05-19','Trevor','2021-05-19',2,'media/uploads/frcpathp2surgicalcourse/03862_20210518224352408.svs',10007,'/var/www/vhosts/uralensiswebapp.co.uk/slides.uralensiswebapp.co.uk/VirtualCasesApp/static/labels/e237a48541af49c78cdec51bc612735f.png',0,'FRCPath Default Group'),(546,'Case 1 Slide 1','Trevor','2021-05-19','Trevor','2021-05-19',2,'media/uploads/frcpathp2surgicalcourse/03862.svs',10007,'/var/www/vhosts/uralensiswebapp.co.uk/slides.uralensiswebapp.co.uk/VirtualCasesApp/static/labels/d09575b591194f4ca6ed3f23a314392f.png',0,'FRCPath Default Group'),(547,'MDT Case 1 Slide 1','Trevor','2021-05-19','Trevor','2021-05-19',2,'media/uploads/frcpathp2surgicalcourse/32218.svs',10005,'/var/www/vhosts/uralensiswebapp.co.uk/slides.uralensiswebapp.co.uk/VirtualCasesApp/static/labels/25d931e3886e451b8e3e73de64012bb7.png',0,'FRCPath Default Group'),(548,'MDT Case 1 Slide 2','Trevor','2021-05-19','Trevor','2021-05-19',2,'media/uploads/frcpathp2surgicalcourse/32218_20210518225353382.svs',10005,'/var/www/vhosts/uralensiswebapp.co.uk/slides.uralensiswebapp.co.uk/VirtualCasesApp/static/labels/81a18b6d213544d9b7203555271348f3.png',0,'FRCPath Default Group'),(549,'MDT Case 1 Slide 3','Trevor','2021-05-19','Trevor','2021-05-19',2,'media/uploads/frcpathp2surgicalcourse/32218_20210518225155114.svs',10005,'/var/www/vhosts/uralensiswebapp.co.uk/slides.uralensiswebapp.co.uk/VirtualCasesApp/static/labels/662b1e9249994c0fb74ceec6e2954a63.png',0,'FRCPath Default Group'),(550,'MDT Case 1 Slide 4','Trevor','2021-05-19','Trevor','2021-05-19',2,'media/uploads/frcpathp2surgicalcourse/32218_20210518225000041.svs',10005,'/var/www/vhosts/uralensiswebapp.co.uk/slides.uralensiswebapp.co.uk/VirtualCasesApp/static/labels/4b28713ed0204df491411dca0dd2ad4f.png',0,'FRCPath Default Group'),(551,'MDT Case 1 Slide 5','Trevor','2021-05-19','Trevor','2021-05-19',2,'media/uploads/frcpathp2surgicalcourse/32218_20210518224800425.svs',10005,'/var/www/vhosts/uralensiswebapp.co.uk/slides.uralensiswebapp.co.uk/VirtualCasesApp/static/labels/7f17bd678f614b17b4ef669f14a6b4d7.png',0,'FRCPath Default Group'),(552,'Case 4 Slide 1','Trevor','2021-05-19','Trevor','2021-05-19',2,'media/uploads/frcpathp2surgicalcourse/B4.svs',10006,'/var/www/vhosts/uralensiswebapp.co.uk/slides.uralensiswebapp.co.uk/VirtualCasesApp/static/labels/9689ebbda91c4170a9a1179cb446c154.png',0,'FRCPath Default Group'),(553,'Case 4 Slide 2','Trevor','2021-05-19','Trevor','2021-05-19',2,'media/uploads/frcpathp2surgicalcourse/B4_20210519134605990.svs',10006,'/var/www/vhosts/uralensiswebapp.co.uk/slides.uralensiswebapp.co.uk/VirtualCasesApp/static/labels/daca0be6e19345a5a27b9ff7323df6bf.png',0,'FRCPath Default Group'),(554,'Case 4 Slide 3','Trevor','2021-05-19','Trevor','2021-05-19',2,'media/uploads/frcpathp2surgicalcourse/B4_20210519134145277.svs',10006,'/var/www/vhosts/uralensiswebapp.co.uk/slides.uralensiswebapp.co.uk/VirtualCasesApp/static/labels/5d3fdbea524d436ebd8640bf7291f46c.png',0,'FRCPath Default Group'),(555,'PP02','MA','2022-01-18','MA','2022-01-18',2,'media/uploads/frcpathp2surgicalcourse/2022-01-17_13.51.43.ndpi',15001,'/var/www/vhosts/uralensiswebapp.co.uk/slides.uralensiswebapp.co.uk/VirtualCasesApp/static/labels/placeholder.png',0,'FRCPath Default Group'),(556,'PP03','MA','2022-01-18','MA','2022-01-18',2,'media/uploads/frcpathp2surgicalcourse/2022-01-17_13.49.29.ndpi',15000,'/var/www/vhosts/uralensiswebapp.co.uk/slides.uralensiswebapp.co.uk/VirtualCasesApp/static/labels/placeholder.png',0,'FRCPath Default Group'),(557,'PP04','IHC','2022-01-18','IHC','2022-01-18',2,'media/uploads/frcpathp2surgicalcourse/2022-01-17_13.55.19.ndpi',15003,'/var/www/vhosts/uralensiswebapp.co.uk/slides.uralensiswebapp.co.uk/VirtualCasesApp/static/labels/placeholder.png',0,'FRCPath Default Group'),(558,'PP05','IHC','2022-01-18','IHC','2022-01-18',2,'media/uploads/frcpathp2surgicalcourse/2022-01-17_13.56.52.ndpi',15011,'/var/www/vhosts/uralensiswebapp.co.uk/slides.uralensiswebapp.co.uk/VirtualCasesApp/static/labels/placeholder.png',0,'FRCPath Default Group'),(559,'PP06','IHC','2022-01-18','IHC','2022-01-18',2,'media/uploads/frcpathp2surgicalcourse/2022-01-17_13.58.29.ndpi',15009,'/var/www/vhosts/uralensiswebapp.co.uk/slides.uralensiswebapp.co.uk/VirtualCasesApp/static/labels/placeholder.png',0,'FRCPath Default Group'),(561,'PP01','IHC','2022-01-18','IHC','2022-01-18',2,'media/uploads/frcpathp2surgicalcourse/2022-01-17_13.53.03.ndpi',15008,'/var/www/vhosts/uralensiswebapp.co.uk/slides.uralensiswebapp.co.uk/VirtualCasesApp/static/labels/placeholder.png',0,'FRCPath Default Group'),(562,'PP08','IHC','2022-01-18','IHC','2022-01-18',2,'media/uploads/frcpathp2surgicalcourse/2022-01-17_14.02.42.ndpi',15006,'/var/www/vhosts/uralensiswebapp.co.uk/slides.uralensiswebapp.co.uk/VirtualCasesApp/static/labels/placeholder.png',0,'FRCPath Default Group'),(563,'PP07','IHC','2022-01-18','IHC','2022-01-18',2,'media/uploads/frcpathp2surgicalcourse/2022-01-17_14.00.30.ndpi',15005,'/var/www/vhosts/uralensiswebapp.co.uk/slides.uralensiswebapp.co.uk/VirtualCasesApp/static/labels/placeholder.png',0,'FRCPath Default Group'),(564,'P2-Mock-SC09','Rob','2022-02-26','Trevor','2022-02-26',2,'media/uploads/frcpathp2surgicalcourse/Rob_Turner_-_2022-02-25_10.48.14.ndpi',202209,'/var/www/vhosts/uralensiswebapp.co.uk/slides.uralensiswebapp.co.uk/VirtualCasesApp/static/labels/placeholder.png',0,'FRCPath Default Group'),(565,'P2-Mock-SC10','Rob','2022-02-26','Trevor','2022-02-26',2,'media/uploads/frcpathp2surgicalcourse/Rob_Turner_-_2022-02-25_10.47.43.ndpi',202210,'/var/www/vhosts/uralensiswebapp.co.uk/slides.uralensiswebapp.co.uk/VirtualCasesApp/static/labels/placeholder.png',0,'FRCPath Default Group'),(566,'P2-Mock-SC13','Rob','2022-02-26','Trevor','2022-02-26',2,'media/uploads/frcpathp2surgicalcourse/Rob_Turner_-_2022-02-25_11.15.38.ndpi',202213,'/var/www/vhosts/uralensiswebapp.co.uk/slides.uralensiswebapp.co.uk/VirtualCasesApp/static/labels/placeholder.png',0,'FRCPath Default Group'),(567,'P2-Mock-SC17','Rob','2022-02-26','Trevor','2022-02-26',2,'media/uploads/frcpathp2surgicalcourse/Rob_Turner_-_2022-02-25_10.59.12.ndpi',202217,'/var/www/vhosts/uralensiswebapp.co.uk/slides.uralensiswebapp.co.uk/VirtualCasesApp/static/labels/placeholder.png',0,'FRCPath Default Group'),(568,'P2-Mock-SC01','Rob','2022-02-26','Trevor','2022-02-26',2,'media/uploads/frcpathp2surgicalcourse/Rob_Turner_-_2022-02-25_11.09.47.ndpi',202201,'/var/www/vhosts/uralensiswebapp.co.uk/slides.uralensiswebapp.co.uk/VirtualCasesApp/static/labels/placeholder.png',0,'FRCPath Default Group'),(569,'P2-Mock-SC08','Rob','2022-02-26','Trevor','2022-02-26',2,'media/uploads/frcpathp2surgicalcourse/Rob_Turner_-_2022-02-25_10.48.41.ndpi',202208,'/var/www/vhosts/uralensiswebapp.co.uk/slides.uralensiswebapp.co.uk/VirtualCasesApp/static/labels/placeholder.png',0,'FRCPath Default Group'),(570,'P2-Mock-SC12','Rob','2022-02-26','Trevor','2022-02-26',2,'media/uploads/frcpathp2surgicalcourse/Rob_Turner_-_2022-02-25_11.16.11.ndpi',202212,'/var/www/vhosts/uralensiswebapp.co.uk/slides.uralensiswebapp.co.uk/VirtualCasesApp/static/labels/placeholder.png',0,'FRCPath Default Group'),(571,'P2-Mock-SC16','Rob','2022-02-26','Trevor','2022-02-26',2,'media/uploads/frcpathp2surgicalcourse/Rob_Turner_-_2022-02-25_11.00.18.ndpi',202216,'/var/www/vhosts/uralensiswebapp.co.uk/slides.uralensiswebapp.co.uk/VirtualCasesApp/static/labels/placeholder.png',0,'FRCPath Default Group'),(572,'P2-Mock-SC18','Rob','2022-02-26','Trevor','2022-02-26',2,'media/uploads/frcpathp2surgicalcourse/Rob_Turner_-_2022-02-25_10.55.01_RGGURWG.ndpi',202218,'/var/www/vhosts/uralensiswebapp.co.uk/slides.uralensiswebapp.co.uk/VirtualCasesApp/static/labels/placeholder.png',0,'FRCPath Default Group'),(574,'P2-Mock-SC07','Rob','2022-02-27','IHC','2022-02-27',2,'media/uploads/frcpathp2surgicalcourse/Rob_Turner_-_2022-02-25_10.49.49.ndpi',202207,'/var/www/vhosts/uralensiswebapp.co.uk/slides.uralensiswebapp.co.uk/VirtualCasesApp/static/labels/placeholder.png',0,'FRCPath Default Group'),(575,'P2-Mock-SC06','Rob','2022-02-27','IHC','2022-02-27',2,'media/uploads/frcpathp2surgicalcourse/Rob_Turner_-_2022-02-25_10.51.32.ndpi',202206,'/var/www/vhosts/uralensiswebapp.co.uk/slides.uralensiswebapp.co.uk/VirtualCasesApp/static/labels/placeholder.png',0,'FRCPath Default Group'),(576,'P2-Mock-SC04','Rob','2022-02-27','IHC','2022-02-27',2,'media/uploads/frcpathp2surgicalcourse/Rob_Turner_-_2022-02-25_11.03.28.ndpi',202204,'/var/www/vhosts/uralensiswebapp.co.uk/slides.uralensiswebapp.co.uk/VirtualCasesApp/static/labels/placeholder.png',0,'FRCPath Default Group'),(577,'P2-Mock-SC19','Rob','2022-02-27','IHC','2022-02-27',2,'media/uploads/frcpathp2surgicalcourse/Rob_Turner_-_2022-02-25_10.56.35.ndpi',202219,'/var/www/vhosts/uralensiswebapp.co.uk/slides.uralensiswebapp.co.uk/VirtualCasesApp/static/labels/placeholder.png',0,'FRCPath Default Group'),(578,'P2-Mock-SC05','Rob','2022-02-27','IHC','2022-02-27',2,'media/uploads/frcpathp2surgicalcourse/Rob_Turner_-_2022-02-25_11.01.48.ndpi',202205,'/var/www/vhosts/uralensiswebapp.co.uk/slides.uralensiswebapp.co.uk/VirtualCasesApp/static/labels/placeholder.png',0,'FRCPath Default Group'),(579,'P2-Mock-SC02','Rob','2022-02-27','MC','2022-02-27',2,'media/uploads/frcpathp2surgicalcourse/Rob_Turner_-_2022-02-25_11.07.59.ndpi',202202,'/var/www/vhosts/uralensiswebapp.co.uk/slides.uralensiswebapp.co.uk/VirtualCasesApp/static/labels/placeholder.png',0,'FRCPath Default Group'),(580,'P2-Mock-SC03','Rob','2022-02-27','IHC','2022-02-27',2,'media/uploads/frcpathp2surgicalcourse/Rob_Turner_-_2022-02-25_11.05.14.ndpi',202203,'/var/www/vhosts/uralensiswebapp.co.uk/slides.uralensiswebapp.co.uk/VirtualCasesApp/static/labels/placeholder.png',0,'FRCPath Default Group'),(581,'P2-Mock-SC15','Rob','2022-02-27','MC','2022-02-27',2,'media/uploads/frcpathp2surgicalcourse/Rob_Turner_-_2022-02-25_11.10.40.ndpi',202215,'/var/www/vhosts/uralensiswebapp.co.uk/slides.uralensiswebapp.co.uk/VirtualCasesApp/static/labels/placeholder.png',0,'FRCPath Default Group'),(582,'P2-Mock-SC14','Rob','2022-02-27','IHC','2022-02-27',2,'media/uploads/frcpathp2surgicalcourse/Rob_Turner_-_2022-02-25_11.12.34.ndpi',202214,'/var/www/vhosts/uralensiswebapp.co.uk/slides.uralensiswebapp.co.uk/VirtualCasesApp/static/labels/placeholder.png',0,'FRCPath Default Group'),(583,'P2-Mock-SC11','Rob','2022-02-27','IHC','2022-02-27',2,'media/uploads/frcpathp2surgicalcourse/Rob_Turner_-_2022-02-25_11.14.00.ndpi',202211,'/var/www/vhosts/uralensiswebapp.co.uk/slides.uralensiswebapp.co.uk/VirtualCasesApp/static/labels/placeholder.png',0,'FRCPath Default Group'),(585,'P2-Mock-SC20','Rob','2022-02-28','Trevor','2022-02-28',2,'media/uploads/frcpathp2surgicalcourse/Done_Rob_Turner_-_2022-02-25_10.53.04.ndpi',202220,'/var/www/vhosts/uralensiswebapp.co.uk/slides.uralensiswebapp.co.uk/VirtualCasesApp/static/labels/placeholder.png',0,'FRCPath Default Group'),(587,'ruler1','3D','2022-10-17','Trevor','2022-10-17',2,'media/uploads/frcpathp2surgicalcourse/Measure_2021_YgFIYmB.mrxs',111122,'/var/www/vhosts/uralensiswebapp.co.uk/slides.uralensiswebapp.co.uk/VirtualCasesApp/static/labels/placeholder.png',1,'FRCPath Default Group'),(588,'test ruler','Trevor','2022-11-11','Trevor','2022-11-11',2,'media/uploads/frcpathp2surgicalcourse/Measure_2021_Default_Extended.tif',111122,'/var/www/vhosts/uralensiswebapp.co.uk/slides.uralensiswebapp.co.uk/VirtualCasesApp/static/labels/placeholder.png',1,'FRCPath Default Group'),(589,'Test-j','Test','2022-12-12','Test','2022-12-12',2,'media/uploads/frcpathp2surgicalcourse/1856_4dd13f62-1c89-411e-a93e-fe532eda7210.svs',1,'/var/www/vhosts/uralensiswebapp.co.uk/slides.uralensiswebapp.co.uk/VirtualCasesApp/static/labels/placeholder.png',0,'FRCPath Default Group'),(590,'UR06 New','Trevor','2023-01-12','Trevor','2023-01-12',2,'media/uploads/frcpathp2surgicalcourse/CASE6_U35kZVv.svs',202306,'/var/www/vhosts/uralensiswebapp.co.uk/slides.uralensiswebapp.co.uk/VirtualCasesApp/static/labels/placeholder.png',1,'FRCPath Default Group');

--
-- Table structure for table `jclinpathtest_annotation`
--

CREATE TABLE `jclinpathtest_annotation` (
  `id` int(11) NOT NULL AUTO_INCREMENT,
  `Json` longtext NOT NULL,
  `AnnotationText` longtext NOT NULL,
  `Type` varchar(10) NOT NULL,
  `Slide_Id_id` int(11) NOT NULL,
  PRIMARY KEY (`id`),
  KEY `jclinpathtest_annota_Slide_Id_id_f6f4c52b_fk_jclinpath` (`Slide_Id_id`),
  CONSTRAINT `jclinpathtest_annota_Slide_Id_id_f6f4c52b_fk_jclinpath` FOREIGN KEY (`Slide_Id_id`) REFERENCES `jclinpathtest_jclinpathtest` (`id`)
) ENGINE=InnoDB DEFAULT CHARSET=utf8mb4 COLLATE=utf8mb4_general_ci;

--
-- Dumping data for table `jclinpathtest_annotation`
--


--
-- Table structure for table `jclinpathtest_jclinpathtest`
--

CREATE TABLE `jclinpathtest_jclinpathtest` (
  `id` int(11) NOT NULL AUTO_INCREMENT,
  `Name` varchar(50) NOT NULL,
  `ScannedBy` varchar(50) NOT NULL,
  `ScannedDate` date NOT NULL,
  `InsertedBy` varchar(50) NOT NULL,
  `InsertedDate` date NOT NULL,
  `SlideType` int(11) NOT NULL,
  `UrlPath` varchar(100) NOT NULL,
  PRIMARY KEY (`id`)
) ENGINE=InnoDB DEFAULT CHARSET=utf8mb4 COLLATE=utf8mb4_general_ci;

--
-- Dumping data for table `jclinpathtest_jclinpathtest`
--


--
-- Table structure for table `liverpooldermpathcourse2020_annotation`
--

CREATE TABLE `liverpooldermpathcourse2020_annotation` (
  `id` int(11) NOT NULL AUTO_INCREMENT,
  `Json` longtext NOT NULL,
  `AnnotationText` longtext NOT NULL,
  `Type` varchar(10) NOT NULL,
  `Slide_Id_id` int(11) NOT NULL,
  PRIMARY KEY (`id`),
  KEY `liverpooldermpathcou_Slide_Id_id_c8fe0727_fk_liverpool` (`Slide_Id_id`),
  CONSTRAINT `liverpooldermpathcou_Slide_Id_id_c8fe0727_fk_liverpool` FOREIGN KEY (`Slide_Id_id`) REFERENCES `liverpooldermpathcourse2020_liverpooldermpathcourse2020` (`id`)
) ENGINE=InnoDB DEFAULT CHARSET=utf8mb4 COLLATE=utf8mb4_general_ci;

--
-- Dumping data for table `liverpooldermpathcourse2020_annotation`
--


--
-- Table structure for table `liverpooldermpathcourse2020_liverpooldermpathcourse2020`
--

CREATE TABLE `liverpooldermpathcourse2020_liverpooldermpathcourse2020` (
  `id` int(11) NOT NULL AUTO_INCREMENT,
  `Name` varchar(50) NOT NULL,
  `ScannedBy` varchar(50) NOT NULL,
  `ScannedDate` date NOT NULL,
  `InsertedBy` varchar(50) NOT NULL,
  `InsertedDate` date NOT NULL,
  `SlideType` int(11) NOT NULL,
  `UrlPath` varchar(100) NOT NULL,
  PRIMARY KEY (`id`)
) ENGINE=InnoDB DEFAULT CHARSET=utf8mb4 COLLATE=utf8mb4_general_ci;

--
-- Dumping data for table `liverpooldermpathcourse2020_liverpooldermpathcourse2020`
--


--
-- Table structure for table `patient_annotation`
--

CREATE TABLE `patient_annotation` (
  `id` int(11) NOT NULL AUTO_INCREMENT,
  `Json` longtext NOT NULL,
  `AnnotationText` longtext NOT NULL,
  `Type` varchar(10) NOT NULL,
  `Slide_Id_id` int(11) NOT NULL,
  PRIMARY KEY (`id`),
  KEY `patient_annotation_Slide_Id_id_e115a3ba_fk_patient_patient_id` (`Slide_Id_id`),
  CONSTRAINT `patient_annotation_Slide_Id_id_e115a3ba_fk_patient_patient_id` FOREIGN KEY (`Slide_Id_id`) REFERENCES `patient_patient` (`id`)
) ENGINE=InnoDB AUTO_INCREMENT=95 DEFAULT CHARSET=utf8 COLLATE=utf8_general_ci;

--
-- Dumping data for table `patient_annotation`
--

INSERT INTO `patient_annotation` VALUES (20,'[\"Path\",{\"applyMatrix\":true,\"segments\":[[33527.02288,18999.92515],[29965.14283,6395.02829]],\"fillColor\":[0,0,0],\"strokeColor\":[0,0,0],\"strokeWidth\":49.22699}]','','l',9),(21,'[\"Path\",{\"applyMatrix\":true,\"segments\":[[57165.17435,2856.95836],[56376.77808,5579.60346]],\"fillColor\":[0.53725,0.40784,0.17255],\"strokeColor\":[0.53725,0.40784,0.17255],\"strokeWidth\":99.96494}]','','l',3),(24,'[\"Path\",{\"applyMatrix\":true,\"segments\":[[52967.38044,47697.0429],[67415.92994,54921.3168]],\"fillColor\":[1,0,0],\"strokeColor\":[1,0,0],\"strokeWidth\":468.87781}]','','l',42),(25,'[\"Shape\",{\"applyMatrix\":false,\"matrix\":[1,0,0,1,32927.66052,39584.29949],\"type\":\"circle\",\"size\":[34915.40617,34915.40617],\"radius\":17457.70309,\"fillColor\":[1,1,1,0.05],\"strokeColor\":[0.64706,0.16471,0.16471],\"strokeWidth\":58.60973}]','','c',42),(28,'[\"Path\",{\"applyMatrix\":true,\"segments\":[[32939.06833,10679.41267],[40046.29372,18314.72938]],\"fillColor\":[1,0.64706,0],\"strokeColor\":[1,0.64706,0],\"strokeWidth\":70.56529}]','','l',18),(29,'[\"Shape\",{\"applyMatrix\":false,\"matrix\":[1,0,0,1,27812.18102,9689.24199],\"type\":\"circle\",\"size\":[3000,3000],\"radius\":1500,\"fillColor\":[1,1,1,0.05],\"strokeColor\":[1,0.64706,0],\"strokeWidth\":105.84793}]','','c',18),(45,'[\"Shape\",{\"applyMatrix\":false,\"matrix\":[1,0,0,1,30879.78565,51972.9268],\"type\":\"rectangle\",\"size\":[16668.14601,17180.67227],\"radius\":[0,0],\"fillColor\":[1,1,1,0.05],\"strokeColor\":[1,0,0],\"strokeWidth\":97.98025}]','','r',19),(46,'[\"Path\",{\"applyMatrix\":true,\"segments\":[[76296.5021,46330.55882],[75857.84664,17701.43592]],\"fillColor\":[1,0,0],\"strokeColor\":[1,0,0],\"strokeWidth\":391.92098}]','','l',19),(53,'[\"Shape\",{\"applyMatrix\":false,\"matrix\":[1,0,0,1,46488.98815,56526.0419],\"type\":\"circle\",\"size\":[21347.90238,21347.90238],\"radius\":10673.95119,\"fillColor\":[1,1,1,0.05],\"strokeColor\":[1,0,0],\"strokeWidth\":0}]','','c',38),(54,'[\"Path\",{\"applyMatrix\":true,\"segments\":[[81780.06609,13733.58968],[66805.02814,29467.7354]],\"fillColor\":[1,0,0],\"strokeColor\":[1,0,0],\"strokeWidth\":448.29549}]','','l',38),(55,'[\"Shape\",{\"applyMatrix\":false,\"matrix\":[1,0,0,1,61019.58401,42137.12324],\"type\":\"circle\",\"size\":[24855.81652,24855.81652],\"radius\":12427.90826,\"fillColor\":[1,1,1,0.05],\"strokeColor\":[1,0,0],\"strokeWidth\":104.68123}]','Cancer area ','c',38),(56,'[\"Shape\",{\"applyMatrix\":false,\"matrix\":[1,0,0,1,28639.36184,37562.09838],\"type\":\"circle\",\"size\":[58.72818,58.72818],\"radius\":29.36409,\"fillColor\":[1,1,1,0.05],\"strokeColor\":[1,0,0],\"strokeWidth\":56967.35864}]','','c',16),(60,'[\"Shape\",{\"applyMatrix\":false,\"matrix\":[1,0,0,1,38661.01198,39194.48304],\"type\":\"circle\",\"size\":[1600,1600],\"radius\":800,\"fillColor\":[1,1,1,0.05],\"strokeColor\":[1,0,0],\"strokeWidth\":365.51669}]','','c',38),(62,'[\"Path\",{\"applyMatrix\":true,\"segments\":[[23380.63409,76513.09803],[36785.17909,98554.12124]],\"fillColor\":[1,0,0],\"strokeColor\":[1,0,0],\"strokeWidth\":416.02247}]','','l',77),(64,'[\"Shape\",{\"applyMatrix\":false,\"matrix\":[1,0,0,1,65190.01815,37628.49146],\"type\":\"circle\",\"size\":[58642.17498,58642.17498],\"radius\":29321.08749,\"fillColor\":[1,1,1,0.05],\"strokeColor\":[1,0,0],\"strokeWidth\":127.32064}]','Cancer area','c',15),(65,'[\"Path\",{\"applyMatrix\":true,\"segments\":[[15276.47543,36270.08915],[15444.27443,6766.75184]],\"fillColor\":[0,0,0],\"strokeColor\":[0,0,0],\"strokeWidth\":404.01481}]','','l',77),(66,'[\"Path\",{\"applyMatrix\":true,\"segments\":[[54432.94572,35372.9477],[68740.47771,47016.19985]],\"fillColor\":[0,0,0],\"strokeColor\":[0,0,0],\"strokeWidth\":373.20839}]','','l',22),(67,'[\"Shape\",{\"applyMatrix\":false,\"matrix\":[1,0,0,1,49098.15291,21005.18136],\"type\":\"circle\",\"size\":[3000,3000],\"radius\":1500,\"fillColor\":[1,1,1,0.05],\"strokeColor\":[1,0,0],\"strokeWidth\":351.10069}]','','c',38),(69,'[\"Path\",{\"applyMatrix\":true,\"segments\":[[82331.31548,53312.66549],[84330.09625,56271.82132]],\"fillColor\":[1,0,0],\"strokeColor\":[1,0,0],\"strokeWidth\":315.08389}]','','l',38),(71,'[\"Shape\",{\"applyMatrix\":false,\"matrix\":[1,0,0,1,61422.04978,26748.1088],\"type\":\"circle\",\"size\":[7185.47774,7185.47774],\"radius\":3592.73887,\"fillColor\":[1,1,1,0.05],\"strokeColor\":[1,0,0],\"strokeWidth\":131.93558}]','','c',83),(72,'[\"Shape\",{\"applyMatrix\":false,\"matrix\":[1,0,0,1,84698.69228,34425.75712],\"type\":\"circle\",\"size\":[16220.46568,16220.46568],\"radius\":8110.23284,\"fillColor\":[1,1,1,0.05],\"strokeColor\":[1,0,0],\"strokeWidth\":414.85295}]','','c',38),(73,'[\"Path\",{\"applyMatrix\":true,\"segments\":[[33746.45932,22605.15489],[51208.12306,33181.31347]],\"fillColor\":[1,0,0],\"strokeColor\":[1,0,0],\"strokeWidth\":414.85295}]','','l',38),(75,'[\"Path\",{\"applyMatrix\":true,\"segments\":[[91598.20988,43403.43494],[84908.38122,48707.90455]],\"fillColor\":[1,0,0],\"strokeColor\":[1,0,0],\"strokeWidth\":459.21025}]','','l',15),(76,'[\"Path\",{\"applyMatrix\":true,\"segments\":[[23218.46723,67425.40169],[24891.8524,55777.02229]],\"fillColor\":[1,0,0],\"strokeColor\":[1,0,0],\"strokeWidth\":372.85633}]','','l',77),(78,'[\"Path\",{\"applyMatrix\":true,\"segments\":[[25612.62629,53387.75616],[53171.76385,50223.66672]],\"fillColor\":[1,0,0],\"strokeColor\":[1,0,0],\"strokeWidth\":531.43622}]','','l',77),(81,'[\"Shape\",{\"applyMatrix\":false,\"matrix\":[1,0,0,1,24106.18671,45873.42377],\"type\":\"circle\",\"size\":[15322.9892,15322.9892],\"radius\":7661.4946,\"fillColor\":[1,1,1,0.05],\"strokeColor\":[1,0,0],\"strokeWidth\":429.09476}]','Cancer ?','c',82),(82,'[\"Path\",{\"applyMatrix\":true,\"segments\":[[30926.7604,74425.72876],[22156.20621,63812.33509]],\"fillColor\":[1,0,0],\"strokeColor\":[1,0,0],\"strokeWidth\":429.09476}]','','l',82),(83,'[\"Path\",{\"applyMatrix\":true,\"segments\":[[158518.14287,26054.76603],[109523.18891,19705.78948]],\"fillColor\":[1,0,0],\"strokeColor\":[1,0,0],\"strokeWidth\":717.77853}]','','l',15),(84,'[\"Path\",{\"applyMatrix\":true,\"segments\":[[33891.84,21176.32],[70161.92,48547.84]],\"fillColor\":[1,0,0],\"strokeColor\":[1,0,0],\"strokeWidth\":449.08533}]','','l',234),(85,'[\"Shape\",{\"applyMatrix\":false,\"matrix\":[1,0,0,1,16377.94288,31597.14288],\"type\":\"circle\",\"size\":[24243.51952,24243.51952],\"radius\":12121.75976,\"fillColor\":[1,1,1,0.05],\"strokeColor\":[1,0,0],\"strokeWidth\":449.08533}]','','c',234),(86,'[\"Shape\",{\"applyMatrix\":false,\"matrix\":[1,0,0,1,17167.63482,12489.51504],\"type\":\"circle\",\"size\":[2046.6281,2046.6281],\"radius\":1023.31405,\"fillColor\":[1,1,1,0.05],\"strokeColor\":[1,0,0],\"strokeWidth\":207.79829}]','','c',318),(87,'[\"Path\",{\"applyMatrix\":true,\"segments\":[[17226.5228,12516.39505],[17350.73349,12864.35783]],\"fillColor\":[1,0,0],\"strokeColor\":[1,0,0],\"strokeWidth\":207.79829}]','','l',318),(88,'[\"Path\",{\"applyMatrix\":true,\"segments\":[[14590.31691,8807.37512],[15063.25369,13029.54572]],\"fillColor\":[1,0,0],\"strokeColor\":[1,0,0],\"strokeWidth\":207.79829}]','','l',318),(89,'[\"Path\",{\"applyMatrix\":true,\"segments\":[[95232.0068,27731.6146],[100806.19695,34532.12903]],\"fillColor\":[1,0,0],\"strokeColor\":[1,0,0],\"strokeWidth\":328.03503}]','','l',15),(90,'[\"Path\",{\"applyMatrix\":true,\"segments\":[[35086.45502,60061.93889],[69423.48387,81578.32939]],\"fillColor\":[1,0,0],\"strokeColor\":[1,0,0],\"strokeWidth\":328.03503}]','','l',15),(91,'[\"Path\",{\"applyMatrix\":true,\"segments\":[[124670.80656,5589.48462],[124463.48261,26045.44812]],\"fillColor\":[1,0,0],\"strokeColor\":[1,0,0],\"strokeWidth\":413.90378}]','','l',15),(93,'[\"Path\",{\"applyMatrix\":true,\"segments\":[[23626.90636,20452.05217],[23638.25159,20463.39869]],\"fillColor\":[1,0,0],\"strokeColor\":[1,0,0],\"strokeWidth\":208.13141}]','','l',349),(94,'[\"Path\",{\"applyMatrix\":true,\"segments\":[[16999.25422,19489.67586],[21033.56757,19489.67586]],\"fillColor\":[1,0,0],\"strokeColor\":[1,0,0],\"strokeWidth\":245.86658}]','','l',349);

--
-- Table structure for table `patient_patient`
--

CREATE TABLE `patient_patient` (
  `id` int(11) NOT NULL AUTO_INCREMENT,
  `Name` varchar(50) NOT NULL,
  `ScannedBy` varchar(50) NOT NULL,
  `ScannedDate` date NOT NULL,
  `InsertedBy` varchar(50) NOT NULL,
  `InsertedDate` date NOT NULL,
  `SlideType` int(11) NOT NULL,
  `UrlPath` varchar(100) NOT NULL,
  `LabelUrlPath` varchar(500) NOT NULL,
  `Group` int(11) NOT NULL,
  `Annotations` tinyint(1) NOT NULL,
  `GroupName` varchar(100) NOT NULL,
  PRIMARY KEY (`id`)
) ENGINE=InnoDB AUTO_INCREMENT=350 DEFAULT CHARSET=utf8 COLLATE=utf8_general_ci;

--
-- Dumping data for table `patient_patient`
--

INSERT INTO `patient_patient` VALUES (2,'Slide_1','Aamir','2020-06-23','Aamir','2020-06-23',2,'media/uploads/patient/IHC_H19.35384PSA_G5nqmt4.svs','/var/www/vhosts/uralensiswebapp.co.uk/slides.uralensiswebapp.co.uk/VirtualCasesApp/static/labels/pla',0,1,'Patient Default Group'),(3,'Case Report 1_HE','IHC','2020-06-23','IHC','2020-06-23',2,'media/uploads/patient/IHC_H19.35384.svs','/var/www/vhosts/uralensiswebapp.co.uk/slides.uralensiswebapp.co.uk/VirtualCasesApp/static/labels/pla',1,1,'Patient Default Group'),(4,'Case Report 1_Ki67','IHC','2020-06-23','IHC','2020-06-23',2,'media/uploads/patient/IHC_H19.35384KI67.svs','/var/www/vhosts/uralensiswebapp.co.uk/slides.uralensiswebapp.co.uk/VirtualCasesApp/static/labels/pla',1,1,'Patient Default Group'),(5,'Case Report 1_MNF116','IHC','2020-06-23','IHC','2020-06-23',2,'media/uploads/patient/IHC_H19.35384PSA_G5nqmt4_3zoxI4O.svs','/var/www/vhosts/uralensiswebapp.co.uk/slides.uralensiswebapp.co.uk/VirtualCasesApp/static/labels/pla',1,1,'Patient Default Group'),(6,'Case Report 1_PSA','IHC','2020-06-23','IHC','2020-06-23',2,'media/uploads/patient/IHC_H19.35384PSA.svs','/var/www/vhosts/uralensiswebapp.co.uk/slides.uralensiswebapp.co.uk/VirtualCasesApp/static/labels/pla',1,1,'Patient Default Group'),(7,'Nanozoomer','IHC','2020-06-23','IHC','2020-06-23',2,'media/uploads/patient/Test_4.ndpi','/var/www/vhosts/uralensiswebapp.co.uk/slides.uralensiswebapp.co.uk/VirtualCasesApp/static/labels/pla',0,1,'Patient Default Group'),(9,'QR_1','IHC','2020-08-02','IHC','2020-08-02',2,'media/uploads/patient/19HAMA0001SMITHA1HE_-_2020-07-30_16.06.17.ndpi','/var/www/vhosts/uralensiswebapp.co.uk/slides.uralensiswebapp.co.uk/VirtualCasesApp/static/labels/pla',2,1,'Patient Default Group'),(10,'QR_1_PAS','IHC','2020-08-03','IHC','2020-08-03',2,'media/uploads/patient/19HAMA0001SMITHA1PAS_-_2020-07-30_16.09.23.ndpi','/var/www/vhosts/uralensiswebapp.co.uk/slides.uralensiswebapp.co.uk/VirtualCasesApp/static/labels/pla',2,1,'Patient Default Group'),(11,'20PBHH','Aamir','2020-08-03','Aamir','2020-08-04',2,'media/uploads/patient/22403 - PU20-10133 20PBHH 22403.svs','/var/www/vhosts/uralensiswebapp.co.uk/slides.uralensiswebapp.co.uk/VirtualCasesApp/static/labels/pla',4,1,'Patient Default Group'),(12,'Desmin','Aamir','2020-08-03','Aamir','2020-08-04',2,'media/uploads/patient/22403 - PU20-10133 Desmin.svs','/var/www/vhosts/uralensiswebapp.co.uk/slides.uralensiswebapp.co.uk/VirtualCasesApp/static/labels/pla',4,1,'Patient Default Group'),(13,'MNF115','Aamir','2020-08-03','Aamir','2020-08-03',2,'media/uploads/patient/22403 - PU20-10133 MNF115.svs','/var/www/vhosts/uralensiswebapp.co.uk/slides.uralensiswebapp.co.uk/VirtualCasesApp/static/labels/pla',4,1,'Patient Default Group'),(14,'P63','Aamir','2020-08-03','Aamir','2020-08-03',2,'media/uploads/patient/22403 - PU20-10133 P63.svs','/var/www/vhosts/uralensiswebapp.co.uk/slides.uralensiswebapp.co.uk/VirtualCasesApp/static/labels/pla',4,1,'Patient Default Group'),(15,'PH0002 - HE','MC','2020-08-23','MC','2020-08-23',2,'media/uploads/patient/0020H007995_A_582805_874260_-_2020-08-19_14.10.17.ndpi','/var/www/vhosts/uralensiswebapp.co.uk/slides.uralensiswebapp.co.uk/VirtualCasesApp/static/labels/pla',2,1,'Patient Default Group'),(16,'PH0005 - ABPAS','MC','2020-08-23','MC','2020-08-23',2,'media/uploads/patient/2020-08-19_13.31.58.ndpi','/var/www/vhosts/uralensiswebapp.co.uk/slides.uralensiswebapp.co.uk/VirtualCasesApp/static/labels/pla',5,1,'Patient Default Group'),(17,'PH0005 - HE','MC','2020-08-23','MC','2020-08-23',2,'media/uploads/patient/2020-08-19_13.35.24.ndpi','/var/www/vhosts/uralensiswebapp.co.uk/slides.uralensiswebapp.co.uk/VirtualCasesApp/static/labels/pla',5,1,'Patient Default Group'),(18,'PH0006 - HE','MC','2020-08-23','MC','2020-08-23',2,'media/uploads/patient/2020-08-19_13.47.16.ndpi','/var/www/vhosts/uralensiswebapp.co.uk/slides.uralensiswebapp.co.uk/VirtualCasesApp/static/labels/pla',6,1,'Patient Default Group'),(19,'PH0010 - HE','MC','2020-08-23','MC','2020-08-23',2,'media/uploads/patient/2020-08-19_13.55.06.ndpi','/var/www/vhosts/uralensiswebapp.co.uk/slides.uralensiswebapp.co.uk/VirtualCasesApp/static/labels/pla',10,1,'Patient Default Group'),(20,'PH0010 - AB-PASD','MC','2020-08-23','MC','2020-08-23',2,'media/uploads/patient/2020-08-19_13.59.20.ndpi','/var/www/vhosts/uralensiswebapp.co.uk/slides.uralensiswebapp.co.uk/VirtualCasesApp/static/labels/pla',10,1,'Patient Default Group'),(22,'PH0001 - Block C - HE','MC','2020-08-31','MC','2020-08-31',2,'media/uploads/patient/2020-08-19_14.23.33.ndpi','/var/www/vhosts/uralensiswebapp.co.uk/slides.uralensiswebapp.co.uk/VirtualCasesApp/static/labels/pla',1,1,'Patient Default Group'),(23,'PH0010 - P63','MC','2020-08-31','MC','2020-08-31',2,'media/uploads/patient/454636_-_2020-08-19_13.57.02.ndpi','/var/www/vhosts/uralensiswebapp.co.uk/slides.uralensiswebapp.co.uk/VirtualCasesApp/static/labels/pla',10,1,'Patient Default Group'),(24,'PH0010 - SMMHC','MC','2020-09-01','MC','2020-09-01',2,'media/uploads/patient/454681_-_2020-08-19_13.36.53.ndpi','/var/www/vhosts/uralensiswebapp.co.uk/slides.uralensiswebapp.co.uk/VirtualCasesApp/static/labels/pla',10,1,'Patient Default Group'),(25,'PH0010 - U98 S100','MC','2020-09-01','MC','2020-09-01',2,'media/uploads/patient/454698_-_2020-08-19_14.03.52.ndpi','/var/www/vhosts/uralensiswebapp.co.uk/slides.uralensiswebapp.co.uk/VirtualCasesApp/static/labels/pla',10,1,'Patient Default Group'),(26,'PH0010 - Ki67','MC','2020-09-02','MC','2020-09-02',2,'media/uploads/patient/454711_-_2020-08-19_14.01.10.ndpi','/var/www/vhosts/uralensiswebapp.co.uk/slides.uralensiswebapp.co.uk/VirtualCasesApp/static/labels/pla',10,1,'Patient Default Group'),(27,'PH0005 - CK7','MC','2020-09-02','MC','2020-09-02',2,'media/uploads/patient/468305_-_2020-08-19_14.15.30.ndpi','/var/www/vhosts/uralensiswebapp.co.uk/slides.uralensiswebapp.co.uk/VirtualCasesApp/static/labels/pla',103,1,'Patient Default Group'),(28,'PH0005 - CK20','MC','2020-09-02','MC','2020-09-02',2,'media/uploads/patient/468312_-_2020-08-19_14.17.38.ndpi','/var/www/vhosts/uralensiswebapp.co.uk/slides.uralensiswebapp.co.uk/VirtualCasesApp/static/labels/pla',103,1,'Patient Default Group'),(29,'PH0005 - CK5/6','MC','2020-09-02','MC','2020-09-02',2,'media/uploads/patient/468350_-_2020-08-19_14.13.40.ndpi','/var/www/vhosts/uralensiswebapp.co.uk/slides.uralensiswebapp.co.uk/VirtualCasesApp/static/labels/pla',103,1,'Patient Default Group'),(30,'PH0006 - U6 BCL2','MC','2020-09-03','MC','2020-09-03',2,'media/uploads/patient/477819_-_2020-08-19_13.30.16.ndpi','/var/www/vhosts/uralensiswebapp.co.uk/slides.uralensiswebapp.co.uk/VirtualCasesApp/static/labels/pla',6,1,'Patient Default Group'),(31,'PH0006 - U7 BCL6','MC','2020-09-03','MC','2020-09-03',2,'media/uploads/patient/477826_-_2020-08-19_13.26.22.ndpi','/var/www/vhosts/uralensiswebapp.co.uk/slides.uralensiswebapp.co.uk/VirtualCasesApp/static/labels/pla',6,1,'Patient Default Group'),(32,'PH0006 - CD3','MC','2020-09-03','MC','2020-09-03',2,'media/uploads/patient/477833_-_2020-08-19_13.39.15.ndpi','/var/www/vhosts/uralensiswebapp.co.uk/slides.uralensiswebapp.co.uk/VirtualCasesApp/static/labels/pla',6,1,'Patient Default Group'),(33,'PH0001 - Block C - ZN','MC1','2020-09-03','MC1','2020-09-03',2,'media/uploads/patient/HI017661_18-1-P-C-2_-_2020-08-19_14.29.07.ndpi','/var/www/vhosts/uralensiswebapp.co.uk/slides.uralensiswebapp.co.uk/VirtualCasesApp/static/labels/pla',101,1,'Patient Default Group'),(34,'PH0007 - A1 - HE','IHC','2020-09-04','IHC','2020-09-04',2,'media/uploads/patient/466713.svs','/var/www/vhosts/uralensiswebapp.co.uk/slides.uralensiswebapp.co.uk/VirtualCasesApp/static/labels/pla',7,1,'Patient Default Group'),(35,'PH0012 - B-1-6 - HE','JL','2020-09-04','JL','2020-09-04',2,'media/uploads/patient/HI1921734-B-1-6_-_2020-08-27_15.03.10.ndpi','/var/www/vhosts/uralensiswebapp.co.uk/slides.uralensiswebapp.co.uk/VirtualCasesApp/static/labels/pla',12,1,'Patient Default Group'),(36,'PH0013 - D-1-5 - HE','JL','2020-09-04','JL','2020-09-04',2,'media/uploads/patient/HI2003867-D-1-5_-_2020-08-27_15.02.08.ndpi','/var/www/vhosts/uralensiswebapp.co.uk/slides.uralensiswebapp.co.uk/VirtualCasesApp/static/labels/pla',13,1,'Patient Default Group'),(37,'PH0001 - Block B - ZN','MC1','2020-09-04','MC1','2020-09-04',2,'media/uploads/patient/HI017661_18-1-P-B-3_-_2020-08-19_14.27.16.ndpi','/var/www/vhosts/uralensiswebapp.co.uk/slides.uralensiswebapp.co.uk/VirtualCasesApp/static/labels/pla',101,1,'Patient Default Group'),(38,'PH0001 - Block B - HE','MC1','2020-09-04','MC1','2020-09-04',2,'media/uploads/patient/HI017661_18-1-P-B-2_-_2020-08-19_14.25.16.ndpi','/var/www/vhosts/uralensiswebapp.co.uk/slides.uralensiswebapp.co.uk/VirtualCasesApp/static/labels/pla',101,1,'Patient Default Group'),(39,'PH0011 - C-1-5 - HE','JL','2020-09-04','JL','2020-09-04',2,'media/uploads/patient/HI2012918-C-1-5_-_2020-08-27_15.04.33.ndpi','/var/www/vhosts/uralensiswebapp.co.uk/slides.uralensiswebapp.co.uk/VirtualCasesApp/static/labels/pla',11,1,'Patient Default Group'),(40,'PH0015 - E-1-2 - HE','JL','2020-09-04','JL','2020-09-04',2,'media/uploads/patient/HI2013000-E-1-2_-_2020-08-27_14.58.38.ndpi','/var/www/vhosts/uralensiswebapp.co.uk/slides.uralensiswebapp.co.uk/VirtualCasesApp/static/labels/pla',15,1,'Patient Default Group'),(42,'PH0007 - A2 - HE','IHC','2020-09-06','IHC','2020-09-06',2,'media/uploads/patient/466716.svs','/var/www/vhosts/uralensiswebapp.co.uk/slides.uralensiswebapp.co.uk/VirtualCasesApp/static/labels/pla',7,1,'Patient Default Group'),(43,'PH0006 - CD5','MC','2020-09-06','MC','2020-09-06',2,'media/uploads/patient/477840_-_2020-08-19_13.28.22.ndpi','/var/www/vhosts/uralensiswebapp.co.uk/slides.uralensiswebapp.co.uk/VirtualCasesApp/static/labels/pla',6,1,'Patient Default Group'),(44,'PH0006 - CD10','MC','2020-09-07','MC','2020-09-07',2,'media/uploads/patient/477857_-_2020-08-19_13.42.23.ndpi','/var/www/vhosts/uralensiswebapp.co.uk/slides.uralensiswebapp.co.uk/VirtualCasesApp/static/labels/pla',6,1,'Patient Default Group'),(45,'PH0006 - CD20','MC','2020-09-07','MC','2020-09-07',2,'media/uploads/patient/477864_-_2020-08-19_13.50.27.ndpi','/var/www/vhosts/uralensiswebapp.co.uk/slides.uralensiswebapp.co.uk/VirtualCasesApp/static/labels/pla',6,1,'Patient Default Group'),(46,'PH0006 - CD30','MC','2020-09-07','MC','2020-09-07',2,'media/uploads/patient/477871_-_2020-08-19_13.51.57.ndpi','/var/www/vhosts/uralensiswebapp.co.uk/slides.uralensiswebapp.co.uk/VirtualCasesApp/static/labels/pla',6,1,'Patient Default Group'),(47,'PH0006 - CD79A','MC','2020-09-07','MC','2020-09-07',2,'media/uploads/patient/477888_-_2020-08-19_13.24.13.ndpi','/var/www/vhosts/uralensiswebapp.co.uk/slides.uralensiswebapp.co.uk/VirtualCasesApp/static/labels/pla',6,1,'Patient Default Group'),(48,'PH0006 - CYD1','MC','2020-09-08','MC','2020-09-08',2,'media/uploads/patient/477895_-_2020-08-19_13.40.52.ndpi','/var/www/vhosts/uralensiswebapp.co.uk/slides.uralensiswebapp.co.uk/VirtualCasesApp/static/labels/pla',6,1,'Patient Default Group'),(49,'PH0006 - EBV','MC','2020-09-08','MC','2020-09-08',2,'media/uploads/patient/477901_-_2020-08-19_13.53.22.ndpi','/var/www/vhosts/uralensiswebapp.co.uk/slides.uralensiswebapp.co.uk/VirtualCasesApp/static/labels/pla',6,1,'Patient Default Group'),(50,'PH0006 - Ki67','MC','2020-09-08','MC','2020-09-08',2,'media/uploads/patient/477918_-_2020-08-19_13.48.23.ndpi','/var/www/vhosts/uralensiswebapp.co.uk/slides.uralensiswebapp.co.uk/VirtualCasesApp/static/labels/pla',6,1,'Patient Default Group'),(51,'PH0006 - MUM1','MC','2020-09-08','MC','2020-09-08',2,'media/uploads/patient/477925_-_2020-08-19_13.43.59.ndpi','/var/www/vhosts/uralensiswebapp.co.uk/slides.uralensiswebapp.co.uk/VirtualCasesApp/static/labels/pla',6,1,'Patient Default Group'),(52,'PH0006 - PAX5','MC','2020-09-09','MC','2020-09-09',2,'media/uploads/patient/477932_-_2020-08-19_13.45.46.ndpi','/var/www/vhosts/uralensiswebapp.co.uk/slides.uralensiswebapp.co.uk/VirtualCasesApp/static/labels/pla',6,1,'Patient Default Group'),(53,'PH0006 - AE1/3','MC','2020-09-09','MC','2020-09-09',2,'media/uploads/patient/477949_-_2020-08-19_19.31.44.ndpi','/var/www/vhosts/uralensiswebapp.co.uk/slides.uralensiswebapp.co.uk/VirtualCasesApp/static/labels/pla',6,1,'Patient Default Group'),(54,'PH0002 - HMW','MC','2020-09-09','MC','2020-09-09',2,'media/uploads/patient/558440_-_2020-08-19_14.07.06.ndpi','/var/www/vhosts/uralensiswebapp.co.uk/slides.uralensiswebapp.co.uk/VirtualCasesApp/static/labels/pla',102,1,'Patient Default Group'),(55,'PH0002 - HMW CONTROL','MC','2020-09-09','MC','2020-09-09',2,'media/uploads/patient/558570_-_2020-08-19_14.12.32.ndpi','/var/www/vhosts/uralensiswebapp.co.uk/slides.uralensiswebapp.co.uk/VirtualCasesApp/static/labels/pla',102,1,'Patient Default Group'),(56,'H12,99999,A1,PH0019,HE_HE_20200901_093237','MC1','2020-09-13','MC1','2020-09-13',2,'media/uploads/patient/H1299999A1PH0019HE_HE_20200901_093237.isyntax','/var/www/vhosts/uralensiswebapp.co.uk/slides.uralensiswebapp.co.uk/VirtualCasesApp/static/labels/pla',0,1,'Patient Default Group'),(57,'PH0018 - A-1-5 - HE','MC1','2020-09-13','MC1','2020-09-13',2,'media/uploads/patient/H199988A1PH0018AE1_AE3_AE1_AE3_20200901_093834.tiff','/var/www/vhosts/uralensiswebapp.co.uk/slides.uralensiswebapp.co.uk/VirtualCasesApp/static/labels/pla',18,1,'Patient Default Group'),(58,'PH0018 - A-1-4 - HE','MC1','2020-09-13','MC1','2020-09-13',2,'media/uploads/patient/H199988A1PH0018HE_HE_20200901_093454.tiff','/var/www/vhosts/uralensiswebapp.co.uk/slides.uralensiswebapp.co.uk/VirtualCasesApp/static/labels/pla',18,1,'Patient Default Group'),(60,'PH0019 - A-1-2 - HE','MC1','2020-09-13','MC1','2020-09-13',2,'media/uploads/patient/H1299999A1PH0019HE_HE_20200901_093237.tiff','/var/www/vhosts/uralensiswebapp.co.uk/slides.uralensiswebapp.co.uk/VirtualCasesApp/static/labels/pla',19,1,'Patient Default Group'),(61,'H19,9988,A1,PH0018,AE1_AE3_AE1_AE3_20200901_093834','MC1','2020-09-13','MC1','2020-09-13',2,'media/uploads/patient/H199988A1PH0018AE1_AE3_AE1_AE3_20200901_093834.isyntax','/var/www/vhosts/uralensiswebapp.co.uk/slides.uralensiswebapp.co.uk/VirtualCasesApp/static/labels/pla',0,1,'Patient Default Group'),(63,'H20,99933,A1,PH0008,CD20_CD20_20200901_094853','MC1','2020-09-13','MC1','2020-09-13',2,'media/uploads/patient/H2099933A1PH0008CD20_CD20_20200901_094853.isyntax','/var/www/vhosts/uralensiswebapp.co.uk/slides.uralensiswebapp.co.uk/VirtualCasesApp/static/labels/pla',0,1,'Patient Default Group'),(64,'H19,9988,A1,PH0018,HE_HE_20200901_093454','MC1','2020-09-13','MC1','2020-09-13',2,'media/uploads/patient/H199988A1PH0018HE_HE_20200901_093454.isyntax','/var/www/vhosts/uralensiswebapp.co.uk/slides.uralensiswebapp.co.uk/VirtualCasesApp/static/labels/pla',0,1,'Patient Default Group'),(65,'PH0008 - GIEMSA','IHC','2020-09-15','IHC','2020-09-15',2,'media/uploads/patient/H2099933A1PH0008GIEMHP_GIEMHP_20200901_094211.tiff','/var/www/vhosts/uralensiswebapp.co.uk/slides.uralensiswebapp.co.uk/VirtualCasesApp/static/labels/pla',8,1,'Patient Default Group'),(66,'PH0008 - CD5','IHC','2020-09-15','IHC','2020-09-15',2,'media/uploads/patient/H2099933A1PH0008CD5_CD5_20200901_095041_2.tiff','/var/www/vhosts/uralensiswebapp.co.uk/slides.uralensiswebapp.co.uk/VirtualCasesApp/static/labels/pla',8,1,'Patient Default Group'),(67,'PH0008 - Ki67','IHC','2020-09-15','IHC','2020-09-15',2,'media/uploads/patient/H2099933A1PH0008KI67_KI67_20200901_094105_1.tiff','/var/www/vhosts/uralensiswebapp.co.uk/slides.uralensiswebapp.co.uk/VirtualCasesApp/static/labels/pla',8,1,'Patient Default Group'),(68,'PH0008 - CD20','IHC','2020-09-15','IHC','2020-09-15',2,'media/uploads/patient/H2099933A1PH0008CD20_CD20_20200901_094853_2.tiff','/var/www/vhosts/uralensiswebapp.co.uk/slides.uralensiswebapp.co.uk/VirtualCasesApp/static/labels/pla',8,1,'Patient Default Group'),(69,'PH0008 - MUM1','IHC','2020-09-15','IHC','2020-09-15',2,'media/uploads/patient/H2099933A1PH0008MUM1_MUM1_20200901_094416.tiff','/var/www/vhosts/uralensiswebapp.co.uk/slides.uralensiswebapp.co.uk/VirtualCasesApp/static/labels/pla',8,1,'Patient Default Group'),(70,'PH0008 - HE','IHC','2020-09-15','IHC','2020-09-15',2,'media/uploads/patient/H2099933A1PH0008L1-3_L1-3_20200901_094613.tiff','/var/www/vhosts/uralensiswebapp.co.uk/slides.uralensiswebapp.co.uk/VirtualCasesApp/static/labels/pla',8,1,'Patient Default Group'),(72,'PH0005 - CDX2','MC','2020-09-16','MC','2020-09-16',2,'media/uploads/patient/468329_-_2020-08-19_13.33.34.ndpi','/var/www/vhosts/uralensiswebapp.co.uk/slides.uralensiswebapp.co.uk/VirtualCasesApp/static/labels/pla',103,1,'Patient Default Group'),(73,'PH0005 - P63','MC','2020-09-16','MC','2020-09-16',2,'media/uploads/patient/468343_-_2020-08-19_14.21.38.ndpi','/var/www/vhosts/uralensiswebapp.co.uk/slides.uralensiswebapp.co.uk/VirtualCasesApp/static/labels/pla',103,1,'Patient Default Group'),(74,'PH0005 - P40','MC','2020-09-16','MC','2020-09-16',2,'media/uploads/patient/468336_-_2020-08-19_14.19.33.ndpi','/var/www/vhosts/uralensiswebapp.co.uk/slides.uralensiswebapp.co.uk/VirtualCasesApp/static/labels/pla',103,1,'Patient Default Group'),(75,'PH0014 - B-1-9 - HE','MC','2020-09-16','MC','2020-09-16',2,'media/uploads/patient/HI2013101-B-1-9_-_2020-08-27_15.00.03_Pq8I23o.ndpi','/var/www/vhosts/uralensiswebapp.co.uk/slides.uralensiswebapp.co.uk/VirtualCasesApp/static/labels/pla',14,1,'Patient Default Group'),(77,'PH0003 - HE','MC','2020-09-21','MC','2020-09-21',2,'media/uploads/patient/PH0003A2L2.svs','/var/www/vhosts/uralensiswebapp.co.uk/slides.uralensiswebapp.co.uk/VirtualCasesApp/static/labels/pla',3,1,'Patient Default Group'),(78,'PH0009 - GIEMSA','MC','2020-09-21','MC','2020-09-21',2,'media/uploads/patient/PH0009C1GIEM.svs','/var/www/vhosts/uralensiswebapp.co.uk/slides.uralensiswebapp.co.uk/VirtualCasesApp/static/labels/pla',9,1,'Patient Default Group'),(79,'PH0009 - L4-6-HE','MC','2020-09-21','MC','2020-09-21',2,'media/uploads/patient/PH0009C1L4-6.svs','/var/www/vhosts/uralensiswebapp.co.uk/slides.uralensiswebapp.co.uk/VirtualCasesApp/static/labels/pla',9,1,'Patient Default Group'),(81,'PH0009 - L1-3-HE','MC','2020-09-21','MC','2020-09-21',2,'media/uploads/patient/PH0009C1L1-3.svs','/var/www/vhosts/uralensiswebapp.co.uk/slides.uralensiswebapp.co.uk/VirtualCasesApp/static/labels/pla',9,1,'Patient Default Group'),(82,'PH0004 - A1 - HE','MC','2020-09-21','MC','2020-09-21',2,'media/uploads/patient/PH0004A1.svs','/var/www/vhosts/uralensiswebapp.co.uk/slides.uralensiswebapp.co.uk/VirtualCasesApp/static/labels/pla',4,1,'Patient Default Group'),(83,'PH0004 - A2 - HE','MC','2020-09-21','MC','2020-09-21',2,'media/uploads/patient/PH0004A2.svs','/var/www/vhosts/uralensiswebapp.co.uk/slides.uralensiswebapp.co.uk/VirtualCasesApp/static/labels/pla',4,1,'Patient Default Group'),(84,'PH0016 - C-1-4 - Giemsa','MC','2020-09-21','MC','2020-09-21',2,'media/uploads/patient/PH0017_25-8-2020_11-17-27.svs','/var/www/vhosts/uralensiswebapp.co.uk/slides.uralensiswebapp.co.uk/VirtualCasesApp/static/labels/pla',16,1,'Patient Default Group'),(85,'PH0016 - C-1-3 - HE','MC','2020-09-21','MC','2020-09-21',2,'media/uploads/patient/PH0017_25-8-2020_11-18-56.svs','/var/www/vhosts/uralensiswebapp.co.uk/slides.uralensiswebapp.co.uk/VirtualCasesApp/static/labels/pla',16,1,'Patient Default Group'),(86,'PH0017 - C-13-2 - HE','MC','2020-09-21','MC','2020-09-21',2,'media/uploads/patient/PH0017.svs','/var/www/vhosts/uralensiswebapp.co.uk/slides.uralensiswebapp.co.uk/VirtualCasesApp/static/labels/pla',17,1,'Patient Default Group'),(87,'Pathhub_01_PU20-15518','Mo','2021-01-01','Mo','2021-01-01',2,'media/uploads/patient/32637.svs','/var/www/vhosts/uralensiswebapp.co.uk/slides.uralensiswebapp.co.uk/VirtualCasesApp/static/labels/pla',100,1,'Patient Default Group'),(88,'Pathhub_01_PU20-15516_EMA','FA','2021-01-02','FA','2021-01-02',2,'media/uploads/patient/32637_20210102110934695.svs','/var/www/vhosts/uralensiswebapp.co.uk/slides.uralensiswebapp.co.uk/VirtualCasesApp/static/labels/pla',100,1,'Patient Default Group'),(89,'Pathhub_01_PU20-15516_BEREP4','FA','2021-01-04','FA','2021-01-04',2,'media/uploads/patient/32637_20210102111356703.svs','/var/www/vhosts/uralensiswebapp.co.uk/slides.uralensiswebapp.co.uk/VirtualCasesApp/static/labels/pla',100,1,'Patient Default Group'),(90,'Pathhub_01_PU20-15516_CD56','FA','2021-01-04','FA','2021-01-04',2,'media/uploads/patient/32637_20210104123318476.svs','/var/www/vhosts/uralensiswebapp.co.uk/slides.uralensiswebapp.co.uk/VirtualCasesApp/static/labels/pla',100,1,'Patient Default Group'),(91,'Pathhub_01_PU20-15516_MNF116','FA','2021-01-04','FA','2021-01-04',2,'media/uploads/patient/32637_20210104130107853.svs','/var/www/vhosts/uralensiswebapp.co.uk/slides.uralensiswebapp.co.uk/VirtualCasesApp/static/labels/pla',100,1,'Patient Default Group'),(92,'Pathhub_01_PU20-15516_CK20','FA','2021-01-04','FA','2021-01-04',2,'media/uploads/patient/32637_20210104133845471.svs','/var/www/vhosts/uralensiswebapp.co.uk/slides.uralensiswebapp.co.uk/VirtualCasesApp/static/labels/pla',100,1,'Patient Default Group'),(93,'Pathhub_01_PU20-15516_SMA','FA','2021-01-04','FA','2021-01-04',2,'media/uploads/patient/32637_20210104140208026.svs','/var/www/vhosts/uralensiswebapp.co.uk/slides.uralensiswebapp.co.uk/VirtualCasesApp/static/labels/pla',100,1,'Patient Default Group'),(94,'Pathhub_01_PU20-15516_S100','FA','2021-01-04','FA','2021-01-04',2,'media/uploads/patient/32637_23-11-2020_17-14-45_20210104141209570.svs','/var/www/vhosts/uralensiswebapp.co.uk/slides.uralensiswebapp.co.uk/VirtualCasesApp/static/labels/pla',100,1,'Patient Default Group'),(95,'Pathhub_01_PU20-15516_CEA','FA','2021-01-04','FA','2021-01-04',2,'media/uploads/patient/32637_23-11-2020_17-16-44.svs','/var/www/vhosts/uralensiswebapp.co.uk/slides.uralensiswebapp.co.uk/VirtualCasesApp/static/labels/pla',100,1,'Patient Default Group'),(96,'Pathhub_01_PU20-15516_CK7','FA','2021-01-04','FA','2021-01-04',2,'media/uploads/patient/32637_23-11-2020_17-18-42.svs','/var/www/vhosts/uralensiswebapp.co.uk/slides.uralensiswebapp.co.uk/VirtualCasesApp/static/labels/pla',100,1,'Patient Default Group'),(97,'ALOPECIA_01_S20/21239_HE1','FA','2021-01-04','FA','2021-01-04',2,'media/uploads/patient/S20_21239.svs','/var/www/vhosts/uralensiswebapp.co.uk/slides.uralensiswebapp.co.uk/VirtualCasesApp/static/labels/pla',500,1,'Patient Default Group'),(98,'ALOPECIA_01_S20/21239_HE2','FA','2021-01-04','FA','2021-01-04',2,'media/uploads/patient/S20_21239_20210104151208918.svs','/var/www/vhosts/uralensiswebapp.co.uk/slides.uralensiswebapp.co.uk/VirtualCasesApp/static/labels/pla',500,1,'Patient Default Group'),(99,'ALOPECIA_01_S20/21239_HE3','FA','2021-01-05','FA','2021-01-05',2,'media/uploads/patient/S20_21239_20210105111657165.svs','/var/www/vhosts/uralensiswebapp.co.uk/slides.uralensiswebapp.co.uk/VirtualCasesApp/static/labels/pla',500,1,'Patient Default Group'),(100,'ALOPECIA_01_S20/21239_HE4','FA','2021-01-05','FA','2021-01-05',2,'media/uploads/patient/S20_21239_20210105122105900.svs','/var/www/vhosts/uralensiswebapp.co.uk/slides.uralensiswebapp.co.uk/VirtualCasesApp/static/labels/pla',500,1,'Patient Default Group'),(101,'ALOPECIA_01_S20/21239_HE5','FA','2021-01-05','FA','2021-01-05',2,'media/uploads/patient/S20_21239_20210105124912242.svs','/var/www/vhosts/uralensiswebapp.co.uk/slides.uralensiswebapp.co.uk/VirtualCasesApp/static/labels/pla',500,1,'Patient Default Group'),(102,'ALOPECIA_01_S20/21239_HE6','FA','2021-01-05','FA','2021-01-05',2,'media/uploads/patient/S20_21239_20210105132149300.svs','/var/www/vhosts/uralensiswebapp.co.uk/slides.uralensiswebapp.co.uk/VirtualCasesApp/static/labels/pla',500,1,'Patient Default Group'),(103,'ALOPECIA_01_S20/21239_HE7','FA','2021-01-05','FA','2021-01-05',2,'media/uploads/patient/S20_21239_20210105134330261.svs','/var/www/vhosts/uralensiswebapp.co.uk/slides.uralensiswebapp.co.uk/VirtualCasesApp/static/labels/pla',500,1,'Patient Default Group'),(104,'ALOPECIA_01_S20/21239_HE8','FA','2021-01-05','FA','2021-01-05',2,'media/uploads/patient/S20_21239_20210105141109905.svs','/var/www/vhosts/uralensiswebapp.co.uk/slides.uralensiswebapp.co.uk/VirtualCasesApp/static/labels/pla',500,1,'Patient Default Group'),(105,'ALOPECIA_01_S20/21239_HE9','FA','2021-01-05','FA','2021-01-05',2,'media/uploads/patient/S20_21239_20210105144320457.svs','/var/www/vhosts/uralensiswebapp.co.uk/slides.uralensiswebapp.co.uk/VirtualCasesApp/static/labels/pla',500,1,'Patient Default Group'),(106,'ALOPECIA_01_S20/21239_HE10','FA','2021-01-05','FA','2021-01-05',2,'media/uploads/patient/S20_21239_20210105145628520.svs','/var/www/vhosts/uralensiswebapp.co.uk/slides.uralensiswebapp.co.uk/VirtualCasesApp/static/labels/pla',500,1,'Patient Default Group'),(107,'SN_01','MC','2021-01-05','MC','2021-01-05',2,'media/uploads/patient/SN_1.svs','/var/www/vhosts/uralensiswebapp.co.uk/slides.uralensiswebapp.co.uk/VirtualCasesApp/static/labels/pla',1001,1,'Patient Default Group'),(108,'SN_02','MC','2021-01-05','MC','2021-01-05',2,'media/uploads/patient/SN_2.svs','/var/www/vhosts/uralensiswebapp.co.uk/slides.uralensiswebapp.co.uk/VirtualCasesApp/static/labels/pla',1002,1,'Patient Default Group'),(109,'SN_06','MC','2021-01-06','MC','2021-01-06',2,'media/uploads/patient/SN_6.svs','/var/www/vhosts/uralensiswebapp.co.uk/slides.uralensiswebapp.co.uk/VirtualCasesApp/static/labels/pla',1006,1,'Patient Default Group'),(110,'SN_05','MC','2021-01-06','MC','2021-01-06',2,'media/uploads/patient/SN_5.svs','/var/www/vhosts/uralensiswebapp.co.uk/slides.uralensiswebapp.co.uk/VirtualCasesApp/static/labels/pla',1005,1,'Patient Default Group'),(111,'SN_08','MC','2021-01-06','MC','2021-01-06',2,'media/uploads/patient/SN_8.svs','/var/www/vhosts/uralensiswebapp.co.uk/slides.uralensiswebapp.co.uk/VirtualCasesApp/static/labels/pla',1008,1,'Patient Default Group'),(112,'SN_12','MC','2021-01-06','MC','2021-01-06',2,'media/uploads/patient/SN_12.svs','/var/www/vhosts/uralensiswebapp.co.uk/slides.uralensiswebapp.co.uk/VirtualCasesApp/static/labels/pla',1012,1,'Patient Default Group'),(113,'SN_10','MC','2021-01-06','MC','2021-01-06',2,'media/uploads/patient/SN_10.svs','/var/www/vhosts/uralensiswebapp.co.uk/slides.uralensiswebapp.co.uk/VirtualCasesApp/static/labels/pla',1010,1,'Patient Default Group'),(114,'SN_11','MC','2021-01-06','MC','2021-01-06',2,'media/uploads/patient/SN_11.svs','/var/www/vhosts/uralensiswebapp.co.uk/slides.uralensiswebapp.co.uk/VirtualCasesApp/static/labels/pla',1011,1,'Patient Default Group'),(115,'SN_07','MC','2021-01-06','MC','2021-01-06',2,'media/uploads/patient/SN_7.svs','/var/www/vhosts/uralensiswebapp.co.uk/slides.uralensiswebapp.co.uk/VirtualCasesApp/static/labels/pla',1007,1,'Patient Default Group'),(116,'SN_04','MC','2021-01-06','MC','2021-01-06',2,'media/uploads/patient/SN_4.svs','/var/www/vhosts/uralensiswebapp.co.uk/slides.uralensiswebapp.co.uk/VirtualCasesApp/static/labels/pla',1004,1,'Patient Default Group'),(117,'SN_13','MC','2021-01-06','MC','2021-01-06',2,'media/uploads/patient/SN_13.svs','/var/www/vhosts/uralensiswebapp.co.uk/slides.uralensiswebapp.co.uk/VirtualCasesApp/static/labels/pla',1013,1,'Patient Default Group'),(118,'SN_03','MC','2021-01-06','MC','2021-01-06',2,'media/uploads/patient/SN_3.svs','/var/www/vhosts/uralensiswebapp.co.uk/slides.uralensiswebapp.co.uk/VirtualCasesApp/static/labels/pla',1003,1,'Patient Default Group'),(119,'SN_09','MC','2021-01-06','MC','2021-01-06',2,'media/uploads/patient/SN_9.svs','/var/www/vhosts/uralensiswebapp.co.uk/slides.uralensiswebapp.co.uk/VirtualCasesApp/static/labels/pla',1009,1,'Patient Default Group'),(120,'SN_17','MC','2021-01-06','MC','2021-01-06',2,'media/uploads/patient/SN_17.svs','/var/www/vhosts/uralensiswebapp.co.uk/slides.uralensiswebapp.co.uk/VirtualCasesApp/static/labels/pla',1017,1,'Patient Default Group'),(121,'SN_16','MC','2021-01-06','MC','2021-01-06',2,'media/uploads/patient/SN_16.svs','/var/www/vhosts/uralensiswebapp.co.uk/slides.uralensiswebapp.co.uk/VirtualCasesApp/static/labels/pla',1016,1,'Patient Default Group'),(122,'SN_20','MC','2021-01-06','MC','2021-01-06',2,'media/uploads/patient/SN_20.svs','/var/www/vhosts/uralensiswebapp.co.uk/slides.uralensiswebapp.co.uk/VirtualCasesApp/static/labels/pla',1020,1,'Patient Default Group'),(123,'SN_19','MC','2021-01-06','MC','2021-01-06',2,'media/uploads/patient/SN_19.svs','/var/www/vhosts/uralensiswebapp.co.uk/slides.uralensiswebapp.co.uk/VirtualCasesApp/static/labels/pla',1019,1,'Patient Default Group'),(124,'SN_21','MC','2021-01-06','MC','2021-01-06',2,'media/uploads/patient/SN_21.svs','/var/www/vhosts/uralensiswebapp.co.uk/slides.uralensiswebapp.co.uk/VirtualCasesApp/static/labels/pla',1021,1,'Patient Default Group'),(125,'SN_14','MC','2021-01-06','MC','2021-01-06',2,'media/uploads/patient/SN_14.svs','/var/www/vhosts/uralensiswebapp.co.uk/slides.uralensiswebapp.co.uk/VirtualCasesApp/static/labels/pla',1014,1,'Patient Default Group'),(126,'SN_18','MC','2021-01-06','MC','2021-01-06',2,'media/uploads/patient/SN_18.svs','/var/www/vhosts/uralensiswebapp.co.uk/slides.uralensiswebapp.co.uk/VirtualCasesApp/static/labels/pla',1018,1,'Patient Default Group'),(127,'SN_15','MC','2021-01-06','MC','2021-01-06',2,'media/uploads/patient/SN_15.svs','/var/www/vhosts/uralensiswebapp.co.uk/slides.uralensiswebapp.co.uk/VirtualCasesApp/static/labels/pla',0,1,'Patient Default Group'),(128,'SN_22','MC','2021-01-06','MC','2021-01-06',2,'media/uploads/patient/SN_22.svs','/var/www/vhosts/uralensiswebapp.co.uk/slides.uralensiswebapp.co.uk/VirtualCasesApp/static/labels/pla',1021,1,'Patient Default Group'),(129,'SN_22','MC','2021-01-06','MC','2021-01-06',2,'media/uploads/patient/SN_22_bmG6FfA.svs','/var/www/vhosts/uralensiswebapp.co.uk/slides.uralensiswebapp.co.uk/VirtualCasesApp/static/labels/pla',1022,1,'Patient Default Group'),(130,'SN_23','MC','2021-01-06','MC','2021-01-06',2,'media/uploads/patient/SN_23.svs','/var/www/vhosts/uralensiswebapp.co.uk/slides.uralensiswebapp.co.uk/VirtualCasesApp/static/labels/pla',1023,1,'Patient Default Group'),(131,'SN_24','MC','2021-01-06','MC','2021-01-06',2,'media/uploads/patient/SN_24.svs','/var/www/vhosts/uralensiswebapp.co.uk/slides.uralensiswebapp.co.uk/VirtualCasesApp/static/labels/pla',1024,1,'Patient Default Group'),(132,'SN_28','MC','2021-01-06','MC','2021-01-06',2,'media/uploads/patient/SN_28.svs','/var/www/vhosts/uralensiswebapp.co.uk/slides.uralensiswebapp.co.uk/VirtualCasesApp/static/labels/pla',1028,1,'Patient Default Group'),(133,'SN_26','MC','2021-01-06','MC','2021-01-06',2,'media/uploads/patient/SN_26.svs','/var/www/vhosts/uralensiswebapp.co.uk/slides.uralensiswebapp.co.uk/VirtualCasesApp/static/labels/pla',1026,1,'Patient Default Group'),(134,'SN_30','MC','2021-01-06','MC','2021-01-06',2,'media/uploads/patient/SN_30.svs','/var/www/vhosts/uralensiswebapp.co.uk/slides.uralensiswebapp.co.uk/VirtualCasesApp/static/labels/pla',1030,1,'Patient Default Group'),(135,'SN_25','MC','2021-01-06','MC','2021-01-06',2,'media/uploads/patient/SN_25.svs','/var/www/vhosts/uralensiswebapp.co.uk/slides.uralensiswebapp.co.uk/VirtualCasesApp/static/labels/pla',1025,1,'Patient Default Group'),(136,'SN_27','MC','2021-01-06','MC','2021-01-06',2,'media/uploads/patient/SN_27.svs','/var/www/vhosts/uralensiswebapp.co.uk/slides.uralensiswebapp.co.uk/VirtualCasesApp/static/labels/pla',1027,1,'Patient Default Group'),(137,'SN_29','MC','2021-01-06','MC','2021-01-06',2,'media/uploads/patient/SN_29.svs','/var/www/vhosts/uralensiswebapp.co.uk/slides.uralensiswebapp.co.uk/VirtualCasesApp/static/labels/pla',1029,1,'Patient Default Group'),(138,'ALOPECIA_01_S20/21240_HE1','FA','2021-01-06','FA','2021-01-06',2,'media/uploads/patient/S20_21240.svs','/var/www/vhosts/uralensiswebapp.co.uk/slides.uralensiswebapp.co.uk/VirtualCasesApp/static/labels/pla',501,1,'Patient Default Group'),(139,'ALOPECIA_01_S20/21240_HE2','FA','2021-01-06','FA','2021-01-06',2,'media/uploads/patient/S20_21240_20210106172817055.svs','/var/www/vhosts/uralensiswebapp.co.uk/slides.uralensiswebapp.co.uk/VirtualCasesApp/static/labels/pla',501,1,'Patient Default Group'),(140,'ALOPECIA_01_S20/21240_HE3','FA','2021-01-06','FA','2021-01-06',2,'media/uploads/patient/S20_21240_20210106173809632.svs','/var/www/vhosts/uralensiswebapp.co.uk/slides.uralensiswebapp.co.uk/VirtualCasesApp/static/labels/pla',501,1,'Patient Default Group'),(141,'ALOPECIA_01_S20/21240_HE4','FA','2021-01-06','FA','2021-01-06',2,'media/uploads/patient/S20_21240_20210106174611522.svs','/var/www/vhosts/uralensiswebapp.co.uk/slides.uralensiswebapp.co.uk/VirtualCasesApp/static/labels/pla',501,1,'Patient Default Group'),(142,'ALOPECIA_01_S20/21240_HE5','FA','2021-01-06','FA','2021-01-06',2,'media/uploads/patient/S20_21240_20210106180005828.svs','/var/www/vhosts/uralensiswebapp.co.uk/slides.uralensiswebapp.co.uk/VirtualCasesApp/static/labels/pla',501,1,'Patient Default Group'),(143,'ALOPECIA_01_S20/21240_HE6','FA','2021-01-06','FA','2021-01-06',2,'media/uploads/patient/S20_21240_20210106180817638.svs','/var/www/vhosts/uralensiswebapp.co.uk/slides.uralensiswebapp.co.uk/VirtualCasesApp/static/labels/pla',501,1,'Patient Default Group'),(144,'ALOPECIA_01_S20/21241_HE1','FA','2021-01-06','FA','2021-01-06',2,'media/uploads/patient/S20_21241.svs','/var/www/vhosts/uralensiswebapp.co.uk/slides.uralensiswebapp.co.uk/VirtualCasesApp/static/labels/pla',502,1,'Patient Default Group'),(145,'ALOPECIA_01_S20/21241_HE2','FA','2021-01-06','FA','2021-01-06',2,'media/uploads/patient/S20_21241_20210106183229859.svs','/var/www/vhosts/uralensiswebapp.co.uk/slides.uralensiswebapp.co.uk/VirtualCasesApp/static/labels/pla',502,1,'Patient Default Group'),(146,'ALOPECIA_01_S20/21241_HE3','FA','2021-01-06','FA','2021-01-06',2,'media/uploads/patient/S20_21241_20210106183933577.svs','/var/www/vhosts/uralensiswebapp.co.uk/slides.uralensiswebapp.co.uk/VirtualCasesApp/static/labels/pla',502,1,'Patient Default Group'),(147,'ALOPECIA_01_S20/21241_HE4','FA','2021-01-06','FA','2021-01-06',2,'media/uploads/patient/S20_21241_20210106190115756.svs','/var/www/vhosts/uralensiswebapp.co.uk/slides.uralensiswebapp.co.uk/VirtualCasesApp/static/labels/pla',502,1,'Patient Default Group'),(148,'ALOPECIA_01_S20/21241_HE5','FA','2021-01-06','FA','2021-01-06',2,'media/uploads/patient/S20_21241_20210106191231642.svs','/var/www/vhosts/uralensiswebapp.co.uk/slides.uralensiswebapp.co.uk/VirtualCasesApp/static/labels/pla',502,1,'Patient Default Group'),(149,'ALOPECIA_01_S20/21241_HE6','FA','2021-01-06','FA','2021-01-06',2,'media/uploads/patient/S20_21241_20210106193224232.svs','/var/www/vhosts/uralensiswebapp.co.uk/slides.uralensiswebapp.co.uk/VirtualCasesApp/static/labels/pla',502,1,'Patient Default Group'),(150,'ALOPECIA_01_S20/21241_HE7','FA','2021-01-06','FA','2021-01-06',2,'media/uploads/patient/S20_21241_20210106194332694.svs','/var/www/vhosts/uralensiswebapp.co.uk/slides.uralensiswebapp.co.uk/VirtualCasesApp/static/labels/pla',502,1,'Patient Default Group'),(151,'ALOPECIA_01_S20/23714_HE1','FA','2021-01-07','FA','2021-01-07',2,'media/uploads/patient/S20_23714.svs','/var/www/vhosts/uralensiswebapp.co.uk/slides.uralensiswebapp.co.uk/VirtualCasesApp/static/labels/pla',503,1,'Patient Default Group'),(152,'Dicom','IHC','2021-01-24','IHC','2021-01-24',1,'media/uploads/patient/0027.RIGHT_CC.dcm','/var/www/vhosts/uralensiswebapp.co.uk/slides.uralensiswebapp.co.uk/VirtualCasesApp/static/labels/pla',17,1,'Patient Default Group'),(153,'DICOM01','FA','2021-01-28','FA','2021-01-28',1,'media/uploads/patient/Anonymous.MR._.12.1.2017.06.28.09.41.02.294.59320505.dcm','/var/www/vhosts/uralensiswebapp.co.uk/slides.uralensiswebapp.co.uk/VirtualCasesApp/static/labels/placeholder.png',1000,1,'Patient Default Group'),(154,'DICOM04','FA','2021-01-28','FA','2021-01-28',1,'media/uploads/patient/Anonymous.MR._.15.1.2017.06.28.09.41.02.294.59320538.dcm','/var/www/vhosts/uralensiswebapp.co.uk/slides.uralensiswebapp.co.uk/VirtualCasesApp/static/labels/placeholder.png',1003,1,'Patient Default Group'),(155,'DICOM05','FA','2021-01-28','FA','2021-01-28',1,'media/uploads/patient/Anonymous.MR._.22.1.2017.06.28.09.41.02.294.59320549.dcm','/var/www/vhosts/uralensiswebapp.co.uk/slides.uralensiswebapp.co.uk/VirtualCasesApp/static/labels/placeholder.png',1004,1,'Patient Default Group'),(156,'DICOM02','FA','2021-01-28','FA','2021-01-28',1,'media/uploads/patient/Anonymous.MR._.13.1.2017.06.28.09.41.02.294.59320516.dcm','/var/www/vhosts/uralensiswebapp.co.uk/slides.uralensiswebapp.co.uk/VirtualCasesApp/static/labels/placeholder.png',1001,1,'Patient Default Group'),(157,'DICOM03','FA','2021-01-28','FA','2021-01-28',1,'media/uploads/patient/Anonymous.MR._.14.1.2017.06.28.09.41.02.294.59320527.dcm','/var/www/vhosts/uralensiswebapp.co.uk/slides.uralensiswebapp.co.uk/VirtualCasesApp/static/labels/placeholder.png',1002,1,'Patient Default Group'),(158,'DICOM06','FA','2021-01-28','FA','2021-01-28',1,'media/uploads/patient/Anonymous.MR._.23.1.2017.06.28.09.41.02.294.59320560.dcm','/var/www/vhosts/uralensiswebapp.co.uk/slides.uralensiswebapp.co.uk/VirtualCasesApp/static/labels/placeholder.png',1005,1,'Patient Default Group'),(159,'DICOM07-IM01','FA','2021-01-28','FA','2021-01-28',1,'media/uploads/patient/IM_0001','/var/www/vhosts/uralensiswebapp.co.uk/slides.uralensiswebapp.co.uk/VirtualCasesApp/static/labels/placeholder.png',1006,1,'Patient Default Group'),(160,'DICOM08-IM07','FA','2021-01-28','FA','2021-01-28',1,'media/uploads/patient/IM_0007','/var/www/vhosts/uralensiswebapp.co.uk/slides.uralensiswebapp.co.uk/VirtualCasesApp/static/labels/placeholder.png',1007,1,'Patient Default Group'),(161,'DICOM11-IM17','FA','2021-01-28','FA','2021-01-28',1,'media/uploads/patient/IM_0017','/var/www/vhosts/uralensiswebapp.co.uk/slides.uralensiswebapp.co.uk/VirtualCasesApp/static/labels/placeholder.png',1010,1,'Patient Default Group'),(162,'DICOM12-IM12','FA','2021-01-28','FA','2021-01-28',1,'media/uploads/patient/IM_0012','/var/www/vhosts/uralensiswebapp.co.uk/slides.uralensiswebapp.co.uk/VirtualCasesApp/static/labels/placeholder.png',1011,1,'Patient Default Group'),(163,'DICOM09-IM04','FA','2021-01-28','FA','2021-01-28',1,'media/uploads/patient/IM_0004','/var/www/vhosts/uralensiswebapp.co.uk/slides.uralensiswebapp.co.uk/VirtualCasesApp/static/labels/placeholder.png',1008,1,'Patient Default Group'),(164,'DICOM10-IM10','FA','2021-01-28','FA','2021-01-28',1,'media/uploads/patient/IM_0010','/var/www/vhosts/uralensiswebapp.co.uk/slides.uralensiswebapp.co.uk/VirtualCasesApp/static/labels/placeholder.png',1009,1,'Patient Default Group'),(165,'DICOM13-XX03','FA','2021-01-28','FA','2021-01-28',1,'media/uploads/patient/XX_0003','/var/www/vhosts/uralensiswebapp.co.uk/slides.uralensiswebapp.co.uk/VirtualCasesApp/static/labels/placeholder.png',1012,1,'Patient Default Group'),(166,'DICOM14-XX06','FA','2021-01-28','FA','2021-01-28',1,'media/uploads/patient/XX_0006','/var/www/vhosts/uralensiswebapp.co.uk/slides.uralensiswebapp.co.uk/VirtualCasesApp/static/labels/placeholder.png',1013,1,'Patient Default Group'),(167,'DICOM15-XX09','FA','2021-01-28','FA','2021-01-28',1,'media/uploads/patient/XX_0009','/var/www/vhosts/uralensiswebapp.co.uk/slides.uralensiswebapp.co.uk/VirtualCasesApp/static/labels/placeholder.png',1014,1,'Patient Default Group'),(168,'DICOM16-XX16','FA','2021-01-28','FA','2021-01-28',1,'media/uploads/patient/XX_0016','/var/www/vhosts/uralensiswebapp.co.uk/slides.uralensiswebapp.co.uk/VirtualCasesApp/static/labels/placeholder.png',1015,1,'Patient Default Group'),(169,'DICOM17-XX19','FA','2021-01-28','FA','2021-01-28',1,'media/uploads/patient/XX_0019','/var/www/vhosts/uralensiswebapp.co.uk/slides.uralensiswebapp.co.uk/VirtualCasesApp/static/labels/placeholder.png',1016,1,'Patient Default Group'),(170,'DICOM18-XX21','FA','2021-01-28','FA','2021-01-28',1,'media/uploads/patient/XX_0021','/var/www/vhosts/uralensiswebapp.co.uk/slides.uralensiswebapp.co.uk/VirtualCasesApp/static/labels/placeholder.png',1017,1,'Patient Default Group'),(171,'DICOM19-XX22','FA','2021-01-28','FA','2021-01-28',1,'media/uploads/patient/XX_0022','/var/www/vhosts/uralensiswebapp.co.uk/slides.uralensiswebapp.co.uk/VirtualCasesApp/static/labels/placeholder.png',1018,1,'Patient Default Group'),(172,'DICOM20-XX20','FA','2021-01-28','FA','2021-01-28',1,'media/uploads/patient/XX_0020','/var/www/vhosts/uralensiswebapp.co.uk/slides.uralensiswebapp.co.uk/VirtualCasesApp/static/labels/placeholder.png',1019,1,'Patient Default Group'),(173,'DICOM21-PS02','FA','2021-01-28','FA','2021-01-28',1,'media/uploads/patient/PS_0002','/var/www/vhosts/uralensiswebapp.co.uk/slides.uralensiswebapp.co.uk/VirtualCasesApp/static/labels/placeholder.png',1020,1,'Patient Default Group'),(174,'DICOM22-PS05','FA','2021-01-28','FA','2021-01-28',1,'media/uploads/patient/PS_0005','/var/www/vhosts/uralensiswebapp.co.uk/slides.uralensiswebapp.co.uk/VirtualCasesApp/static/labels/placeholder.png',1021,1,'Patient Default Group'),(175,'DICOM23-PS08','FA','2021-01-28','FA','2021-01-28',1,'media/uploads/patient/PS_0008','/var/www/vhosts/uralensiswebapp.co.uk/slides.uralensiswebapp.co.uk/VirtualCasesApp/static/labels/placeholder.png',1022,1,'Patient Default Group'),(176,'DICOM24-PS11','FA','2021-01-28','FA','2021-01-28',1,'media/uploads/patient/PS_0011','/var/www/vhosts/uralensiswebapp.co.uk/slides.uralensiswebapp.co.uk/VirtualCasesApp/static/labels/placeholder.png',1023,1,'Patient Default Group'),(177,'DICOM25-PS13','FA','2021-01-28','FA','2021-01-28',1,'media/uploads/patient/PS_0013','/var/www/vhosts/uralensiswebapp.co.uk/slides.uralensiswebapp.co.uk/VirtualCasesApp/static/labels/placeholder.png',1024,1,'Patient Default Group'),(178,'DICOM26-PS15','FA','2021-01-28','FA','2021-01-28',1,'media/uploads/patient/PS_0015','/var/www/vhosts/uralensiswebapp.co.uk/slides.uralensiswebapp.co.uk/VirtualCasesApp/static/labels/placeholder.png',1025,1,'Patient Default Group'),(179,'DICOM27-PS18','FA','2021-01-28','FA','2021-01-28',1,'media/uploads/patient/PS_0018','/var/www/vhosts/uralensiswebapp.co.uk/slides.uralensiswebapp.co.uk/VirtualCasesApp/static/labels/placeholder.png',1026,1,'Patient Default Group'),(180,'Dicom101','IHC','2021-01-28','IHC','2021-01-28',1,'media/uploads/patient/0027.RIGHT_CC_FfFfHqS.dcm','/var/www/vhosts/uralensiswebapp.co.uk/slides.uralensiswebapp.co.uk/VirtualCasesApp/static/labels/placeholder.png',0,1,'Patient Default Group'),(182,'MRXS','Aamir','2021-07-05','Aamir','2021-07-05',2,'media/uploads/patient/03533.mrxs','2',10014,1,''),(183,'592215-2M-P5','Motic','2022-02-05','Trevor','2022-02-05',2,'media/uploads/patient/592215_20210224121610.svs','/var/www/vhosts/uralensiswebapp.co.uk/slides.uralensiswebapp.co.uk/VirtualCasesApp/static/labels/7e807549f361439bae7b71895c50076e.jpg',592215,1,'NW-Motic Default Group'),(184,'468440-5M','Motic','2022-02-05','Trevor','2022-02-05',2,'media/uploads/patient/_20210217091835.svs','/var/www/vhosts/uralensiswebapp.co.uk/slides.uralensiswebapp.co.uk/VirtualCasesApp/static/labels/d81280ca8563429dae9afc1b489c2bdd.jpg',468440,1,'NW-Motic Slides Default Group'),(185,'NW-465885','Motic','2022-02-05','Trevor','2022-02-05',2,'media/uploads/patient/_20210217091728.svs','/var/www/vhosts/uralensiswebapp.co.uk/slides.uralensiswebapp.co.uk/VirtualCasesApp/static/labels/placeholder.png',2022,1,'Patient Default Group'),(186,'468885-4M','Motic','2022-02-05','Trevor','2022-02-05',2,'media/uploads/patient/_20210217091744.svs','/var/www/vhosts/uralensiswebapp.co.uk/slides.uralensiswebapp.co.uk/VirtualCasesApp/static/labels/4dc58c16c4bc4625bcf89b3ffa6c5fd4.jpg',468885,1,'Patient Default Group'),(187,'468885-2M','Motic','2022-02-05','Trevor','2022-02-05',2,'media/uploads/patient/_20210217091803.svs','/var/www/vhosts/uralensiswebapp.co.uk/slides.uralensiswebapp.co.uk/VirtualCasesApp/static/labels/2faaef7be3634427a3276c25c8419077.jpg',468885,1,'Patient Default Group'),(188,'468885-1M','Motic','2022-02-05','Trevor','2022-02-05',2,'media/uploads/patient/_20210217091819.svs','/var/www/vhosts/uralensiswebapp.co.uk/slides.uralensiswebapp.co.uk/VirtualCasesApp/static/labels/6ea48374e2dc4d3b858452f496c9bdbd.jpg',468885,1,'Patient Default Group'),(189,'468569-2M','Motic','2022-02-05','Trevor','2022-02-05',2,'media/uploads/patient/_20210217094537.svs','/var/www/vhosts/uralensiswebapp.co.uk/slides.uralensiswebapp.co.uk/VirtualCasesApp/static/labels/4f6c37359a47465f80c5efb9d36c1d94.jpg',468569,1,'Patient Default Group'),(190,'464246-2M','Motic','2022-02-05','Trevor','2022-02-05',2,'media/uploads/patient/_20210217094611.svs','/var/www/vhosts/uralensiswebapp.co.uk/slides.uralensiswebapp.co.uk/VirtualCasesApp/static/labels/16fc0d7d76f541f291babb4f34d0cb97.jpg',464246,1,'Patient Default Group'),(191,'468569-1M','Motic','2022-02-05','Trevor','2022-02-05',2,'media/uploads/patient/_20210217094627.svs','/var/www/vhosts/uralensiswebapp.co.uk/slides.uralensiswebapp.co.uk/VirtualCasesApp/static/labels/e3a10824797446c0873e4fe4265947e5.jpg',468569,1,'Patient Default Group'),(192,'468885-3M','Motic','2022-02-05','Trevor','2022-02-05',2,'media/uploads/patient/_20210217094642.svs','/var/www/vhosts/uralensiswebapp.co.uk/slides.uralensiswebapp.co.uk/VirtualCasesApp/static/labels/725b4624f2cf421e88f766b8638122a5.jpg',468885,1,'Patient Default Group'),(193,'468776-1M','Motic','2022-02-05','Trevor','2022-02-05',2,'media/uploads/patient/_20210217101657.svs','/var/www/vhosts/uralensiswebapp.co.uk/slides.uralensiswebapp.co.uk/VirtualCasesApp/static/labels/3be16f33e9284342b4fe91108fb508e5.jpg',468776,1,'Patient Default Group'),(194,'546319-M','Motic','2022-02-05','Trevor','2022-02-05',2,'media/uploads/patient/_20210217101713.svs','/var/www/vhosts/uralensiswebapp.co.uk/slides.uralensiswebapp.co.uk/VirtualCasesApp/static/labels/3ded67b0200947bc9d452e868fca447e.jpg',546319,1,'Patient Default Group'),(195,'461363-M','Motic','2022-02-05','Trevor','2022-02-05',2,'media/uploads/patient/_20210217101731.svs','/var/www/vhosts/uralensiswebapp.co.uk/slides.uralensiswebapp.co.uk/VirtualCasesApp/static/labels/54c1f6646ce84e12aa61a4c0c7bea5a2.jpg',461363,1,'Patient Default Group'),(196,'464246-1M','Motic','2022-02-05','Trevor','2022-02-05',2,'media/uploads/patient/_20210217101747.svs','/var/www/vhosts/uralensiswebapp.co.uk/slides.uralensiswebapp.co.uk/VirtualCasesApp/static/labels/4fe4f94d38014f73af26b2e13cc5a387.jpg',464246,1,'Patient Default Group'),(197,'NW-467278','Motic','2022-02-05','Trevor','2022-02-05',2,'media/uploads/patient/_20210217101803.svs','/var/www/vhosts/uralensiswebapp.co.uk/slides.uralensiswebapp.co.uk/VirtualCasesApp/static/labels/placeholder.png',2022,1,'Patient Default Group'),(198,'468951-1M','Motic','2022-02-05','Trevor','2022-02-05',2,'media/uploads/patient/_20210217104528.svs','/var/www/vhosts/uralensiswebapp.co.uk/slides.uralensiswebapp.co.uk/VirtualCasesApp/static/labels/91debcdbe56543bea92dddd053886746.jpg',468951,1,'Patient Default Group'),(199,'468951-2M','Motic','2022-02-05','Trevor','2022-02-05',2,'media/uploads/patient/_20210217104547.svs','/var/www/vhosts/uralensiswebapp.co.uk/slides.uralensiswebapp.co.uk/VirtualCasesApp/static/labels/c3d9d4c2d26343feb3a1f010a567d8c6.jpg',468951,1,'Patient Default Group'),(200,'468440-1M','Motic','2022-02-05','Trevor','2022-02-05',2,'media/uploads/patient/_20210217104602.svs','/var/www/vhosts/uralensiswebapp.co.uk/slides.uralensiswebapp.co.uk/VirtualCasesApp/static/labels/8498f06108f24fad9f9e5220fae09abe.jpg',468440,1,'Patient Default Group'),(201,'468440-2M','Motic','2022-02-05','Trevor','2022-02-05',2,'media/uploads/patient/_20210217104618.svs','/var/www/vhosts/uralensiswebapp.co.uk/slides.uralensiswebapp.co.uk/VirtualCasesApp/static/labels/f0e19e5bba7d4e788f2e0226784fd9e1.jpg',468440,1,'Patient Default Group'),(202,'468440-3M','Motic','2022-02-05','Trevor','2022-02-05',2,'media/uploads/patient/_20210217104633.svs','/var/www/vhosts/uralensiswebapp.co.uk/slides.uralensiswebapp.co.uk/VirtualCasesApp/static/labels/a2b42c61ebc24e4a83deeed83dfc2024.jpg',468440,1,'Patient Default Group'),(203,'468440-4M','Motic','2022-02-05','Trevor','2022-02-05',2,'media/uploads/patient/_20210217111530.svs','/var/www/vhosts/uralensiswebapp.co.uk/slides.uralensiswebapp.co.uk/VirtualCasesApp/static/labels/cb639eb757074f26b72f6d214c610ae6.jpg',468440,1,'Patient Default Group'),(204,'469094M','Motic','2022-02-05','Trevor','2022-02-05',2,'media/uploads/patient/_20210217111546.svs','/var/www/vhosts/uralensiswebapp.co.uk/slides.uralensiswebapp.co.uk/VirtualCasesApp/static/labels/58156fbd080348b7abd5b42c11b30b09.jpg',469094,1,'Patient Default Group'),(205,'468634M','Motic','2022-02-05','Trevor','2022-02-05',2,'media/uploads/patient/_20210217111633.svs','/var/www/vhosts/uralensiswebapp.co.uk/slides.uralensiswebapp.co.uk/VirtualCasesApp/static/labels/09835f614ef7427e8c6b28f7985ee482.jpg',468634,1,'Patient Default Group'),(206,'468569-3M','Motic','2022-02-05','Trevor','2022-02-05',2,'media/uploads/patient/_20210223082122.svs','/var/www/vhosts/uralensiswebapp.co.uk/slides.uralensiswebapp.co.uk/VirtualCasesApp/static/labels/d081616f70a147fe95df4b3e501c62b4.jpg',468569,1,'Patient Default Group'),(207,'590486-3M-Plain','Motic','2022-02-05','Trevor','2022-02-05',2,'media/uploads/patient/_20210223105820.svs','/var/www/vhosts/uralensiswebapp.co.uk/slides.uralensiswebapp.co.uk/VirtualCasesApp/static/labels/7306497cd8ea45c5b5d6801cdcffb9f2.jpg',590486,1,'Patient Default Group'),(209,'590486-2M','Motic','2022-02-05','Trevor','2022-02-05',2,'media/uploads/patient/590486_20210217111617.svs','/var/www/vhosts/uralensiswebapp.co.uk/slides.uralensiswebapp.co.uk/VirtualCasesApp/static/labels/55d0c19fb35a4ea5948bd273377fd5e0.jpg',590486,1,'Patient Default Group'),(210,'592215-1M','Motic','2022-02-05','Trevor','2022-02-05',2,'media/uploads/patient/592215_20210223105804.svs','/var/www/vhosts/uralensiswebapp.co.uk/slides.uralensiswebapp.co.uk/VirtualCasesApp/static/labels/a536b7cd652949f69d40cb0a5b92f858.jpg',592215,1,'Patient Default Group'),(211,'590486-1M-EDTA','Motic','2022-02-05','Trevor','2022-02-05',2,'media/uploads/patient/edta_001.svs','/var/www/vhosts/uralensiswebapp.co.uk/slides.uralensiswebapp.co.uk/VirtualCasesApp/static/labels/5c23d03374dc4a1d8841ba4b2a6a55c5.jpg',590486,1,'Patient Default Group'),(212,'46888','3d Histech','2022-02-07','Trevor','2022-02-07',2,'media/uploads/patient/Ferenc_Szipocs_-_46888.svs','/var/www/vhosts/uralensiswebapp.co.uk/slides.uralensiswebapp.co.uk/VirtualCasesApp/static/labels/placeholder.png',2023,1,'Patient Default Group'),(213,'461363-3D','3d Histech','2022-02-07','Trevor','2022-02-07',2,'media/uploads/patient/Ferenc_Szipocs_-_461368.svs','/var/www/vhosts/uralensiswebapp.co.uk/slides.uralensiswebapp.co.uk/VirtualCasesApp/static/labels/e1347cc95add443d80dd266fe5e778f7.png',461363,1,'Patient Default Group'),(214,'464246-2','3d Histech','2022-02-07','Trevor','2022-02-07',2,'media/uploads/patient/Ferenc_Szipocs_-_464246_2.svs','/var/www/vhosts/uralensiswebapp.co.uk/slides.uralensiswebapp.co.uk/VirtualCasesApp/static/labels/dfdcd05d200c4ac2b0f5c15b74ac202f.jpg',464246,1,'Patient Default Group'),(215,'464246-1','3d Histech','2022-02-07','Trevor','2022-02-07',2,'media/uploads/patient/Ferenc_Szipocs_-_464246.svs','/var/www/vhosts/uralensiswebapp.co.uk/slides.uralensiswebapp.co.uk/VirtualCasesApp/static/labels/4818f69ab9a641e0906fca68f7100c3b.jpg',464246,1,'Patient Default Group'),(216,'467228','3d Histech','2022-02-07','Trevor','2022-02-07',2,'media/uploads/patient/Ferenc_Szipocs_-_467228.svs','/var/www/vhosts/uralensiswebapp.co.uk/slides.uralensiswebapp.co.uk/VirtualCasesApp/static/labels/placeholder.png',2023,1,'Patient Default Group'),(217,'468440-1','3d Histech','2022-02-07','Trevor','2022-02-07',2,'media/uploads/patient/Ferenc_Szipocs_-_468440_A.svs','/var/www/vhosts/uralensiswebapp.co.uk/slides.uralensiswebapp.co.uk/VirtualCasesApp/static/labels/ce84d07362b74667a9b1a6c81fedb886.jpg',468440,1,'Patient Default Group'),(218,'468440-4','3d Histech','2022-02-07','Trevor','2022-02-07',2,'media/uploads/patient/Ferenc_Szipocs_-_468440_B.svs','/var/www/vhosts/uralensiswebapp.co.uk/slides.uralensiswebapp.co.uk/VirtualCasesApp/static/labels/f72c781074cf4b5fa127f39439a3862f.jpg',468440,1,'Patient Default Group'),(219,'468440-2','3d Histech','2022-02-07','Trevor','2022-02-07',2,'media/uploads/patient/Ferenc_Szipocs_-_468440_C.svs','/var/www/vhosts/uralensiswebapp.co.uk/slides.uralensiswebapp.co.uk/VirtualCasesApp/static/labels/3e0f340d949e47e78b20488f9913870d.jpg',468440,1,'Patient Default Group'),(221,'468440-5','3d Histech','2022-02-07','Trevor','2022-02-07',2,'media/uploads/patient/Ferenc_Szipocs_-_468440_C_1__EF_9-7.svs','/var/www/vhosts/uralensiswebapp.co.uk/slides.uralensiswebapp.co.uk/VirtualCasesApp/static/labels/60e5bb869fe34fce85c3eced56dbbec3.jpg',468440,1,'Patient Default Group'),(222,'468440-3','3D Histech','2022-02-07','Trevor','2022-02-07',2,'media/uploads/patient/Ferenc_Szipocs_-_468440_D_6Tk5gVa.svs','/var/www/vhosts/uralensiswebapp.co.uk/slides.uralensiswebapp.co.uk/VirtualCasesApp/static/labels/23c2696ee5304a40b77a7e7088d734f0.jpg',468440,1,'Patient Default Group'),(223,'468440-6','3D Histech','2022-02-07','Trevor','2022-02-07',2,'media/uploads/patient/Ferenc_Szipocs_-_468440.svs','/var/www/vhosts/uralensiswebapp.co.uk/slides.uralensiswebapp.co.uk/VirtualCasesApp/static/labels/fb2a661c94264582ac097ce8ceff9148.jpg',468440,1,'Patient Default Group'),(224,'468776-1-3D','3D Histech','2022-02-10','Trevor','2022-02-10',2,'media/uploads/patient/Ferenc_Szipocs_-_468776.svs','/var/www/vhosts/uralensiswebapp.co.uk/slides.uralensiswebapp.co.uk/VirtualCasesApp/static/labels/fef160b2ac0e47bab1cc2a5e4813e4e3.jpg',468776,1,'Patient Default Group'),(225,'468951-1-3D','3D Histech','2022-02-10','Trevor','2022-02-10',2,'media/uploads/patient/Ferenc_Szipocs_-_468951.svs','/var/www/vhosts/uralensiswebapp.co.uk/slides.uralensiswebapp.co.uk/VirtualCasesApp/static/labels/005c57266e2c4d579c68a396edd52f1c.jpg',468951,1,'Patient Default Group'),(226,'468951-2-3D','3D Histech','2022-02-10','Trevor','2022-02-10',2,'media/uploads/patient/Ferenc_Szipocs_-_468951_CM.svs','/var/www/vhosts/uralensiswebapp.co.uk/slides.uralensiswebapp.co.uk/VirtualCasesApp/static/labels/b82adbf3cdc24268ba84dae71de063a8.jpg',468951,1,'Patient Default Group'),(227,'589179-1-3D','3D Histech','2022-02-10','Trevor','2022-02-10',2,'media/uploads/patient/Ferenc_Szipocs_-_589179.svs','/var/www/vhosts/uralensiswebapp.co.uk/slides.uralensiswebapp.co.uk/VirtualCasesApp/static/labels/ba3c146623d44ba29df47055a75376f5.png',589179,1,'Patient Default Group'),(228,'590486-5-3D-PAP','3D Histech','2022-02-10','Trevor','2022-02-10',2,'media/uploads/patient/Ferenc_Szipocs_-_590486_PF_PAP.svs','/var/www/vhosts/uralensiswebapp.co.uk/slides.uralensiswebapp.co.uk/VirtualCasesApp/static/labels/0a433c1106cb41d1b671dbf698773880.jpg',590486,1,'Patient Default Group'),(229,'469094-3D','3D Histech','2022-02-10','Trevor','2022-02-10',2,'media/uploads/patient/Ferenc_Szipocs_-_P489094.svs','/var/www/vhosts/uralensiswebapp.co.uk/slides.uralensiswebapp.co.uk/VirtualCasesApp/static/labels/f9e91965457e43e98e1c6dd9f82f3092.png',469094,1,'Patient Default Group'),(230,'468885-3','3D Histech','2022-02-14','Trevor','2022-02-14',2,'media/uploads/patient/Ferenc_Szipocs_-_468885_2_P.svs','/var/www/vhosts/uralensiswebapp.co.uk/slides.uralensiswebapp.co.uk/VirtualCasesApp/static/labels/b6257273116f44d38526b4bba942e1c6.jpg',468885,1,'Patient Default Group'),(231,'468569-3','3D Histech','2022-02-14','Trevor','2022-02-14',2,'media/uploads/patient/Ferenc_Szipocs_-_468569.svs','/var/www/vhosts/uralensiswebapp.co.uk/slides.uralensiswebapp.co.uk/VirtualCasesApp/static/labels/33aaf1038fbb4bdba2dd67645f5e137d.jpg',468569,1,'Patient Default Group'),(232,'468569-2','3D Histech','2022-02-14','Trevor','2022-02-14',2,'media/uploads/patient/Ferenc_Szipocs_-_468569_B.svs','/var/www/vhosts/uralensiswebapp.co.uk/slides.uralensiswebapp.co.uk/VirtualCasesApp/static/labels/bc0116e47f8d403cb14128501ba43d97.jpg',468569,1,'Patient Default Group'),(233,'468569-1','3d Histech','2022-02-14','Trevor','2022-02-14',2,'media/uploads/patient/Ferenc_Szipocs_-_468569_B_2_gfenD15.svs','/var/www/vhosts/uralensiswebapp.co.uk/slides.uralensiswebapp.co.uk/VirtualCasesApp/static/labels/0742639344ee4222bd591c051f37a25e.jpg',468569,1,'Patient Default Group'),(234,'468634','3d Histech','2022-02-14','Trevor','2022-02-14',2,'media/uploads/patient/Ferenc_Szipocs_-_468634.svs','/var/www/vhosts/uralensiswebapp.co.uk/slides.uralensiswebapp.co.uk/VirtualCasesApp/static/labels/484016a4707a4f409fa6c01962088f77.jpg',468634,1,'Patient Default Group'),(235,'468885-2','3d Histech','2022-02-14','Trevor','2022-02-14',2,'media/uploads/patient/Ferenc_Szipocs_-_468885.svs','/var/www/vhosts/uralensiswebapp.co.uk/slides.uralensiswebapp.co.uk/VirtualCasesApp/static/labels/8860e78268314235877c2418fbbff753.jpg',468885,1,'Patient Default Group'),(236,'468885-1','3d Histech','2022-02-14','Trevor','2022-02-14',2,'media/uploads/patient/Ferenc_Szipocs_-_468885_1_P.svs','/var/www/vhosts/uralensiswebapp.co.uk/slides.uralensiswebapp.co.uk/VirtualCasesApp/static/labels/e9c8f51dfd26442581f23eedaf5cce8f.jpg',468885,1,'Patient Default Group'),(237,'546319-3D','3d Histech','2022-02-14','Trevor','2022-02-14',2,'media/uploads/patient/Ferenc_Szipocs_-_546319.svs','/var/www/vhosts/uralensiswebapp.co.uk/slides.uralensiswebapp.co.uk/VirtualCasesApp/static/labels/8efe2151bf7046cd99661ddc9e1f27e8.jpg',546319,1,'Patient Default Group'),(238,'721626-EDTA','3D','2022-03-07','Trevor','2022-03-07',2,'media/uploads/patient/721626_20220218133041878.svs','/var/www/vhosts/uralensiswebapp.co.uk/slides.uralensiswebapp.co.uk/VirtualCasesApp/static/labels/8e2e5acfabb040cea9da3b90c50b4707.png',721626,1,'Patient Default Group'),(239,'721626-2','3D','2022-03-07','Trevor','2022-03-07',2,'media/uploads/patient/721626_20220218133409980.svs','/var/www/vhosts/uralensiswebapp.co.uk/slides.uralensiswebapp.co.uk/VirtualCasesApp/static/labels/2d8bc424d5894d72b3664b0550565ec7.png',721626,1,'Patient Default Group'),(240,'721626-1','3D','2022-03-07','Trevor','2022-03-07',2,'media/uploads/patient/721626.svs','/var/www/vhosts/uralensiswebapp.co.uk/slides.uralensiswebapp.co.uk/VirtualCasesApp/static/labels/546907381d054058a7376a28e7b58b9b.png',721626,1,'Patient Default Group'),(243,'717152-1','3D','2022-03-07','Trevor','2022-03-07',2,'media/uploads/patient/717152.svs','/var/www/vhosts/uralensiswebapp.co.uk/slides.uralensiswebapp.co.uk/VirtualCasesApp/static/labels/1af2230fc6c044a9a5935b427b312cf8.png',717152,1,'Patient Default Group'),(244,'717152-2','3D','2022-03-07','Trevor','2022-03-07',2,'media/uploads/patient/717152_20220218140318106.svs','/var/www/vhosts/uralensiswebapp.co.uk/slides.uralensiswebapp.co.uk/VirtualCasesApp/static/labels/ad95f9afe4ce4356ab964ca66ace058e.png',717152,1,'Patient Default Group'),(245,'718524-1','3D','2022-03-07','Trevor','2022-03-07',2,'media/uploads/patient/718524.svs','/var/www/vhosts/uralensiswebapp.co.uk/slides.uralensiswebapp.co.uk/VirtualCasesApp/static/labels/d39e9c2f9e5c40ee8041e0b51383dd5a.png',718524,1,'Patient Default Group'),(246,'718524-2','3D','2022-03-07','Trevor','2022-03-07',2,'media/uploads/patient/718524_20220218130216794.svs','/var/www/vhosts/uralensiswebapp.co.uk/slides.uralensiswebapp.co.uk/VirtualCasesApp/static/labels/70625454925e4d109c423cefe78ee5d7.png',718524,1,'Patient Default Group'),(247,'592113','3D','2022-03-07','Trevor','2022-03-07',2,'media/uploads/patient/592113_byNbrdO.svs','/var/www/vhosts/uralensiswebapp.co.uk/slides.uralensiswebapp.co.uk/VirtualCasesApp/static/labels/4321969e7f5046dcb6acd5aa31e65914.png',592113,1,'Patient Default Group'),(248,'717279-1','3d Histech','2022-03-13','Trevor','2022-03-13',2,'media/uploads/patient/717279.svs','/var/www/vhosts/uralensiswebapp.co.uk/slides.uralensiswebapp.co.uk/VirtualCasesApp/static/labels/a14e557c08124d7899c610f65499dc2a.png',717279,1,'Patient Default Group'),(249,'717279-2','3d Histech','2022-03-13','Trevor','2022-03-13',2,'media/uploads/patient/717279_20220218123721842.svs','/var/www/vhosts/uralensiswebapp.co.uk/slides.uralensiswebapp.co.uk/VirtualCasesApp/static/labels/94a44be542d247c6a7d48f47af3ef9e3.png',717279,1,'Patient Default Group'),(250,'717279-3','3d Histech','2022-03-13','Trevor','2022-03-13',2,'media/uploads/patient/717279_20220218125022054.svs','/var/www/vhosts/uralensiswebapp.co.uk/slides.uralensiswebapp.co.uk/VirtualCasesApp/static/labels/058bf32ea2524b168ee517e32554db37.png',717279,1,'Patient Default Group'),(251,'717279-4','3d Histech','2022-03-13','Trevor','2022-03-13',2,'media/uploads/patient/717279_20220218124252688.svs','/var/www/vhosts/uralensiswebapp.co.uk/slides.uralensiswebapp.co.uk/VirtualCasesApp/static/labels/86a8deb87b4b4593a2fe6c0ace88ab2a.png',717279,1,'Patient Default Group'),(252,'537990-1','3d Histech','2022-03-13','Trevor','2022-03-13',2,'media/uploads/patient/537990_20220218100705143.svs','/var/www/vhosts/uralensiswebapp.co.uk/slides.uralensiswebapp.co.uk/VirtualCasesApp/static/labels/c3171cfacef34be1970e89e180fbe16d.png',537990,1,'Patient Default Group'),(253,'540019-1','3d Histech','2022-03-13','Trevor','2022-03-13',2,'media/uploads/patient/540019.svs','/var/www/vhosts/uralensiswebapp.co.uk/slides.uralensiswebapp.co.uk/VirtualCasesApp/static/labels/7081a04072754c99867e6fe1c226a3d7.png',540019,1,'Patient Default Group'),(254,'577972-1','3D','2022-03-13','IHC','2022-03-13',2,'media/uploads/patient/13238.svs','/var/www/vhosts/uralensiswebapp.co.uk/slides.uralensiswebapp.co.uk/VirtualCasesApp/static/labels/50e1c98b0780460a9d181cba27a2ff8b.png',577972,1,'Patient Default Group'),(255,'537968-1','3D','2022-03-14','IHC','2022-03-14',2,'media/uploads/patient/537968.svs','/var/www/vhosts/uralensiswebapp.co.uk/slides.uralensiswebapp.co.uk/VirtualCasesApp/static/labels/d998d2cac9794f68aa5d59f236ab8560.png',537968,1,'Patient Default Group'),(256,'537968-2','3D','2022-03-14','IHC','2022-03-14',2,'media/uploads/patient/537968_20220218100111621.svs','/var/www/vhosts/uralensiswebapp.co.uk/slides.uralensiswebapp.co.uk/VirtualCasesApp/static/labels/8ce07632c1404c23a24fed5d7f6f4f11.png',537968,1,'Patient Default Group'),(257,'577972-2','3D','2022-03-14','IHC','2022-03-14',2,'media/uploads/patient/13238_20220218093959745_TEVqssQ.svs','/var/www/vhosts/uralensiswebapp.co.uk/slides.uralensiswebapp.co.uk/VirtualCasesApp/static/labels/8573c374ce37423f8d820af8fbc374d6.png',577972,1,'Patient Default Group'),(258,'698007-1','3D','2022-03-14','IHC','2022-03-14',2,'media/uploads/patient/215521_20220218095502331.svs','/var/www/vhosts/uralensiswebapp.co.uk/slides.uralensiswebapp.co.uk/VirtualCasesApp/static/labels/81c24a2826924b20a5ec77a20e0309a3.png',698007,1,'Patient Default Group'),(259,'698007-3','3D','2022-03-14','IHC','2022-03-14',2,'media/uploads/patient/215521.svs','/var/www/vhosts/uralensiswebapp.co.uk/slides.uralensiswebapp.co.uk/VirtualCasesApp/static/labels/f109c7132e954619867d5a9a170907d1.png',698007,1,'Patient Default Group'),(260,'698007-2','3D','2022-03-14','IHC','2022-03-14',2,'media/uploads/patient/215521_20220218094819635.svs','/var/www/vhosts/uralensiswebapp.co.uk/slides.uralensiswebapp.co.uk/VirtualCasesApp/static/labels/54c5cc3ac50d4d17a90ffad8eb528db9.png',698007,1,'Patient Default Group'),(261,'540010-1','3D-Histech','2022-03-14','Trevor','2022-03-14',2,'media/uploads/patient/540010.svs','/var/www/vhosts/uralensiswebapp.co.uk/slides.uralensiswebapp.co.uk/VirtualCasesApp/static/labels/cc4a78dc1b064be9892430af3cd6fd0f.png',540010,1,'Patient Default Group'),(262,'540010-2','3D-Histech','2022-03-14','Trevor','2022-03-14',2,'media/uploads/patient/540010_20220218102635540.svs','/var/www/vhosts/uralensiswebapp.co.uk/slides.uralensiswebapp.co.uk/VirtualCasesApp/static/labels/06566f16b43f4ad2af7220bee9b3ce28.png',540010,1,'Patient Default Group'),(263,'540010-3','3D-Histech','2022-03-14','Trevor','2022-03-14',2,'media/uploads/patient/540010_20220218103735069.svs','/var/www/vhosts/uralensiswebapp.co.uk/slides.uralensiswebapp.co.uk/VirtualCasesApp/static/labels/86525974fea44f8f959def7f2c744826.png',540010,1,'Patient Default Group'),(264,'721212-2','3D-Histech','2022-03-14','Trevor','2022-03-14',2,'media/uploads/patient/721212_20220218131411288.svs','/var/www/vhosts/uralensiswebapp.co.uk/slides.uralensiswebapp.co.uk/VirtualCasesApp/static/labels/620a533d3ba7420997547866de0b0d4f.png',721212,1,'Patient Default Group'),(265,'540010-4','3D-Histech','2022-03-14','Trevor','2022-03-14',2,'media/uploads/patient/540010_20220218103022868.svs','/var/www/vhosts/uralensiswebapp.co.uk/slides.uralensiswebapp.co.uk/VirtualCasesApp/static/labels/751ad26b10764f27b72904fbed91633f.png',540010,1,'Patient Default Group'),(266,'721212-1','3D-Histech','2022-03-14','Trevor','2022-03-14',2,'media/uploads/patient/721212.svs','/var/www/vhosts/uralensiswebapp.co.uk/slides.uralensiswebapp.co.uk/VirtualCasesApp/static/labels/37e255a34f62496082f62fec6043e63f.png',721212,1,'Patient Default Group'),(267,'698007-4','3D-Histech','2022-03-14','Trevor','2022-03-14',2,'media/uploads/patient/698007.svs','/var/www/vhosts/uralensiswebapp.co.uk/slides.uralensiswebapp.co.uk/VirtualCasesApp/static/labels/9508f65fa5d04be5818e2aa3497dff3d.png',698007,1,'Patient Default Group'),(268,'540019-2','3D-Histech','2022-03-14','Trevor','2022-03-14',2,'media/uploads/patient/540019_20220218104624465.svs','/var/www/vhosts/uralensiswebapp.co.uk/slides.uralensiswebapp.co.uk/VirtualCasesApp/static/labels/effe9f041ba14313af828d230e57fe05.png',540019,1,'Patient Default Group'),(269,'577945','3D-Histech','2022-03-14','Trevor','2022-03-14',2,'media/uploads/patient/577945.svs','/var/www/vhosts/uralensiswebapp.co.uk/slides.uralensiswebapp.co.uk/VirtualCasesApp/static/labels/9fc817e8d03e42e0b79fa949281cfe80.png',577945,1,'Patient Default Group'),(270,'716820-1','3D-Histech','2022-03-14','Trevor','2022-03-14',2,'media/uploads/patient/716820.svs','/var/www/vhosts/uralensiswebapp.co.uk/slides.uralensiswebapp.co.uk/VirtualCasesApp/static/labels/928d536941794384865f8f8f8e50ef3e.png',716820,1,'Patient Default Group'),(271,'691640-2','3D-Histech','2022-03-14','Trevor','2022-03-14',2,'media/uploads/patient/691640_20220218113903097.svs','/var/www/vhosts/uralensiswebapp.co.uk/slides.uralensiswebapp.co.uk/VirtualCasesApp/static/labels/ae7c805e131e4c1a82217b05673fef38.png',691640,1,'Patient Default Group'),(272,'716820-3','3D-Histech','2022-03-14','Trevor','2022-03-14',2,'media/uploads/patient/716820_20220218120836546.svs','/var/www/vhosts/uralensiswebapp.co.uk/slides.uralensiswebapp.co.uk/VirtualCasesApp/static/labels/3f2baa786ab34ed9abc77a2ada967188.png',716820,1,'Patient Default Group'),(273,'691640-1','3D-Histech','2022-03-14','Trevor','2022-03-14',2,'media/uploads/patient/691640.svs','/var/www/vhosts/uralensiswebapp.co.uk/slides.uralensiswebapp.co.uk/VirtualCasesApp/static/labels/07b98e7478394f47b7ca859c4e304dc0.png',691640,1,'Patient Default Group'),(275,'716820-2','3D-Histech','2022-03-14','Trevor','2022-03-14',2,'media/uploads/patient/716820_20220218121105341.svs','/var/www/vhosts/uralensiswebapp.co.uk/slides.uralensiswebapp.co.uk/VirtualCasesApp/static/labels/f6cd1d3d3c24415f8885fd82e2062920.png',716820,1,'Patient Default Group'),(276,'716820-4','3D-Histech','2022-03-14','Trevor','2022-03-14',2,'media/uploads/patient/716820_20220218115232276.svs','/var/www/vhosts/uralensiswebapp.co.uk/slides.uralensiswebapp.co.uk/VirtualCasesApp/static/labels/09c735baff744bc1b1ea7b61ae284174.png',716820,1,'Patient Default Group'),(277,'678318-1','3D-Histech','2022-03-14','Trevor','2022-03-14',2,'media/uploads/patient/678318.svs','/var/www/vhosts/uralensiswebapp.co.uk/slides.uralensiswebapp.co.uk/VirtualCasesApp/static/labels/aadb727e0ca64aa1a328c15cb75adda5.png',678318,1,'Patient Default Group'),(278,'678318-2','3D-Histech','2022-03-14','Trevor','2022-03-14',2,'media/uploads/patient/678318_20220218113119704.svs','/var/www/vhosts/uralensiswebapp.co.uk/slides.uralensiswebapp.co.uk/VirtualCasesApp/static/labels/7f92b1bcb27044ceb59c4361733f9479.png',678318,1,'Patient Default Group'),(279,'537990-2','3D-Histech','2022-03-14','Trevor','2022-03-14',2,'media/uploads/patient/537990_20220218101216759.svs','/var/www/vhosts/uralensiswebapp.co.uk/slides.uralensiswebapp.co.uk/VirtualCasesApp/static/labels/4238956fc4dd4b22a796a5512c86748e.png',537990,1,'Patient Default Group'),(280,'537990-4','3D-Histech','2022-03-14','Trevor','2022-03-14',2,'media/uploads/patient/537990_20220218102138370.svs','/var/www/vhosts/uralensiswebapp.co.uk/slides.uralensiswebapp.co.uk/VirtualCasesApp/static/labels/90bdc8b9c08e4b8b894195be38275101.png',537990,1,'Patient Default Group'),(281,'537990-6','3D-Histech','2022-03-14','Trevor','2022-03-14',2,'media/uploads/patient/537990_20220218102016501.svs','/var/www/vhosts/uralensiswebapp.co.uk/slides.uralensiswebapp.co.uk/VirtualCasesApp/static/labels/fcbe56d04a5440d580708936a7cb3c50.png',537990,1,'Patient Default Group'),(282,'537990-7','3D-Histech','2022-03-14','Trevor','2022-03-14',2,'media/uploads/patient/537990_20220218101046066.svs','/var/www/vhosts/uralensiswebapp.co.uk/slides.uralensiswebapp.co.uk/VirtualCasesApp/static/labels/e2311490aabc4c30b79cf0c7183d7242.png',537990,1,'Patient Default Group'),(283,'537990-5','3D-Histech','2022-03-14','Trevor','2022-03-14',2,'media/uploads/patient/537990_20220218101719259.svs','/var/www/vhosts/uralensiswebapp.co.uk/slides.uralensiswebapp.co.uk/VirtualCasesApp/static/labels/6a9ac1aa32254999b0e7097ad16092e6.png',537990,1,'Patient Default Group'),(284,'537990-3','3D-Histech','2022-03-14','Trevor','2022-03-14',2,'media/uploads/patient/537990_3Jz5KCZ.svs','/var/www/vhosts/uralensiswebapp.co.uk/slides.uralensiswebapp.co.uk/VirtualCasesApp/static/labels/5e82d341a43d4244a464a8e96b850f47.png',537990,1,'Patient Default Group'),(287,'537968-3','3D-Histech','2022-03-14','Trevor','2022-03-14',2,'media/uploads/patient/537968_20220218100241791.svs','/var/www/vhosts/uralensiswebapp.co.uk/slides.uralensiswebapp.co.uk/VirtualCasesApp/static/labels/4a7a0d78d96046c28a93fd580bbb8d1b.png',537968,1,'Patient Default Group'),(288,'592215-2-3D-P5','3d Histech','2022-03-15','Trevor','2022-03-15',2,'media/uploads/patient/592215_20220218111635141.svs','/var/www/vhosts/uralensiswebapp.co.uk/slides.uralensiswebapp.co.uk/VirtualCasesApp/static/labels/7bba52be45de4166b4760e8173afe6a1.png',592215,1,'Patient Default Group'),(289,'592215-5-3D','3d Histech','2022-03-15','Trevor','2022-03-15',2,'media/uploads/patient/592215_20220218110826936.svs','/var/www/vhosts/uralensiswebapp.co.uk/slides.uralensiswebapp.co.uk/VirtualCasesApp/static/labels/b7bab0328a5b40d7a4aaa35454734088.png',592215,1,'Patient Default Group'),(290,'592215-1-3D','3d Histech','2022-03-15','Trevor','2022-03-15',2,'media/uploads/patient/592215_20220218111749718.svs','/var/www/vhosts/uralensiswebapp.co.uk/slides.uralensiswebapp.co.uk/VirtualCasesApp/static/labels/44f3e44da6ad4f75ad385846cd446a06.png',592215,1,'Patient Default Group'),(291,'592215-4-3D','3d Histech','2022-03-15','Trevor','2022-03-15',2,'media/uploads/patient/592215_amdWHA2.svs','/var/www/vhosts/uralensiswebapp.co.uk/slides.uralensiswebapp.co.uk/VirtualCasesApp/static/labels/91cc87646d7044a8aecc7570c3b56342.png',592215,1,'Patient Default Group'),(292,'592215-3-3D','3d Histech','2022-03-15','Trevor','2022-03-15',2,'media/uploads/patient/592215_20220218111128365.svs','/var/www/vhosts/uralensiswebapp.co.uk/slides.uralensiswebapp.co.uk/VirtualCasesApp/static/labels/6362f932b3dc400db8f37609b8c01156.png',592215,1,'Patient Default Group'),(293,'590486-3-3D-Plain','3d Histech','2022-03-15','Trevor','2022-03-15',2,'media/uploads/patient/590486_20220218105615860.svs','/var/www/vhosts/uralensiswebapp.co.uk/slides.uralensiswebapp.co.uk/VirtualCasesApp/static/labels/4880e2ea17664972b2c9cdf78342476c.png',590486,1,'Patient Default Group'),(294,'590486-2-3D','3d Histech','2022-03-15','Trevor','2022-03-15',2,'media/uploads/patient/590486_20220218105653766.svs','/var/www/vhosts/uralensiswebapp.co.uk/slides.uralensiswebapp.co.uk/VirtualCasesApp/static/labels/d8ba6044ed124a89b15ed127a2095e3c.png',590486,1,'Patient Default Group'),(295,'590486-1-3D-EDTA','3d Histech','2022-03-15','Trevor','2022-03-15',2,'media/uploads/patient/590486_qRP866H.svs','/var/www/vhosts/uralensiswebapp.co.uk/slides.uralensiswebapp.co.uk/VirtualCasesApp/static/labels/9687704c117b4dbc80f800a0e304bd33.png',590486,1,'Patient Default Group'),(298,'592215-4M','Motic','2022-03-15','Trevor','2022-03-15',2,'media/uploads/patient/592215_4slZtw2.svs','/var/www/vhosts/uralensiswebapp.co.uk/slides.uralensiswebapp.co.uk/VirtualCasesApp/static/labels/94486ec3eaf84478aab441e43f5809ab.png',592215,1,'Patient Default Group'),(299,'866617','Motic','2022-04-07','Trevor','2022-04-07',2,'media/uploads/patient/866617_20220404121650.svs','/var/www/vhosts/uralensiswebapp.co.uk/slides.uralensiswebapp.co.uk/VirtualCasesApp/static/labels/placeholder.png',866617,1,'Patient Default Group'),(300,'866140','Motic','2022-04-07','Trevor','2022-04-07',2,'media/uploads/patient/866140_20220404121904.svs','/var/www/vhosts/uralensiswebapp.co.uk/slides.uralensiswebapp.co.uk/VirtualCasesApp/static/labels/placeholder.png',866617,1,'Patient Default Group'),(301,'866617-2','Motic','2022-04-07','Trevor','2022-04-07',2,'media/uploads/patient/866617_20220404121745.svs','/var/www/vhosts/uralensiswebapp.co.uk/slides.uralensiswebapp.co.uk/VirtualCasesApp/static/labels/placeholder.png',866617,1,'Patient Default Group'),(302,'866617-EDTA','Motic','2022-04-07','Trevor','2022-04-07',2,'media/uploads/patient/866617_20220404121716.svs','/var/www/vhosts/uralensiswebapp.co.uk/slides.uralensiswebapp.co.uk/VirtualCasesApp/static/labels/placeholder.png',866617,1,'Patient Default Group'),(303,'876085','Motic','2022-04-07','Trevor','2022-04-07',2,'media/uploads/patient/876085_20220404121811.svs','/var/www/vhosts/uralensiswebapp.co.uk/slides.uralensiswebapp.co.uk/VirtualCasesApp/static/labels/placeholder.png',866617,1,'Patient Default Group'),(304,'877332','Motic','2022-04-07','Trevor','2022-04-07',2,'media/uploads/patient/877332_20220404121837.svs','/var/www/vhosts/uralensiswebapp.co.uk/slides.uralensiswebapp.co.uk/VirtualCasesApp/static/labels/placeholder.png',866617,1,'Patient Default Group'),(305,'797213','Motic','2022-04-11','Trevor','2022-04-11',2,'media/uploads/patient/_20220401084718.svs','/var/www/vhosts/uralensiswebapp.co.uk/slides.uralensiswebapp.co.uk/VirtualCasesApp/static/labels/placeholder.png',797213,1,'Patient Default Group'),(306,'797392-1','Motic','2022-04-11','Trevor','2022-04-11',2,'media/uploads/patient/_20220330124435.svs','/var/www/vhosts/uralensiswebapp.co.uk/slides.uralensiswebapp.co.uk/VirtualCasesApp/static/labels/placeholder.png',797392,1,'Patient Default Group'),(308,'ZN','Motic','2022-04-11','Trevor','2022-04-11',2,'media/uploads/patient/_20220401091511.svs','/var/www/vhosts/uralensiswebapp.co.uk/slides.uralensiswebapp.co.uk/VirtualCasesApp/static/labels/placeholder.png',11042022,1,'Patient Default Group'),(309,'797187','Motic','2022-04-11','Trevor','2022-04-11',2,'media/uploads/patient/_20220401084733.svs','/var/www/vhosts/uralensiswebapp.co.uk/slides.uralensiswebapp.co.uk/VirtualCasesApp/static/labels/placeholder.png',797187,1,'Patient Default Group'),(310,'797392-2','Motic','2022-04-11','Trevor','2022-04-11',2,'media/uploads/patient/_20220401084749.svs','/var/www/vhosts/uralensiswebapp.co.uk/slides.uralensiswebapp.co.uk/VirtualCasesApp/static/labels/placeholder.png',797392,1,'Patient Default Group'),(311,'797148','Motic','2022-04-11','Trevor','2022-04-11',2,'media/uploads/patient/_20220401091526.svs','/var/www/vhosts/uralensiswebapp.co.uk/slides.uralensiswebapp.co.uk/VirtualCasesApp/static/labels/placeholder.png',797148,1,'Patient Default Group'),(312,'6/2','Motic','2022-04-11','Trevor','2022-04-11',2,'media/uploads/patient/866617_20220401093920_lGHuUIV.svs','/var/www/vhosts/uralensiswebapp.co.uk/slides.uralensiswebapp.co.uk/VirtualCasesApp/static/labels/placeholder.png',11042022,1,'Patient Default Group'),(313,'876085','Motic','2022-04-11','Trevor','2022-04-11',2,'media/uploads/patient/876085_20220401100047.svs','/var/www/vhosts/uralensiswebapp.co.uk/slides.uralensiswebapp.co.uk/VirtualCasesApp/static/labels/placeholder.png',876085,1,'Patient Default Group'),(314,'876554','Motic','2022-04-11','Trevor','2022-04-11',2,'media/uploads/patient/876554_20220401100034.svs','/var/www/vhosts/uralensiswebapp.co.uk/slides.uralensiswebapp.co.uk/VirtualCasesApp/static/labels/placeholder.png',876554,1,'Patient Default Group'),(315,'876085','Motic','2022-04-11','Trevor','2022-04-11',2,'media/uploads/patient/876085_20220401191020.svs','/var/www/vhosts/uralensiswebapp.co.uk/slides.uralensiswebapp.co.uk/VirtualCasesApp/static/labels/placeholder.png',876085,1,'Patient Default Group'),(316,'877332-Good','Motic','2022-04-11','Trevor','2022-04-11',2,'media/uploads/patient/877332_20220401120243.svs','/var/www/vhosts/uralensiswebapp.co.uk/slides.uralensiswebapp.co.uk/VirtualCasesApp/static/labels/placeholder.png',877332,1,'Patient Default Group'),(317,'877332-Best','Motic','2022-04-11','Trevor','2022-04-11',2,'media/uploads/patient/877332_20220401183233.svs','/var/www/vhosts/uralensiswebapp.co.uk/slides.uralensiswebapp.co.uk/VirtualCasesApp/static/labels/placeholder.png',877332,1,'Patient Default Group'),(318,'113257','Hamamatsu','2022-04-30','Trevor','2022-04-30',2,'media/uploads/patient/11.32.57_Rob_Turner.ndpi','/var/www/vhosts/uralensiswebapp.co.uk/slides.uralensiswebapp.co.uk/VirtualCasesApp/static/labels/placeholder.png',300422,1,'Patient Default Group'),(319,'113540','Hamamatsu','2022-04-30','Trevor','2022-04-30',2,'media/uploads/patient/11.35.40_Rob_Turner.ndpi','/var/www/vhosts/uralensiswebapp.co.uk/slides.uralensiswebapp.co.uk/VirtualCasesApp/static/labels/placeholder.png',300422,1,'Patient Default Group'),(320,'114120','Hamamatsu','2022-04-30','Trevor','2022-04-30',2,'media/uploads/patient/11.41.20_Rob_Turner.ndpi','/var/www/vhosts/uralensiswebapp.co.uk/slides.uralensiswebapp.co.uk/VirtualCasesApp/static/labels/placeholder.png',300422,1,'Patient Default Group'),(321,'114821','Hamamatsu','2022-04-30','Trevor','2022-04-30',2,'media/uploads/patient/11.48.21_Rob_Turner.ndpi','/var/www/vhosts/uralensiswebapp.co.uk/slides.uralensiswebapp.co.uk/VirtualCasesApp/static/labels/placeholder.png',300422,1,'Patient Default Group'),(322,'115307','Hamamatsu','2022-04-30','Trevor','2022-04-30',2,'media/uploads/patient/11.53.07_Rob_Turner.ndpi','/var/www/vhosts/uralensiswebapp.co.uk/slides.uralensiswebapp.co.uk/VirtualCasesApp/static/labels/placeholder.png',300422,1,'Patient Default Group'),(323,'115729','Hamamatsu','2022-04-30','Trevor','2022-04-30',2,'media/uploads/patient/11.57.29_Rob_Turner.ndpi','/var/www/vhosts/uralensiswebapp.co.uk/slides.uralensiswebapp.co.uk/VirtualCasesApp/static/labels/placeholder.png',300422,1,'Patient Default Group'),(324,'120148','Hamamatsu','2022-04-30','Trevor','2022-04-30',2,'media/uploads/patient/12.01.48_Rob_Turner.ndpi','/var/www/vhosts/uralensiswebapp.co.uk/slides.uralensiswebapp.co.uk/VirtualCasesApp/static/labels/placeholder.png',300422,1,'Patient Default Group'),(325,'120634','Hamamatsu','2022-04-30','Trevor','2022-04-30',2,'media/uploads/patient/12.06.34_Rob_Turner.ndpi','/var/www/vhosts/uralensiswebapp.co.uk/slides.uralensiswebapp.co.uk/VirtualCasesApp/static/labels/placeholder.png',300422,1,'Patient Default Group'),(326,'123029','Hamamatsu','2022-04-30','Trevor','2022-04-30',2,'media/uploads/patient/12.30.29_Rob_Turner.ndpi','/var/www/vhosts/uralensiswebapp.co.uk/slides.uralensiswebapp.co.uk/VirtualCasesApp/static/labels/placeholder.png',300422,1,'Patient Default Group'),(327,'123456','Hamamatsu','2022-04-30','Trevor','2022-04-30',2,'media/uploads/patient/12.34.56_Rob_Turner.ndpi','/var/www/vhosts/uralensiswebapp.co.uk/slides.uralensiswebapp.co.uk/VirtualCasesApp/static/labels/placeholder.png',300422,1,'Patient Default Group'),(328,'866617-1','3D','2022-05-19','Trevor','2022-05-19',2,'media/uploads/patient/866617_20220516125838280.svs','/var/www/vhosts/uralensiswebapp.co.uk/slides.uralensiswebapp.co.uk/VirtualCasesApp/static/labels/placeholder.png',19052022,1,'Patient Default Group'),(329,'866617-2','3D','2022-05-19','Trevor','2022-05-19',2,'media/uploads/patient/866617_20220516130219086.svs','/var/www/vhosts/uralensiswebapp.co.uk/slides.uralensiswebapp.co.uk/VirtualCasesApp/static/labels/placeholder.png',19052022,1,'Patient Default Group'),(330,'876085','3D','2022-05-19','Trevor','2022-05-19',2,'media/uploads/patient/876085_20220516131345966.svs','/var/www/vhosts/uralensiswebapp.co.uk/slides.uralensiswebapp.co.uk/VirtualCasesApp/static/labels/placeholder.png',19052022,1,'Patient Default Group'),(331,'877332-1','3D','2022-05-19','Trevor','2022-05-19',2,'media/uploads/patient/877332_20220516132407712.svs','/var/www/vhosts/uralensiswebapp.co.uk/slides.uralensiswebapp.co.uk/VirtualCasesApp/static/labels/placeholder.png',19052022,1,'Patient Default Group'),(332,'877332-2','3D','2022-05-19','Trevor','2022-05-19',2,'media/uploads/patient/877332_20220516132655576.svs','/var/www/vhosts/uralensiswebapp.co.uk/slides.uralensiswebapp.co.uk/VirtualCasesApp/static/labels/placeholder.png',19052022,1,'Patient Default Group'),(333,'797148','3D','2022-05-19','Trevor','2022-05-19',2,'media/uploads/patient/797148.svs','/var/www/vhosts/uralensiswebapp.co.uk/slides.uralensiswebapp.co.uk/VirtualCasesApp/static/labels/placeholder.png',19052022,1,'Patient Default Group'),(334,'866140-2','3D','2022-05-19','Trevor','2022-05-19',2,'media/uploads/patient/866140_20220516125005178.svs','/var/www/vhosts/uralensiswebapp.co.uk/slides.uralensiswebapp.co.uk/VirtualCasesApp/static/labels/placeholder.png',19052022,1,'Patient Default Group'),(335,'866140-1','3D','2022-05-19','Trevor','2022-05-19',2,'media/uploads/patient/866140.svs','/var/www/vhosts/uralensiswebapp.co.uk/slides.uralensiswebapp.co.uk/VirtualCasesApp/static/labels/placeholder.png',19052022,1,'Patient Default Group'),(336,'866617-1','3D','2022-05-19','Trevor','2022-05-19',2,'media/uploads/patient/866617.svs','/var/www/vhosts/uralensiswebapp.co.uk/slides.uralensiswebapp.co.uk/VirtualCasesApp/static/labels/placeholder.png',19052022,1,'Patient Default Group'),(337,'866617-2','3D','2022-05-19','Trevor','2022-05-19',2,'media/uploads/patient/866617_20220516125512988.svs','/var/www/vhosts/uralensiswebapp.co.uk/slides.uralensiswebapp.co.uk/VirtualCasesApp/static/labels/placeholder.png',19052022,1,'Patient Default Group'),(338,'876085-1','3D','2022-05-19','Trevor','2022-05-19',2,'media/uploads/patient/876085.svs','/var/www/vhosts/uralensiswebapp.co.uk/slides.uralensiswebapp.co.uk/VirtualCasesApp/static/labels/placeholder.png',19052022,1,'Patient Default Group'),(339,'876085-2','3D','2022-05-19','Trevor','2022-05-19',2,'media/uploads/patient/876085_20220516131018378.svs','/var/www/vhosts/uralensiswebapp.co.uk/slides.uralensiswebapp.co.uk/VirtualCasesApp/static/labels/placeholder.png',19052022,1,'Patient Default Group'),(340,'876554','3D','2022-05-19','Trevor','2022-05-19',2,'media/uploads/patient/876554.svs','/var/www/vhosts/uralensiswebapp.co.uk/slides.uralensiswebapp.co.uk/VirtualCasesApp/static/labels/placeholder.png',19052022,1,'Patient Default Group'),(341,'877332-3','3D','2022-05-19','Trevor','2022-05-19',2,'media/uploads/patient/877332.svs','/var/www/vhosts/uralensiswebapp.co.uk/slides.uralensiswebapp.co.uk/VirtualCasesApp/static/labels/placeholder.png',19052022,1,'Patient Default Group'),(342,'877332-4','3D','2022-05-19','Trevor','2022-05-19',2,'media/uploads/patient/877332_20220516131936141.svs','/var/www/vhosts/uralensiswebapp.co.uk/slides.uralensiswebapp.co.uk/VirtualCasesApp/static/labels/placeholder.png',19052022,1,'Patient Default Group'),(343,'P797187','3D','2022-05-19','Trevor','2022-05-19',2,'media/uploads/patient/P797187.svs','/var/www/vhosts/uralensiswebapp.co.uk/slides.uralensiswebapp.co.uk/VirtualCasesApp/static/labels/placeholder.png',19052022,1,'Patient Default Group'),(344,'P797213','3D','2022-05-19','Trevor','2022-05-19',2,'media/uploads/patient/P797213.svs','/var/www/vhosts/uralensiswebapp.co.uk/slides.uralensiswebapp.co.uk/VirtualCasesApp/static/labels/placeholder.png',19052022,1,'Patient Default Group'),(345,'P797392-1','3D','2022-05-19','Trevor','2022-05-19',2,'media/uploads/patient/P797392.svs','/var/www/vhosts/uralensiswebapp.co.uk/slides.uralensiswebapp.co.uk/VirtualCasesApp/static/labels/placeholder.png',19052022,1,'Patient Default Group'),(346,'P797392-2','3D','2022-05-19','Trevor','2022-05-19',2,'media/uploads/patient/P797392_20220516133338825.svs','/var/www/vhosts/uralensiswebapp.co.uk/slides.uralensiswebapp.co.uk/VirtualCasesApp/static/labels/placeholder.png',19052022,1,'Patient Default Group'),(347,'P797392-3','3D','2022-05-19','Trevor','2022-05-19',2,'media/uploads/patient/P797392_20220516133652477.svs','/var/www/vhosts/uralensiswebapp.co.uk/slides.uralensiswebapp.co.uk/VirtualCasesApp/static/labels/placeholder.png',19052022,1,'Patient Default Group'),(348,'ZN','3D','2022-05-19','Trevor','2022-05-19',2,'media/uploads/patient/ZN.svs','/var/www/vhosts/uralensiswebapp.co.uk/slides.uralensiswebapp.co.uk/VirtualCasesApp/static/labels/placeholder.png',19052022,1,'Patient Default Group'),(349,'Ruler','Hamamatsu','2022-11-22','Trevor','2022-11-22',2,'media/uploads/patient/Measure_2021.svs','/var/www/vhosts/uralensiswebapp.co.uk/slides.uralensiswebapp.co.uk/VirtualCasesApp/static/labels/placeholder.png',221122,1,'Patient Default Group');

--
-- Table structure for table `spotdiagnosis_annotation`
--

CREATE TABLE `spotdiagnosis_annotation` (
  `id` int(11) NOT NULL AUTO_INCREMENT,
  `Json` longtext NOT NULL,
  `AnnotationText` longtext NOT NULL,
  `Type` varchar(10) NOT NULL,
  `Slide_Id_id` int(11) NOT NULL,
  PRIMARY KEY (`id`),
  KEY `spotdiagnosis_annota_Slide_Id_id_f9f8e140_fk_spotdiagn` (`Slide_Id_id`),
  CONSTRAINT `spotdiagnosis_annota_Slide_Id_id_f9f8e140_fk_spotdiagn` FOREIGN KEY (`Slide_Id_id`) REFERENCES `spotdiagnosis_spotdiagnosis` (`id`)
) ENGINE=InnoDB DEFAULT CHARSET=utf8 COLLATE=utf8_general_ci;

--
-- Dumping data for table `spotdiagnosis_annotation`
--


--
-- Table structure for table `spotdiagnosis_spotdiagnosis`
--

CREATE TABLE `spotdiagnosis_spotdiagnosis` (
  `id` int(11) NOT NULL AUTO_INCREMENT,
  `Name` varchar(50) NOT NULL,
  `ScannedBy` varchar(50) NOT NULL,
  `ScannedDate` date NOT NULL,
  `InsertedBy` varchar(50) NOT NULL,
  `InsertedDate` date NOT NULL,
  `SlideType` int(11) NOT NULL,
  `UrlPath` varchar(100) NOT NULL,
  `LabelUrlPath` varchar(500) NOT NULL,
  `Group` int(11) NOT NULL,
  `GroupName` varchar(100) NOT NULL,
  `Annotations` tinyint(1) NOT NULL,
  PRIMARY KEY (`id`)
) ENGINE=InnoDB DEFAULT CHARSET=utf8 COLLATE=utf8_general_ci;

--
-- Dumping data for table `spotdiagnosis_spotdiagnosis`
--


--
-- Table structure for table `test1_test1`
--

CREATE TABLE `test1_test1` (
  `id` int(11) NOT NULL AUTO_INCREMENT,
  `Name` varchar(50) NOT NULL,
  `ScannedBy` varchar(50) NOT NULL,
  `ScannedDate` date NOT NULL,
  `InsertedBy` varchar(50) NOT NULL,
  `InsertedDate` date NOT NULL,
  `SlideType` int(11) NOT NULL,
  `UrlPath` varchar(100) NOT NULL,
  PRIMARY KEY (`id`)
) ENGINE=InnoDB DEFAULT CHARSET=utf8mb4 COLLATE=utf8mb4_general_ci;

--
-- Dumping data for table `test1_test1`
--


--
-- Table structure for table `testapp_testapp`
--

CREATE TABLE `testapp_testapp` (
  `id` int(11) NOT NULL AUTO_INCREMENT,
  `test_title` varchar(200) NOT NULL,
  `test_timestamp` datetime(6) NOT NULL,
  PRIMARY KEY (`id`)
) ENGINE=InnoDB AUTO_INCREMENT=20 DEFAULT CHARSET=utf8mb4 COLLATE=utf8mb4_general_ci;

--
-- Dumping data for table `testapp_testapp`
--

INSERT INTO `testapp_testapp` VALUES (14,'patient','2020-05-16 16:42:42.000000'),(15,'FRCPath P2 Surgical Course','2021-01-11 12:13:38.000000'),(18,'LDS 2021','2021-09-10 08:48:14.000000'),(19,'NW Slides','2022-02-25 14:56:06.000000');

--
-- Table structure for table `virtualacp_annotation`
--

CREATE TABLE `virtualacp_annotation` (
  `id` int(11) NOT NULL AUTO_INCREMENT,
  `Json` longtext NOT NULL,
  `AnnotationText` longtext NOT NULL,
  `Type` varchar(10) NOT NULL,
  `Slide_Id_id` int(11) NOT NULL,
  PRIMARY KEY (`id`),
  KEY `virtualacp_annotatio_Slide_Id_id_b9ce5238_fk_virtualac` (`Slide_Id_id`),
  CONSTRAINT `virtualacp_annotatio_Slide_Id_id_b9ce5238_fk_virtualac` FOREIGN KEY (`Slide_Id_id`) REFERENCES `virtualacp_virtualacp` (`id`)
) ENGINE=InnoDB DEFAULT CHARSET=utf8mb4 COLLATE=utf8mb4_general_ci;

--
-- Dumping data for table `virtualacp_annotation`
--


--
-- Table structure for table `virtualacp_virtualacp`
--

CREATE TABLE `virtualacp_virtualacp` (
  `id` int(11) NOT NULL AUTO_INCREMENT,
  `Name` varchar(50) NOT NULL,
  `ScannedBy` varchar(50) NOT NULL,
  `ScannedDate` date NOT NULL,
  `InsertedBy` varchar(50) NOT NULL,
  `InsertedDate` date NOT NULL,
  `SlideType` int(11) NOT NULL,
  `UrlPath` varchar(100) NOT NULL,
  PRIMARY KEY (`id`)
) ENGINE=InnoDB DEFAULT CHARSET=utf8mb4 COLLATE=utf8mb4_general_ci;

--
-- Dumping data for table `virtualacp_virtualacp`
--



